{"text_format":"1","workbook":"xlsx","n_sheets":5,"sheets":["Input","Stage 1","Stage 2","Stage 3","List"],"not_rendered":{"charts":0,"images":1,"macros":1,"external_links":0,"defined_names":38,"comments":2,"pivot_tables":0},"unopened":[],"bounds":{"document_bytes":16777216,"sheet_cells":100000,"rows_first":2000,"rows_last":500,"rows_between":2000,"halvings":0,"cell_chars":16384,"cell_head_chars":4096},"cells_cut":0,"cells_raw":0,"read":"whole","date_system":"1900"}

{"sheet":"Input","index":0,"n_rows":59,"n_cols":17,"rows_kept":59,"cut":false,"hidden":false,"merged":[[56,4,56,6],[23,0,23,3],[58,0,58,3],[58,4,58,6],[28,4,28,6],[29,4,29,6],[33,4,33,6],[36,0,36,3],[37,0,37,3],[38,0,38,3],[35,0,35,3],[35,4,35,6],[36,4,36,6],[37,4,37,6],[40,0,40,3],[41,0,41,3],[43,0,43,3],[42,0,42,3],[40,4,40,6],[41,4,41,6],[42,4,42,6],[43,4,43,6],[54,0,54,3],[54,4,54,6],[28,0,28,3],[29,0,29,3],[33,0,33,3],[26,0,26,3],[27,0,27,3],[48,0,48,3],[48,4,48,6],[49,0,49,3],[49,4,49,6],[30,0,30,3],[30,4,30,6],[31,0,31,3],[31,4,31,6],[32,0,32,3],[32,4,32,6],[16,0,16,3],[17,0,17,3],[17,4,17,6],[21,4,21,6],[23,4,23,6],[24,4,24,6],[25,4,25,6],[18,0,18,3],[18,4,18,6],[19,0,19,3],[20,0,20,3],[19,4,19,6],[20,4,20,6],[22,0,22,3],[22,4,22,6],[21,0,21,3],[24,0,24,3],[25,0,25,3],[6,0,6,1],[6,2,6,7],[6,8,6,10],[6,11,6,12],[6,13,6,14],[6,15,6,17],[7,0,7,4],[13,4,13,6],[14,4,14,6],[14,0,14,3],[0,0,0,11],[0,12,0,17],[1,0,1,12],[2,0,2,12],[3,0,3,17],[5,0,5,1],[5,2,5,7],[5,8,5,10],[5,11,5,15],[4,0,4,1],[4,2,4,10],[4,11,4,13],[4,14,4,17],[7,5,7,17],[8,0,8,2],[8,3,8,7],[8,8,8,12],[8,13,8,17],[27,4,27,6],[11,0,11,3],[11,4,11,6],[12,0,12,3],[13,0,13,3],[12,4,12,6],[16,4,16,6],[9,0,9,7],[9,8,9,17],[15,4,15,6],[26,4,26,6],[15,0,15,3],[57,0,57,3],[57,4,57,6],[55,0,55,3],[55,4,55,6],[39,0,39,3],[38,4,38,6],[39,4,39,6],[44,0,44,3],[44,4,44,6],[45,0,45,3],[45,4,45,6],[46,0,46,3],[46,4,46,6],[47,0,47,3],[47,4,47,6],[50,0,50,3],[50,4,50,6],[51,0,51,3],[51,4,51,6],[52,0,52,3],[52,4,52,6],[53,0,53,3],[53,4,53,6],[56,0,56,3]]}
["Florida Department of Transportation",null,null,null,null,null,null,null,null,null,null,null,"Intersection Control Evaluation Form 750-010-30"]
["Intersection Control Evaluation (ICE) Form"]
["Initial Inputs"]
["This spreadsheet was developed by FDOT to support the ICE Policy. This spreadsheet tool shall be used to document the findings of the ICE procedure. A selection must be made in the \"Intersection Type\" cell below for the appropriate Stage 1 form to fully populate."]
["Project Name",null,null,null,null,null,null,null,null,null,null,"FDOT Project #"]
["Submitted By",null,null,null,null,null,null,null,"Agency/Company",null,null,null,null,null,null,null,"Date"]
["Email",null,null,null,null,null,null,null,"FDOT District",null,null,null,null,"County"]
["Project Locality (City/Town/Village)"]
["Intersection Type",null,null,null,null,null,null,null,"FDOT Context Classification"]
["Project Type"]
[]
["At Grade Control Strategies",null,null,null,"To Be Considered?"]
["Two-Way Stop-Control"]
["All-Way Stop-Control"]
["Signalized Control"]
["Roundabout \n(1-lane)"]
["Roundabout \n(2-lane)"]
["Median \nU-Turn"]
["Median U-Turn (Partial)"]
["Restricted Crossing U-turn (Signalized)"]
["Restricted Crossing U-turn (Unsignalized)"]
["Jughandle (Forward Ramps)"]
["Jughandle (Reverse Ramps)"]
["Displaced Left-Turn (Partial)"]
["Continuous Green Tee"]
["Quadrant Roadway"]
["Thru-Cut (Signalized)"]
["Thru-Cut (Unsignalized)"]
["Bowtie"]
["Other 1 (Type)"]
["Other 2 (Type)"]
["Other 3 (Type)"]
["Other 4 (Type)"]
["Other 5 (Type)"]
[]
["Ramp Terminal Control Strategies",null,null,null,"To Be Considered?"]
["Diamond Signalized"]
["Diamond Signalized (Alt)"]
["Diverging Diamond"]
["Single-Point Diamond"]
["Diamond Stop Control"]
["Signalized Tight Diamond"]
["Roundabout \n(1-lane)"]
["Roundabout \n(2-lane)"]
["Half Diamond Signalized"]
["Half Diamond Stop Control"]
["Two Quadrant Partial Cloverleaf A Signalized"]
["Two Quadrant Partial Cloverleaf A Stop Control"]
["Four Quadrant Partial Cloverleaf A Signalized"]
["Four Quadrant Partial Cloverleaf A Stop Control"]
["Two Quadrant Partial Cloverleaf B Signalized"]
["Two Quadrant Partial Cloverleaf B Stop Control"]
["Four Quadrant Partial Cloverleaf B Signalized"]
["Four Quadrant Partial Cloverleaf B Stop Control"]
["Other 1 (Type)"]
["Other 2 (Type)"]
["Other 3 (Type)"]
["Other 4 (Type)"]
["Other 5 (Type)"]

{"sheet":"Stage 1","index":1,"n_rows":173,"n_cols":22,"rows_kept":173,"cut":false,"hidden":false,"merged":[[142,12,142,13],[110,0,110,21],[147,0,147,1],[125,12,125,13],[126,12,126,13],[131,12,131,13],[134,12,134,13],[129,12,129,13],[157,0,157,1],[158,0,158,1],[149,12,149,13],[150,12,150,13],[151,12,151,13],[152,12,152,13],[147,12,147,13],[127,0,127,1],[136,0,136,1],[148,0,148,1],[128,0,128,1],[145,0,145,1],[143,0,143,1],[143,12,143,13],[144,0,144,1],[144,12,144,13],[142,0,142,1],[125,0,125,1],[126,0,126,1],[130,12,130,13],[117,11,118,11],[112,0,112,21],[114,0,114,21],[115,0,115,21],[141,0,141,1],[141,12,141,13],[132,12,132,13],[140,12,140,13],[140,0,140,1],[130,0,130,1],[133,0,133,1],[133,12,133,13],[124,0,124,1],[124,12,124,13],[136,12,136,13],[137,12,137,13],[131,0,131,1],[127,12,127,13],[128,12,128,13],[26,20,26,21],[24,16,24,17],[171,13,171,19],[171,11,171,12],[166,0,166,21],[167,0,167,21],[172,0,172,1],[172,2,172,21],[169,2,169,10],[169,0,169,1],[169,11,169,12],[169,13,169,19],[171,0,171,1],[171,2,171,10],[163,0,163,1],[132,0,132,1],[134,0,134,1],[137,0,137,1],[129,0,129,1],[138,0,138,1],[159,0,159,1],[65,17,65,20],[135,0,135,1],[135,12,135,13],[2,0,2,16],[4,0,4,1],[5,0,5,1],[21,12,21,14],[14,0,14,21],[15,0,15,1],[3,0,3,21],[7,0,7,6],[10,0,10,6],[20,20,21,21],[18,17,18,20],[11,7,11,21],[12,7,12,21],[10,7,10,21],[17,15,17,21],[17,2,17,11],[11,0,11,6],[6,19,6,21],[19,17,19,20],[17,0,17,1],[16,17,16,20],[17,12,17,14],[6,12,6,14],[15,19,15,20],[22,20,22,21],[25,16,25,17],[25,18,25,19],[20,0,26,0],[44,16,44,17],[44,18,44,19],[36,17,36,20],[37,0,37,1],[37,2,37,11],[37,12,37,14],[37,15,37,21],[40,0,46,0],[40,6,40,11],[40,12,40,15],[40,16,41,19],[46,20,46,21],[45,6,45,11],[45,12,45,14],[45,16,45,17],[46,6,46,11],[46,12,46,14],[43,18,43,19],[36,12,36,14],[36,15,36,16],[44,6,44,11],[44,12,44,14],[27,20,28,21],[43,12,43,14],[43,16,43,17],[40,20,41,21],[41,6,41,11],[41,12,41,14],[29,20,29,21],[34,0,34,21],[42,6,42,11],[42,12,42,14],[42,16,42,19],[33,6,33,11],[33,12,33,14],[35,10,35,17],[27,0,33,0],[42,20,42,21],[43,6,43,11],[30,12,30,14],[30,16,30,17],[30,6,30,11],[30,18,30,19],[38,17,38,20],[39,17,39,20],[29,16,29,19],[47,0,53,0],[60,6,60,11],[60,12,60,14],[61,0,61,21],[62,0,62,1],[47,6,47,11],[47,12,47,15],[47,16,48,19],[51,6,51,11],[51,12,51,14],[51,16,51,17],[51,18,51,19],[52,6,52,11],[52,12,52,14],[52,16,52,17],[52,18,52,19],[48,6,48,11],[48,12,48,14],[49,16,49,19],[54,0,60,0],[54,20,55,21],[55,12,55,14],[111,0,111,21],[54,6,54,11],[54,12,54,15],[58,18,58,19],[59,16,59,17],[59,18,59,19],[56,16,56,19],[57,6,57,11],[57,12,57,14],[57,16,57,17],[57,18,57,19],[59,6,59,11],[59,12,59,14],[63,12,63,14],[63,15,63,16],[63,17,63,20],[63,6,63,11],[58,16,58,17],[54,16,55,19],[55,6,55,11],[64,15,64,21],[62,19,62,20],[56,12,56,14],[56,20,56,21],[123,0,123,1],[116,0,118,1],[119,0,119,1],[120,0,120,1],[121,0,121,1],[122,0,122,1],[119,12,119,13],[120,12,120,13],[64,0,64,1],[64,2,64,11],[122,12,122,13],[123,12,123,13],[121,12,121,13],[64,12,64,14],[67,0,73,0],[67,6,67,11],[67,12,67,15],[71,6,71,11],[71,12,71,14],[82,6,82,11],[82,12,82,14],[101,12,101,15],[67,1,67,5],[68,1,68,5],[28,6,28,11],[28,12,28,14],[27,6,27,11],[20,6,20,11],[25,12,25,14],[24,18,24,19],[26,16,26,19],[26,6,26,11],[29,6,29,11],[29,12,29,14],[25,6,25,11],[21,6,21,11],[20,12,20,15],[20,16,21,19],[22,12,22,14],[22,16,22,19],[23,6,23,11],[23,12,23,14],[23,16,23,17],[23,18,23,19],[24,6,24,11],[24,12,24,14],[22,6,22,11],[0,16,0,21],[0,0,0,15],[1,0,1,16],[5,15,5,19],[12,0,12,6],[46,16,46,19],[33,16,33,19],[33,20,33,21],[35,0,35,1],[6,0,6,1],[6,17,6,18],[8,17,8,21],[8,0,8,2],[8,12,8,16],[8,3,8,11],[7,7,7,21],[5,12,5,14],[5,2,5,11],[4,15,4,17],[4,18,4,21],[4,2,4,14],[6,2,6,11],[27,12,27,15],[27,16,28,19],[15,10,15,18],[6,15,6,16],[9,0,9,16],[9,17,9,21],[16,15,16,16],[16,12,16,14],[35,18,35,20],[31,6,31,11],[31,12,31,14],[31,16,31,17],[31,18,31,19],[28,1,28,5],[29,1,29,5],[30,1,30,5],[31,1,31,5],[32,1,32,5],[33,1,33,5],[35,2,35,5],[35,6,35,9],[32,18,32,19],[32,6,32,11],[32,12,32,14],[32,16,32,17],[26,12,26,14],[58,1,58,5],[60,16,60,19],[60,20,60,21],[53,6,53,11],[53,12,53,14],[56,6,56,11],[53,16,53,19],[53,20,53,21],[45,18,45,19],[58,6,58,11],[58,12,58,14],[47,20,48,21],[49,1,49,5],[50,1,50,5],[51,1,51,5],[52,1,52,5],[53,1,53,5],[54,1,54,5],[55,1,55,5],[56,1,56,5],[57,1,57,5],[62,10,62,18],[49,20,49,21],[50,6,50,11],[50,12,50,14],[50,16,50,17],[50,18,50,19],[49,6,49,11],[49,12,49,14],[70,12,70,14],[70,16,70,17],[70,18,70,19],[67,16,68,19],[67,20,68,21],[68,6,68,11],[68,12,68,14],[69,6,69,11],[69,12,69,14],[69,16,69,19],[69,20,69,21],[70,6,70,11],[66,17,66,20],[72,16,72,17],[72,18,72,19],[73,20,73,21],[74,0,80,0],[74,6,74,11],[74,12,74,15],[74,16,75,19],[74,20,75,21],[75,6,75,11],[75,12,75,14],[76,6,76,11],[76,12,76,14],[76,16,76,19],[76,20,76,21],[77,6,77,11],[77,12,77,14],[77,16,77,17],[77,18,77,19],[78,12,78,14],[78,16,78,17],[80,20,80,21],[88,0,88,21],[89,0,89,1],[89,10,89,17],[89,18,89,20],[83,6,83,11],[83,12,83,14],[83,16,83,19],[83,20,83,21],[84,6,84,11],[84,12,84,14],[86,16,86,17],[86,18,86,19],[87,6,87,11],[87,12,87,14],[85,16,85,17],[85,18,85,19],[86,6,86,11],[86,12,86,14],[81,0,87,0],[81,6,81,11],[81,12,81,15],[81,16,82,19],[81,20,82,21],[107,12,107,14],[104,16,104,17],[89,7,89,9],[87,20,87,21],[90,15,90,16],[90,17,90,20],[90,6,90,11],[98,12,98,14],[98,16,98,17],[107,16,107,19],[100,20,100,21],[99,12,99,14],[99,16,99,17],[99,18,99,19],[100,12,100,14],[103,16,103,19],[103,20,103,21],[104,12,104,14],[107,20,107,21],[101,20,102,21],[98,18,98,19],[100,16,100,19],[101,16,102,19],[102,12,102,14],[103,12,103,14],[104,18,104,19],[105,12,105,14],[105,16,105,17],[105,18,105,19],[106,12,106,14],[94,12,94,15],[94,16,95,19],[106,16,106,17],[106,18,106,19],[94,20,95,21],[95,12,95,14],[96,12,96,14],[96,16,96,19],[96,20,96,21],[97,12,97,14],[97,16,97,17],[97,18,97,19],[139,0,139,1],[139,12,139,13],[117,8,118,8],[118,5,118,6],[118,2,118,4],[116,2,116,8],[95,1,95,6],[95,7,95,11],[101,4,101,11],[102,1,102,6],[102,7,102,11],[101,0,107,0],[101,1,101,3],[103,1,107,11],[119,9,119,10],[119,14,119,21],[155,0,155,1],[156,0,156,1],[159,12,159,13],[152,2,152,4],[152,5,152,6],[153,2,153,4],[153,5,153,6],[152,9,152,10],[156,2,156,4],[156,5,156,6],[156,9,156,10],[159,2,159,4],[159,5,159,6],[159,9,159,10],[162,0,162,1],[154,14,154,21],[155,2,155,4],[155,5,155,6],[155,9,155,10],[155,14,155,21],[145,12,145,13],[148,12,148,13],[146,0,146,1],[146,12,146,13],[149,2,149,4],[149,5,149,6],[150,2,150,4],[150,5,150,6],[151,2,151,4],[151,5,151,6],[160,0,160,1],[160,12,160,13],[149,0,149,1],[150,0,150,1],[151,0,151,1],[152,0,152,1],[153,0,153,1],[154,0,154,1],[147,5,147,6],[147,14,147,21],[148,2,148,4],[148,5,148,6],[148,9,148,10],[148,14,148,21],[164,0,164,2],[164,3,164,21],[170,0,170,1],[170,2,170,21],[168,13,168,20],[168,0,168,11],[153,12,153,13],[154,12,154,13],[155,12,155,13],[156,12,156,13],[157,12,157,13],[158,12,158,13],[163,12,163,13],[161,0,161,1],[161,12,161,13],[154,2,154,4],[154,5,154,6],[162,12,162,13],[154,9,154,10],[116,12,118,13],[117,9,118,10],[116,9,116,11],[116,14,118,21],[141,9,141,10],[141,14,141,21],[142,9,142,10],[142,14,142,21],[149,9,149,10],[149,14,149,21],[138,12,138,13],[143,9,143,10],[143,14,143,21],[144,9,144,10],[144,14,144,21],[145,9,145,10],[145,14,145,21],[146,9,146,10],[146,14,146,21],[147,9,147,10],[150,9,150,10],[150,14,150,21],[151,9,151,10],[94,0,100,0],[94,1,94,3],[96,1,100,11],[94,4,94,11],[85,6,85,11],[80,6,80,11],[78,6,78,11],[152,14,152,21],[153,9,153,10],[153,14,153,21],[141,2,141,4],[141,5,141,6],[142,2,142,4],[142,5,142,6],[143,2,143,4],[151,14,151,21],[143,5,143,6],[144,2,144,4],[144,5,144,6],[145,2,145,4],[145,5,145,6],[146,2,146,4],[146,5,146,6],[147,2,147,4],[90,12,90,14],[84,16,84,17],[84,18,84,19],[85,12,85,14],[69,1,69,5],[70,1,70,5],[71,1,71,5],[72,1,72,5],[91,0,91,1],[91,2,91,11],[78,18,78,19],[79,6,79,11],[79,12,79,14],[79,16,79,17],[79,18,79,19],[73,6,73,11],[73,12,73,14],[73,16,73,19],[80,12,80,14],[80,16,80,19],[71,16,71,17],[71,18,71,19],[72,6,72,11],[72,12,72,14],[156,14,156,21],[157,2,157,4],[157,5,157,6],[157,9,157,10],[157,14,157,21],[158,2,158,4],[158,5,158,6],[158,9,158,10],[158,14,158,21],[159,14,159,21],[160,2,160,4],[160,5,160,6],[160,9,160,10],[160,14,160,21],[161,2,161,4],[161,5,161,6],[161,9,161,10],[161,14,161,21],[162,2,162,4],[162,5,162,6],[162,9,162,10],[162,14,162,21],[163,2,163,4],[163,5,163,6],[163,9,163,10],[163,14,163,21],[15,6,15,9],[15,2,15,5],[16,4,16,11],[16,0,16,3],[18,9,18,16],[19,9,19,16],[18,0,18,8],[19,0,19,8],[20,1,20,5],[21,1,21,5],[22,1,22,5],[23,1,23,5],[24,1,24,5],[25,1,25,5],[26,1,26,5],[27,1,27,5],[36,4,36,11],[36,0,36,3],[38,9,38,16],[39,9,39,16],[38,0,38,8],[39,0,39,8],[40,1,40,5],[41,1,41,5],[42,1,42,5],[43,1,43,5],[44,1,44,5],[45,1,45,5],[46,1,46,5],[47,1,47,5],[48,1,48,5],[59,1,59,5],[60,1,60,5],[119,2,119,4],[119,5,119,6],[63,0,63,5],[62,2,62,5],[62,6,62,9],[92,9,92,15],[93,9,93,15],[92,0,92,8],[93,0,93,8],[85,1,85,5],[86,1,86,5],[87,1,87,5],[65,0,65,8],[66,0,66,8],[65,9,65,16],[66,9,66,16],[120,2,120,4],[120,5,120,6],[120,9,120,10],[120,14,120,21],[117,2,117,6],[117,7,118,7],[73,1,73,5],[74,1,74,5],[75,1,75,5],[76,1,76,5],[77,1,77,5],[78,1,78,5],[79,1,79,5],[80,1,80,5],[81,1,81,5],[82,1,82,5],[83,1,83,5],[84,1,84,5],[92,16,92,20],[93,16,93,20],[89,2,89,6],[91,12,91,14],[91,15,91,21],[87,16,87,19],[121,2,121,4],[121,5,121,6],[121,9,121,10],[121,14,121,21],[122,2,122,4],[122,5,122,6],[122,9,122,10],[122,14,122,21],[123,2,123,4],[123,5,123,6],[123,9,123,10],[123,14,123,21],[124,2,124,4],[124,5,124,6],[124,9,124,10],[124,14,124,21],[125,2,125,4],[125,5,125,6],[125,9,125,10],[125,14,125,21],[126,2,126,4],[126,5,126,6],[126,9,126,10],[126,14,126,21],[127,2,127,4],[127,5,127,6],[127,9,127,10],[127,14,127,21],[130,2,130,4],[130,5,130,6],[130,9,130,10],[130,14,130,21],[131,2,131,4],[131,5,131,6],[131,9,131,10],[131,14,131,21],[128,14,128,21],[129,14,129,21],[128,9,128,10],[129,9,129,10],[128,2,128,8],[129,2,129,8],[132,2,132,4],[132,5,132,6],[132,9,132,10],[132,14,132,21],[133,2,133,4],[133,5,133,6],[133,9,133,10],[133,14,133,21],[134,2,134,4],[134,5,134,6],[134,9,134,10],[134,14,134,21],[135,2,135,4],[135,5,135,6],[135,9,135,10],[135,14,135,21],[136,2,136,4],[136,5,136,6],[136,9,136,10],[136,14,136,21],[137,2,137,4],[137,5,137,6],[137,9,137,10],[137,14,137,21],[138,2,138,4],[138,5,138,6],[138,9,138,10],[138,14,138,21],[139,2,139,4],[139,5,139,6],[139,9,139,10],[139,14,139,21],[140,2,140,4],[140,5,140,6],[140,9,140,10],[140,14,140,21]]}
["Florida Department of Transportation",null,null,null,null,null,null,null,null,null,null,null,null,null,null,null,"Intersection Control Evaluation Form 750-010-30"]
["Intersection Control Evaluation (ICE) Form"]
["Stage 1: Screening"]
["To fulfill the requirements of Stage 1 (Screening) of FDOT's ICE procedures, complete the following form and append all supporting documentation. Completed forms are to be submitted to the District Traffic Operations Engineer (DTOE) and District Design Engineer (DDE) for the project's approval."]
["Project Name",null,{"$f":"IF(Input!C5=\"\",\"\",Input!C5)","v":""},null,null,null,null,null,null,null,null,null,null,null,null,"FDOT Project #",null,null,{"$f":"IF(Input!O5=\"\",\"\",Input!O5)","v":""}]
["Submitted By",null,{"$f":"IF(Input!C6=\"\",\"\",Input!C6)","v":""},null,null,null,null,null,null,null,null,null,"Agency/Company",null,null,{"$f":"IF(Input!L6=\"\",\"\",Input!L6)","v":""},null,null,null,null,"Date",{"$f":"IF(Input!R6=\"\",\"\",Input!R6)","v":""}]
["Email",null,{"$f":"IF(Input!C7=\"\",\"\",Input!C7)","v":""},null,null,null,null,null,null,null,null,null,"FDOT District",null,null,{"$f":"IF(Input!L7=\"\",\"\",Input!L7)","v":""},null,"County",null,{"$f":"IF(Input!P7=\"\",\"\",Input!P7)","v":""}]
["Project Locality (City/Town/Village)",null,null,null,null,null,null,{"$f":"IF(Input!F8=\"\",\"\",Input!F8)","v":""}]
["Intersection Type",null,null,{"$f":"IF(Input!D9=\"\",\"\",Input!D9)","v":""},null,null,null,null,null,null,null,null,"FDOT Context Classification",null,null,null,null,{"$f":"IF(Input!N9=\"\",\"\",Input!N9)","v":""}]
["Project Type",null,null,null,null,null,null,null,null,null,null,null,null,null,null,null,null,{"$f":"IF(Input!I10=\"\",\"\",Input!I10)","v":""}]
["Project Purpose                                 (What is the catalyst for this project and why is it being undertaken?)"]
["Project Setting Description                                (Describe the area surrounding the intersection)"]
["Multimodal Context                                (Describe the pedestrian, bicycle, and transit activity in the area and the potential for activity based on surrounding land uses and development patterns)"]
[]
["Major Street Information"]
["Roadway ID",null,null,null,null,null,"Route Name(s)",null,null,null,null,null,null,null,null,null,null,null,null,"Milepoint"]
["Existing Control Type",null,null,null,null,null,null,null,null,null,null,null,"Existing AADT",null,null,null,null,"Design Year AADT"]
["Design Vehicle",null,null,null,null,null,null,null,null,null,null,null,"Control Vehicle"]
["Primary Functional Classification",null,null,null,null,null,null,null,null,null,null,null,null,null,null,null,null,"Design Speed (mph)"]
["Secondary Functional Classification (if app.)",null,null,null,null,null,null,null,null,null,null,null,null,null,null,null,null,"Target Speed (mph) [if app.]"]
["Approach #1","Direction",null,null,null,null,null,null,null,null,null,null,"Number of Lanes",null,null,null,"Study Period #1 Traffic Volumes",null,null,null,"Study Period #2 Traffic Volumes"]
[null,"Sidewalks along:",null,null,null,null,null,null,null,null,null,null,"Left-Turn"]
[null,"Crosswalk on Approach?",null,null,null,null,null,null,null,null,null,null,"Left-Through"]
[null,"On-Street Bike Facilities?",null,null,null,null,null,null,null,null,null,null,"Through",null,null,null,"Left",null,null,null,"Left"]
[null,"Multi-Use Path?",null,null,null,null,null,null,null,null,null,null,"Left-Through-Right",null,null,null,"Through",null,null,null,"Through"]
[null,"Scheduled Bus Service?",null,null,null,null,null,null,null,null,null,null,"Through-Right",null,null,null,"Right",null,null,null,"Right"]
[null,"Bus Stop on Approach?",null,null,null,null,null,null,null,null,null,null,"Right-Turn",null,null,null,"Daily Truck %"]
["Approach #2","Direction",null,null,null,null,null,null,null,null,null,null,"Number of Lanes",null,null,null,"Study Period #1 Traffic Volumes",null,null,null,"Study Period #2 Traffic Volumes"]
[null,"Sidewalks along:",null,null,null,null,null,null,null,null,null,null,"Left-Turn"]
[null,"Crosswalk on Approach?",null,null,null,null,null,null,null,null,null,null,"Left-Through",null,null,null,{"$f":"IF($Q$23=\"\",\"\",$Q$23)","v":""},null,null,null,{"$f":"IF($U$23=\"\",\"\",$U$23)","v":""}]
[null,"On-Street Bike Facilities?",null,null,null,null,null,null,null,null,null,null,"Through",null,null,null,"Left",null,null,null,"Left"]
[null,"Multi-Use Path?",null,null,null,null,null,null,null,null,null,null,"Left-Through-Right",null,null,null,"Through",null,null,null,"Through"]
[null,"Scheduled Bus Service?",null,null,null,null,null,null,null,null,null,null,"Through-Right",null,null,null,"Right",null,null,null,"Right"]
[null,"Bus Stop on Approach?",null,null,null,null,null,null,null,null,null,null,"Right-Turn",null,null,null,"Daily Truck %"]
["Minor Street Information"]
["Roadway ID",null,null,null,null,null,"Route Name(s)",null,null,null,null,null,null,null,null,null,null,null,"Milepoint (if app.)"]
["Existing Control Type",null,null,null,{"$f":"IF(E17=\"\",\"\",E17)","v":""},null,null,null,null,null,null,null,"Existing AADT",null,null,null,null,"Design Year AADT"]
["Design Vehicle",null,null,null,null,null,null,null,null,null,null,null,"Control Vehicle"]
["Primary Functional Classification",null,null,null,null,null,null,null,null,null,null,null,null,null,null,null,null,"Design Speed (mph)"]
["Secondary Functional Classification (if app.)",null,null,null,null,null,null,null,null,null,null,null,null,null,null,null,null,"Target Speed (mph) [if app.]"]
["Approach #1","Direction",null,null,null,null,null,null,null,null,null,null,"Number of Lanes",null,null,null,"Study Period #1 Traffic Volumes",null,null,null,"Study Period #2 Traffic Volumes"]
[null,"Sidewalks along:",null,null,null,null,null,null,null,null,null,null,"Left-Turn"]
[null,"Crosswalk on Approach?",null,null,null,null,null,null,null,null,null,null,"Left-Through",null,null,null,{"$f":"IF($Q$23=\"\",\"\",$Q$23)","v":""},null,null,null,{"$f":"IF($U$23=\"\",\"\",$U$23)","v":""}]
[null,"On-Street Bike Facilities?",null,null,null,null,null,null,null,null,null,null,"Through",null,null,null,"Left",null,null,null,"Left"]
[null,"Multi-Use Path?",null,null,null,null,null,null,null,null,null,null,"Left-Through-Right",null,null,null,"Through",null,null,null,"Through"]
[null,"Scheduled Bus Service?",null,null,null,null,null,null,null,null,null,null,"Through-Right",null,null,null,"Right",null,null,null,"Right"]
[null,"Bus Stop on Approach?",null,null,null,null,null,null,null,null,null,null,"Right-Turn",null,null,null,"Daily Truck %"]
["Approach #2","Direction",null,null,null,null,null,null,null,null,null,null,"Number of Lanes",null,null,null,"Study Period #1 Traffic Volumes",null,null,null,"Study Period #2 Traffic Volumes"]
[null,"Sidewalks along:",null,null,null,null,null,null,null,null,null,null,"Left-Turn"]
[null,"Crosswalk on Approach?",null,null,null,null,null,null,null,null,null,null,"Left-Through",null,null,null,{"$f":"IF($Q$23=\"\",\"\",$Q$23)","v":""},null,null,null,{"$f":"IF($U$23=\"\",\"\",$U$23)","v":""}]
[null,"On-Street Bike Facilities?",null,null,null,null,null,null,null,null,null,null,"Through",null,null,null,"Left",null,null,null,"Left"]
[null,"Multi-Use Path?",null,null,null,null,null,null,null,null,null,null,"Left-Through-Right",null,null,null,"Through",null,null,null,"Through"]
[null,"Scheduled Bus Service?",null,null,null,null,null,null,null,null,null,null,"Through-Right",null,null,null,"Right",null,null,null,"Right"]
[null,"Bus Stop on Approach?",null,null,null,null,null,null,null,null,null,null,"Right-Turn",null,null,null,"Daily Truck %"]
["Approach #3","Direction",null,null,null,null,null,null,null,null,null,null,"Number of Lanes",null,null,null,"Study Period #1 Traffic Volumes",null,null,null,"Study Period #2 Traffic Volumes"]
[null,"Sidewalks along:",null,null,null,null,null,null,null,null,null,null,"Left-Turn"]
[null,"Crosswalk on Approach?",null,null,null,null,null,null,null,null,null,null,"Left-Through",null,null,null,{"$f":"IF($Q$23=\"\",\"\",$Q$23)","v":""},null,null,null,{"$f":"IF($U$23=\"\",\"\",$U$23)","v":""}]
[null,"On-Street Bike Facilities?",null,null,null,null,null,null,null,null,null,null,"Through",null,null,null,"Left",null,null,null,"Left"]
[null,"Multi-Use Path?",null,null,null,null,null,null,null,null,null,null,"Left-Through-Right",null,null,null,"Through",null,null,null,"Through"]
[null,"Scheduled Bus Service?",null,null,null,null,null,null,null,null,null,null,"Through-Right",null,null,null,"Right",null,null,null,"Right"]
[null,"Bus Stop on Approach?",null,null,null,null,null,null,null,null,null,null,"Right-Turn",null,null,null,"Daily Truck %"]
["Cross-Street Information"]
["Roadway ID",null,null,null,null,null,"Route Name(s)",null,null,null,null,null,null,null,null,null,null,null,null,"Milepoint"]
["Existing Ramp Control Type",null,null,null,null,null,null,null,null,null,null,null,"Existing AADT",null,null,null,null,"Design Year AADT"]
["Design Vehicle",null,null,null,null,null,null,null,null,null,null,null,"Control Vehicle"]
["Primary Functional Classification",null,null,null,null,null,null,null,null,null,null,null,null,null,null,null,null,"Design Speed (mph)"]
["Secondary Functional Classification (if app.)",null,null,null,null,null,null,null,null,null,null,null,null,null,null,null,null,"Target Speed (mph) [if app.]"]
["Approach #1","Direction",null,null,null,null,null,null,null,null,null,null,"Number of Lanes",null,null,null,"Study Period #1 Traffic Volumes",null,null,null,"Study Period #2 Traffic Volumes"]
[null,"Sidewalks along:",null,null,null,null,null,null,null,null,null,null,"Left-Turn"]
[null,"Crosswalk on Approach?",null,null,null,null,null,null,null,null,null,null,"Left-Through"]
[null,"On-Street Bike Facilities?",null,null,null,null,null,null,null,null,null,null,"Through",null,null,null,"Left",null,null,null,"Left"]
[null,"Multi-Use Path?",null,null,null,null,null,null,null,null,null,null,"Left-Through-Right",null,null,null,"Through",null,null,null,"Through"]
[null,"Scheduled Bus Service?",null,null,null,null,null,null,null,null,null,null,"Through-Right",null,null,null,"Right",null,null,null,"Right"]
[null,"Bus Stop on Approach?",null,null,null,null,null,null,null,null,null,null,"Right-Turn",null,null,null,"Daily Truck %"]
["Approach #2","Direction",null,null,null,null,null,null,null,null,null,null,"Number of Lanes",null,null,null,"Study Period #1 Traffic Volumes",null,null,null,"Study Period #2 Traffic Volumes"]
[null,"Sidewalks along:",null,null,null,null,null,null,null,null,null,null,"Left-Turn"]
[null,"Crosswalk on Approach?",null,null,null,null,null,null,null,null,null,null,"Left-Through",null,null,null,{"$f":"IF($Q$70=\"\",\"\",$Q$70)","v":""},null,null,null,{"$f":"IF($U$70=\"\",\"\",$U$70)","v":""}]
[null,"On-Street Bike Facilities?",null,null,null,null,null,null,null,null,null,null,"Through",null,null,null,"Left",null,null,null,"Left"]
[null,"Multi-Use Path?",null,null,null,null,null,null,null,null,null,null,"Left-Through-Right",null,null,null,"Through",null,null,null,"Through"]
[null,"Scheduled Bus Service?",null,null,null,null,null,null,null,null,null,null,"Through-Right",null,null,null,"Right",null,null,null,"Right"]
[null,"Bus Stop on Approach?",null,null,null,null,null,null,null,null,null,null,"Right-Turn",null,null,null,"Daily Truck %"]
["Approach #3","Direction",null,null,null,null,null,null,null,null,null,null,"Number of Lanes",null,null,null,"Study Period #1 Traffic Volumes",null,null,null,"Study Period #2 Traffic Volumes"]
[null,"Sidewalks along:",null,null,null,null,null,null,null,null,null,null,"Left-Turn"]
[null,"Crosswalk on Approach?",null,null,null,null,null,null,null,null,null,null,"Left-Through",null,null,null,{"$f":"IF($Q$70=\"\",\"\",$Q$70)","v":""},null,null,null,{"$f":"IF($U$70=\"\",\"\",$U$70)","v":""}]
[null,"On-Street Bike Facilities?",null,null,null,null,null,null,null,null,null,null,"Through",null,null,null,"Left",null,null,null,"Left"]
[null,"Multi-Use Path?",null,null,null,null,null,null,null,null,null,null,"Left-Through-Right",null,null,null,"Through",null,null,null,"Through"]
[null,"Scheduled Bus Service?",null,null,null,null,null,null,null,null,null,null,"Through-Right",null,null,null,"Right",null,null,null,"Right"]
[null,"Bus Stop on Approach?",null,null,null,null,null,null,null,null,null,null,"Right-Turn",null,null,null,"Daily Truck %"]
["Exit Ramp Information"]
["Roadway ID",null,null,null,null,null,null,"Route Name(s)",null,null,null,null,null,null,null,null,null,null,"Milepoint (if app.)"]
["Existing Ramp Control Type",null,null,null,null,null,{"$f":"IF(G64=\"\",\"\",G64)","v":""},null,null,null,null,null,"Existing AADT",null,null,null,null,"Design Year AADT"]
["Design Vehicle",null,null,null,null,null,null,null,null,null,null,null,"Control Vehicle"]
["Primary Functional Classification",null,null,null,null,null,null,null,null,null,null,null,null,null,null,null,"Design Speed (mph)"]
["Secondary Functional Classification (if app.)",null,null,null,null,null,null,null,null,null,null,null,null,null,null,null,"Target Speed (mph) [if app.]"]
["Approach #1","Direction",null,null,null,null,null,null,null,null,null,null,"Number of Lanes",null,null,null,"Study Period #1 Traffic Volumes",null,null,null,"Study Period #2 Traffic Volumes"]
[null,"Crosswalk on Approach?",null,null,null,null,null,null,null,null,null,null,"Left-Turn"]
[null,null,null,null,null,null,null,null,null,null,null,null,"Left-Through",null,null,null,{"$f":"IF($Q$70=\"\",\"\",$Q$70)","v":""},null,null,null,{"$f":"IF($U$70=\"\",\"\",$U$70)","v":""}]
[null,null,null,null,null,null,null,null,null,null,null,null,"Through",null,null,null,"Left",null,null,null,"Left"]
[null,null,null,null,null,null,null,null,null,null,null,null,"Left-Through-Right",null,null,null,"Through",null,null,null,"Through"]
[null,null,null,null,null,null,null,null,null,null,null,null,"Through-Right",null,null,null,"Right",null,null,null,"Right"]
[null,null,null,null,null,null,null,null,null,null,null,null,"Right-Turn",null,null,null,"Daily Truck %"]
["Approach #2","Direction",null,null,null,null,null,null,null,null,null,null,"Number of Lanes",null,null,null,"Study Period #1 Traffic Volumes",null,null,null,"Study Period #2 Traffic Volumes"]
[null,"Crosswalk on Approach?",null,null,null,null,null,null,null,null,null,null,"Left-Turn"]
[null,null,null,null,null,null,null,null,null,null,null,null,"Left-Through",null,null,null,{"$f":"IF($Q$70=\"\",\"\",$Q$70)","v":""},null,null,null,{"$f":"IF($U$70=\"\",\"\",$U$70)","v":""}]
[null,null,null,null,null,null,null,null,null,null,null,null,"Through",null,null,null,"Left",null,null,null,"Left"]
[null,null,null,null,null,null,null,null,null,null,null,null,"Left-Through-Right",null,null,null,"Through",null,null,null,"Through"]
[null,null,null,null,null,null,null,null,null,null,null,null,"Through-Right",null,null,null,"Right",null,null,null,"Right"]
[null,null,null,null,null,null,null,null,null,null,null,null,"Right-Turn",null,null,null,"Daily Truck %"]
[]
[]
["Crash History (Existing Intersections Only)"]
["Append the most recent five-years of crash data for the intersection from the CAR System. If the crash data evidences any issues relating to safety performance, discuss briefly here:"]
[]
[]
[{"$f":"IF(D9=\"At-Grade Intersection\", \"Control Strategy Evaluation\", \"Ramp Terminal Control Strategy Evaluation\")","v":"Ramp Terminal Control Strategy Evaluation"}]
["Provide a brief justification as to why each of the following control strategies should be advanced or not. Justification should consider potential environmental impacts."]
[{"$f":"IF(D9=\"At-Grade Intersection\", \"Control Strategy\", \"Ramp Terminal Control Strategy\")","v":"Ramp Terminal Control Strategy"},null,"CAP-X Outputs",null,null,null,null,null,null,"SPICE Outputs",null,null,"Strategy to be Advanced?",null,"Justification"]
[null,null,"V/C Ratio",null,null,null,null,"Ped Accom. Score","Bike Accom. Score","Crash Prediction Rank",null,"SSI Rank"]
[null,null,{"$f":"IF(D9 = \"At-Grade Intersection\", IF($Q$23=\"\",\"\",$Q$23),IF(Q70=\"\",\"\",Q70))","v":""},null,null,{"$f":"IF(D9 = \"At-Grade Intersection\", IF($U$23=\"\",\"\",$U$23),IF(U70=\"\",\"\",U70))","v":""}]
[{"$f":"Input!A13","v":"Two-Way Stop-Control"}]
[{"$f":"Input!A14","v":"All-Way Stop-Control"}]
[{"$f":"Input!A15","v":"Signalized Control"}]
[{"$f":"Input!A16","v":"Roundabout \n(1-lane)"}]
[{"$f":"Input!A17","v":"Roundabout \n(2-lane)"}]
[{"$f":"Input!A18","v":"Median \nU-Turn"}]
[{"$f":"Input!A19","v":"Median U-Turn (Partial)"}]
[{"$f":"Input!A20","v":"Restricted Crossing U-turn (Signalized)"}]
[{"$f":"Input!A21","v":"Restricted Crossing U-turn (Unsignalized)"}]
[{"$f":"Input!A22","v":"Jughandle (Forward Ramps)"}]
[{"$f":"Input!A23","v":"Jughandle (Reverse Ramps)"}]
[{"$f":"Input!A24","v":"Displaced Left-Turn (Partial)"}]
[{"$f":"Input!A25","v":"Continuous Green Tee"}]
[{"$f":"Input!A26","v":"Quadrant Roadway"}]
[{"$f":"Input!A27","v":"Thru-Cut (Signalized)"}]
[{"$f":"Input!A28","v":"Thru-Cut (Unsignalized)"}]
[{"$f":"Input!A29","v":"Bowtie"}]
[{"$f":"Input!A30","v":"Other 1 (Type)"}]
[{"$f":"Input!A31","v":"Other 2 (Type)"}]
[{"$f":"Input!A32","v":"Other 3 (Type)"}]
[{"$f":"Input!A33","v":"Other 4 (Type)"}]
[{"$f":"Input!A34","v":"Other 5 (Type)"}]
[{"$f":"Input!A37","v":"Diamond Signalized"}]
[{"$f":"Input!A38","v":"Diamond Signalized (Alt)"}]
[{"$f":"Input!A39","v":"Diverging Diamond"}]
[{"$f":"Input!A40","v":"Single-Point Diamond"}]
[{"$f":"Input!A41","v":"Diamond Stop Control"}]
[{"$f":"Input!A42","v":"Signalized Tight Diamond"}]
[{"$f":"Input!A43","v":"Roundabout \n(1-lane)"}]
[{"$f":"Input!A44","v":"Roundabout \n(2-lane)"}]
[{"$f":"Input!A45","v":"Half Diamond Signalized"}]
[{"$f":"Input!A46","v":"Half Diamond Stop Control"}]
[{"$f":"Input!A47","v":"Two Quadrant Partial Cloverleaf A Signalized"}]
[{"$f":"Input!A48","v":"Two Quadrant Partial Cloverleaf A Stop Control"}]
[{"$f":"Input!A49","v":"Four Quadrant Partial Cloverleaf A Signalized"}]
[{"$f":"Input!A50","v":"Four Quadrant Partial Cloverleaf A Stop Control"}]
[{"$f":"Input!A51","v":"Two Quadrant Partial Cloverleaf B Signalized"}]
[{"$f":"Input!A52","v":"Two Quadrant Partial Cloverleaf B Stop Control"}]
[{"$f":"Input!A53","v":"Four Quadrant Partial Cloverleaf B Signalized"}]
[{"$f":"Input!A54","v":"Four Quadrant Partial Cloverleaf B Stop Control"}]
[{"$f":"Input!A55","v":"Other 1 (Type)"}]
[{"$f":"Input!A56","v":"Other 2 (Type)"}]
[{"$f":"Input!A57","v":"Other 3 (Type)"}]
[{"$f":"Input!A58","v":"Other 4 (Type)"}]
[{"$f":"Input!A59","v":"Other 5 (Type)"}]
["Recommendation"]
[]
["Resolution"]
["To be filled out by FDOT District Traffic Operations Engineer and District Design Engineer"]
["Accept Recommendation",null,null,null,null,null,null,null,null,null,null,null,false,"Reject Recommendation",null,null,null,null,null,null,null,false]
["DTOE Name",null,null,null,null,null,null,null,null,null,null,"Signature",null,null,null,null,null,null,null,null,"Date"]
["DTOE Comments"]
["DDE Name",null,null,null,null,null,null,null,null,null,null,"Signature",null,null,null,null,null,null,null,null,"Date"]
["DDE Comments"]

{"sheet":"Stage 2","index":2,"n_rows":127,"n_cols":27,"rows_kept":127,"cut":false,"hidden":false,"merged":[[67,16,67,17],[68,16,68,17],[67,18,67,19],[68,18,68,19],[65,4,65,15],[66,4,66,15],[67,4,67,15],[68,4,68,15],[48,11,48,13],[48,8,48,10],[49,8,49,10],[50,8,50,10],[49,11,49,13],[50,11,50,13],[62,16,62,17],[62,21,62,23],[61,16,61,20],[61,21,61,26],[62,18,62,19],[61,4,62,15],[54,11,54,13],[55,20,55,23],[56,20,56,23],[55,17,55,19],[56,17,56,19],[51,8,51,10],[51,11,51,13],[52,8,52,10],[48,24,48,26],[49,24,49,26],[50,24,50,26],[78,0,78,8],[79,0,79,8],[52,11,52,13],[53,8,53,10],[53,11,53,13],[55,11,55,13],[56,11,56,13],[52,17,52,19],[53,17,53,19],[52,14,52,16],[54,14,54,16],[54,17,54,19],[55,8,55,10],[56,8,56,10],[63,18,63,19],[64,18,64,19],[63,4,63,15],[64,4,64,15],[65,18,65,19],[66,18,66,19],[63,16,63,17],[64,16,64,17],[65,16,65,17],[66,16,66,17],[97,0,97,3],[73,23,73,26],[73,20,73,22],[73,18,73,19],[73,15,73,17],[74,15,74,17],[74,18,74,19],[74,20,74,22],[74,23,74,26],[75,15,75,17],[75,18,75,19],[75,20,75,22],[75,23,75,26],[76,15,76,17],[76,18,76,19],[76,20,76,22],[83,10,83,13],[78,18,78,19],[78,20,78,22],[78,23,78,26],[79,15,79,17],[79,18,79,19],[79,20,79,22],[77,23,77,26],[123,25,123,26],[123,10,123,12],[123,13,123,23],[125,10,125,12],[125,13,125,23],[125,25,125,26],[115,4,115,6],[116,4,116,6],[117,4,117,6],[120,0,120,26],[123,2,123,9],[121,0,121,26],[123,0,123,1],[115,0,115,3],[116,0,116,3],[117,0,117,3],[125,0,125,1],[125,2,125,9],[122,25,122,26],[122,12,122,13],[122,14,122,24],[122,0,122,11],[124,0,124,1],[124,2,124,26],[54,20,54,23],[47,8,47,10],[47,20,47,23],[94,0,94,26],[93,0,93,26],[88,0,88,3],[88,4,88,10],[88,11,88,17],[88,18,88,26],[89,4,89,10],[89,11,89,17],[89,18,89,26],[90,4,90,10],[90,11,90,17],[90,18,90,26],[91,4,91,10],[91,11,91,17],[91,18,91,26],[92,4,92,10],[92,11,92,17],[90,0,90,3],[91,0,91,3],[92,0,92,3],[77,0,77,8],[13,14,13,16],[13,2,13,13],[16,17,16,19],[13,17,13,26],[18,11,18,13],[21,21,21,23],[22,21,22,23],[17,24,17,26],[18,24,18,26],[20,24,20,26],[21,24,21,26],[22,24,22,26],[99,0,99,3],[100,0,100,3],[28,15,28,16],[29,15,29,16],[30,15,30,16],[31,15,31,16],[17,15,17,16],[18,15,18,16],[19,15,19,16],[20,15,20,16],[21,15,21,16],[22,15,22,16],[23,7,23,26],[24,0,25,7],[24,8,24,9],[24,10,24,13],[22,17,22,19],[24,16,24,19],[25,15,25,16],[26,15,26,16],[27,15,27,16],[54,8,54,10],[23,0,23,1],[51,14,51,16],[45,0,45,26],[47,24,47,26],[27,17,27,19],[47,17,47,19],[47,14,47,16],[47,11,47,13],[46,24,46,26],[28,9,28,10],[28,11,28,13],[28,21,28,23],[28,24,28,26],[29,9,29,10],[29,11,29,13],[29,21,29,23],[29,24,29,26],[27,24,27,26],[27,9,27,10],[51,24,51,26],[52,24,52,26],[53,24,53,26],[53,14,53,16],[48,17,48,19],[49,17,49,19],[50,17,50,19],[48,20,48,23],[49,20,49,23],[50,20,50,23],[48,14,48,16],[50,14,50,16],[51,20,51,23],[52,20,52,23],[49,14,49,16],[109,0,109,26],[110,0,110,26],[111,0,111,3],[111,4,111,6],[112,4,112,6],[113,4,113,6],[114,4,114,6],[113,0,113,3],[114,0,114,3],[112,0,112,3],[15,22,15,26],[15,16,15,19],[24,20,24,21],[24,22,24,26],[25,17,25,19],[26,17,26,19],[105,0,105,26],[106,0,106,26],[107,0,107,26],[101,0,101,3],[102,0,102,3],[96,0,96,26],[95,0,95,26],[98,0,98,3],[97,4,97,26],[98,4,98,26],[99,4,99,26],[100,4,100,26],[101,4,101,26],[102,4,102,26],[55,14,55,16],[51,17,51,19],[47,0,47,7],[53,20,53,23],[5,10,5,13],[5,14,5,19],[5,21,5,26],[5,2,5,9],[24,14,24,15],[16,15,16,16],[15,14,15,15],[40,0,43,2],[29,0,29,7],[30,0,30,7],[40,3,43,26],[30,9,30,10],[30,11,30,13],[30,21,30,23],[30,24,30,26],[31,9,31,10],[31,11,31,13],[31,21,31,23],[31,24,31,26],[31,0,31,7],[29,17,29,19],[30,17,30,19],[31,17,31,19],[15,20,15,21],[27,11,27,13],[27,21,27,23],[28,17,28,19],[20,0,20,7],[21,0,21,7],[22,0,22,7],[25,9,25,10],[25,21,25,23],[25,24,25,26],[27,0,27,7],[28,0,28,7],[26,0,26,7],[26,9,26,10],[26,11,26,13],[26,21,26,23],[26,24,26,26],[20,17,20,19],[21,17,21,19],[16,21,16,23],[17,21,17,23],[18,21,18,23],[19,21,19,23],[20,21,20,23],[19,9,19,10],[20,9,20,10],[21,9,21,10],[22,9,22,10],[18,9,18,10],[17,17,17,19],[18,17,18,19],[19,17,19,19],[19,0,19,7],[25,11,25,13],[17,11,17,13],[17,0,17,7],[19,24,19,26],[19,11,19,13],[20,11,20,13],[21,11,21,13],[22,11,22,13],[18,0,18,7],[0,0,0,13],[1,0,1,20],[2,0,2,20],[3,0,3,26],[12,0,12,26],[16,11,16,13],[16,9,16,10],[17,9,17,10],[15,8,15,9],[15,10,15,13],[11,0,11,26],[15,0,16,7],[14,7,14,26],[0,17,0,26],[4,0,4,1],[5,0,5,1],[7,0,7,26],[13,0,13,1],[4,21,4,23],[4,24,4,26],[4,2,4,11],[4,12,4,14],[16,24,16,26],[4,15,4,20],[85,0,85,26],[82,0,82,26],[59,24,59,26],[59,8,59,10],[59,11,59,13],[59,14,59,16],[59,17,59,19],[59,20,59,23],[89,0,89,3],[66,0,66,3],[67,0,67,3],[68,0,68,3],[61,0,62,3],[60,0,60,26],[63,0,63,3],[64,0,64,3],[65,0,65,3],[87,0,87,3],[78,15,78,17],[84,10,84,13],[83,14,83,26],[84,14,84,26],[86,0,86,3],[77,15,77,17],[57,8,57,10],[58,8,58,10],[57,17,57,19],[58,17,58,19],[57,20,57,23],[58,20,58,23],[84,0,84,9],[83,0,83,9],[71,0,71,26],[70,0,70,26],[57,11,57,13],[58,11,58,13],[77,18,77,19],[77,20,77,22],[81,0,81,26],[76,9,76,11],[77,9,77,11],[78,9,78,11],[79,9,79,11],[76,12,76,14],[77,12,77,14],[78,12,78,14],[79,12,79,14],[76,0,76,8],[79,23,79,26],[72,15,72,26],[76,23,76,26],[57,24,57,26],[58,24,58,26],[57,14,57,16],[58,14,58,16],[54,24,54,26],[55,24,55,26],[56,24,56,26],[56,14,56,16],[62,24,62,25],[63,21,63,23],[64,21,64,23],[65,21,65,23],[66,21,66,23],[67,21,67,23],[68,21,68,23],[63,24,63,25],[64,24,64,25],[65,24,65,25],[66,24,66,25],[67,24,67,25],[68,24,68,25],[36,9,36,11],[36,12,36,17],[37,9,37,11],[37,12,37,17],[38,9,38,11],[38,12,38,17],[32,18,39,26],[39,9,39,11],[39,12,39,17],[74,12,74,14],[72,0,73,8],[74,0,74,8],[75,9,75,11],[75,12,75,14],[75,0,75,8],[126,0,126,1],[126,2,126,26],[6,0,6,20],[6,21,6,26],[118,0,118,3],[118,7,118,26],[32,8,32,11],[32,12,32,17],[33,9,33,11],[33,12,33,17],[34,9,34,11],[34,12,34,17],[35,9,35,11],[35,12,35,17],[48,0,50,3],[8,0,8,7],[9,0,9,7],[48,4,48,7],[14,2,14,6],[23,2,23,6],[46,12,46,23],[46,0,46,11],[87,11,87,17],[87,4,87,10],[86,18,86,26],[87,18,87,26],[86,4,86,10],[86,11,86,17],[34,0,34,7],[35,0,35,7],[36,0,36,7],[37,0,37,7],[38,0,38,7],[39,0,39,7],[32,0,33,7],[49,4,49,7],[50,4,50,7],[59,0,59,3],[58,0,58,3],[57,0,57,3],[54,0,56,3],[51,0,53,3],[115,7,115,26],[116,7,116,26],[117,7,117,26],[92,18,92,26],[8,8,8,16],[9,8,9,16],[8,17,8,26],[9,17,9,26],[111,7,111,26],[112,7,112,26],[113,7,113,26],[114,7,114,26],[59,4,59,7],[58,4,58,7],[57,4,57,7],[56,4,56,7],[55,4,55,7],[54,4,54,7],[53,4,53,7],[52,4,52,7],[51,4,51,7],[72,12,73,14],[72,9,73,11],[74,9,74,11]]}
["Florida Department of Transportation",null,null,null,null,null,null,null,null,null,null,null,null,null,null,null,null,"Intersection Control Evaluation Form 750-010-30"]
["Intersection Control Evaluation (ICE) Form"]
["Stage 2: Initial Control Strategy Assessment"]
["To fulfill the requirements of Stage 2 (Intersection Control Strategy) of FDOT's ICE procedures, complete the following form and append all supporting documentation. A selection must be made in the \"Project Funding Source\" cell below for the Stage 2 form to fully populate. Completed forms are to be submitted to the District Traffic Operations Engineer (DTOE) and District Design Engineer (DDE) for the project's approval. "]
["Project Name",null,{"$f":"IF('Stage 1'!C5=\"\",\"\",'Stage 1'!C5)","v":""},null,null,null,null,null,null,null,null,null,"FDOT Project #",null,null,{"$f":"IF('Stage 1'!S5=\"\",\"\",'Stage 1'!S5)","v":""},null,null,null,null,null,"Date"]
["Submitted By",null,{"$f":"IF('Stage 1'!C6=\"\",\"\",'Stage 1'!C6)","v":""},null,null,null,null,null,null,null,"Agency/Company",null,null,null,{"$f":"IF('Stage 1'!P6=\"\",\"\",'Stage 1'!P6)","v":""},null,null,null,null,null,"Email",{"$f":"IF('Stage 1'!C7=\"\",\"\",'Stage 1'!C7)","v":""}]
["Project Funding Source"]
["List all viable intersection control strategies identified in Stage 1 (Screening):"]
[{"$f":"List!V1","v":""},null,null,null,null,null,null,null,{"$f":"List!V2","v":""},null,null,null,null,null,null,null,null,{"$f":"List!V3","v":""}]
[{"$f":"List!V4","v":""},null,null,null,null,null,null,null,{"$f":"List!V5","v":""},null,null,null,null,null,null,null,null,{"$f":"List!V6","v":""}]
[]
["Operational Analyses"]
["Summarize the results of the peak hour analysis performed for each control strategy. Select analysis year based on guidance in the ICE procedures document. Refer to Exhibit 19-8 of the Highway Capacity Manual, 6th Edition (HCM6) to determine the appropriate LOS based on intersection delay (hover over this cell for Exhibit 19-8)."]
["Design Vehicle",null,{"$f":"IF('Stage 1'!D9=\"At-Grade Intersection\",IF('Stage 1'!C18=\"\",\"\",'Stage 1'!C18), IF('Stage 1'!C65=\"\",\"\",'Stage 1'!C65))","v":""},null,null,null,null,null,null,null,null,null,null,null,"Control Vehicle",null,null,{"$f":"IF('Stage 1'!D9=\"At-Grade Intersection\",IF('Stage 1'!P18=\"\",\"\",'Stage 1'!P18), IF('Stage 1'!P65=\"\",\"\",'Stage 1'!P65))","v":""}]
["Opening Year"]
["Control Strategy",null,null,null,null,null,null,null,"Peak Hour",null,null,null,null,null,"Peak Hour",null,null,null,null,null,"Peak Hour"]
[null,null,null,null,null,null,null,null,"LOS","Delay (sec.)",null,"All Queues Accommodated?",null,null,"LOS","Delay (sec.)",null,"All Queues Accommodated?",null,null,"LOS","Delay (sec.)",null,null,"All Queues Accommodated?"]
[{"$f":"IF($A$9=\"\",\"\",$A$9)","v":""}]
[{"$f":"IF($I$9=\"\",\"\",$I$9)","v":""}]
[{"$f":"IF($R$9=\"\",\"\",$R$9)","v":""}]
[{"$f":"IF($A$10=\"\",\"\",$A$10)","v":""}]
[{"$f":"IF($I$10=\"\",\"\",$I$10)","v":""}]
[{"$f":"IF($R$10=\"\",\"\",$R$10)","v":""}]
["Design Year"]
["Control Strategy",null,null,null,null,null,null,null,"Peak Hour",null,{"$f":"IF(K16=\"\",\"\",K16)","v":""},null,null,null,"Peak Hour",null,{"$f":"IF(Q16=\"\",\"\",Q16)","v":""},null,null,null,"Peak Hour",null,{"$f":"IF(W16=\"\",\"\",W16)","v":""}]
[null,null,null,null,null,null,null,null,"LOS","Delay (sec.)",null,"All Queues Accommodated?",null,null,"LOS","Delay (sec.)",null,"All Queues Accommodated?",null,null,"LOS","Delay (sec.)",null,null,"All Queues Accommodated?"]
[{"$f":"A18","v":""}]
[""]
[""]
[""]
[""]
[""]
["Control Strategy",null,null,null,null,null,null,null,"Critical Peak Hour"]
[null,null,null,null,null,null,null,null,"LOS","Delay (sec.)",null,null,"All Queues Accommodated?"]
[{"$f":"IF($A$9=\"\",\"\",$A$9)","v":""}]
[{"$f":"IF($I$9=\"\",\"\",$I$9)","v":""}]
[{"$f":"IF($R$9=\"\",\"\",$R$9)","v":""}]
[{"$f":"IF($A$10=\"\",\"\",$A$10)","v":""}]
[{"$f":"IF($I$10=\"\",\"\",$I$10)","v":""}]
[{"$f":"IF($R$10=\"\",\"\",$R$10)","v":""}]
["Provide any additional discussion necessary regarding the results of the operational analysis:"]
[]
[]
[]
[]
["Safety Performance"]
["Enter the most recent five (5) years of crash data from the CAR System.",null,null,null,null,null,null,null,null,null,null,null,"Most recent year of crash data available"]
["Crash Type",null,null,null,null,null,null,null,{"$f":"IF($Y$47=\"\",\"\",L48-1)","v":""},null,null,{"$f":"IF($Y$47=\"\",\"\",O48-1)","v":""},null,null,{"$f":"IF($Y$47=\"\",\"\",R48-1)","v":""},null,null,{"$f":"IF($Y$47=\"\",\"\",U48-1)","v":""},null,null,{"$f":"IF($Y$47=\"\",\"\",Y47)","v":""},null,null,null,"Total"]
["Combined",null,null,null,"Total",null,null,null,{"$f":"IF(COUNTBLANK(I50:K51)=6,\"\",SUM(I50:K51))","v":""},null,null,{"$f":"IF(COUNTBLANK(L50:N51)=6,\"\",SUM(L50:N51))","v":""},null,null,{"$f":"IF(COUNTBLANK(O50:Q51)=6,\"\",SUM(O50:Q51))","v":""},null,null,{"$f":"IF(COUNTBLANK(R50:T51)=6,\"\",SUM(R50:T51))","v":""},null,null,{"$f":"IF(COUNTBLANK(U50:X51)=8,\"\",SUM(U50:X51))","v":""},null,null,null,{"$f":"IF(COUNTBLANK(I49:X49)=16,\"\",SUM(I49:X49))","v":""}]
[null,null,null,null,"Fatal/Injury",null,null,null,null,null,null,null,null,null,null,null,null,null,null,null,null,null,null,null,{"$f":"IF(COUNTBLANK(I50:X50)=16,\"\",SUM(I50:X50))","v":""}]
[null,null,null,null,"PDO",null,null,null,null,null,null,null,null,null,null,null,null,null,null,null,null,null,null,null,""]
["Single-Vehicle",null,null,null,"Total",null,null,null,{"$f":"IF(COUNTBLANK(I53:K54)=6,\"\",SUM(I53:K54))","v":""},null,null,{"$f":"IF(COUNTBLANK(L53:N54)=6,\"\",SUM(L53:N54))","v":""},null,null,{"$f":"IF(COUNTBLANK(O53:Q54)=6,\"\",SUM(O53:Q54))","v":""},null,null,{"$f":"IF(COUNTBLANK(R53:T54)=6,\"\",SUM(R53:T54))","v":""},null,null,{"$f":"IF(COUNTBLANK(U53:X54)=8,\"\",SUM(U53:X54))","v":""},null,null,null,""]
[null,null,null,null,"Fatal/Injury",null,null,null,null,null,null,null,null,null,null,null,null,null,null,null,null,null,null,null,""]
[null,null,null,null,"PDO",null,null,null,null,null,null,null,null,null,null,null,null,null,null,null,null,null,null,null,""]
["Multi-Vehicle",null,null,null,"Total",null,null,null,{"$f":"IF(COUNTBLANK(I56:K57)=6,\"\",SUM(I56:K57))","v":""},null,null,{"$f":"IF(COUNTBLANK(L56:N57)=6,\"\",SUM(L56:N57))","v":""},null,null,{"$f":"IF(COUNTBLANK(O56:Q57)=6,\"\",SUM(O56:Q57))","v":""},null,null,{"$f":"IF(COUNTBLANK(R56:T57)=6,\"\",SUM(R56:T57))","v":""},null,null,{"$f":"IF(COUNTBLANK(U56:X57)=8,\"\",SUM(U56:X57))","v":""},null,null,null,""]
[null,null,null,null,"Fatal/Injury",null,null,null,null,null,null,null,null,null,null,null,null,null,null,null,null,null,null,null,""]
[null,null,null,null,"PDO",null,null,null,null,null,null,null,null,null,null,null,null,null,null,null,null,null,null,null,""]
["Vehicle-Pedestrian",null,null,null,"Fatal/Injury",null,null,null,null,null,null,null,null,null,null,null,null,null,null,null,null,null,null,null,""]
["Vehicle-Bicycle",null,null,null,"Fatal/Injury",null,null,null,null,null,null,null,null,null,null,null,null,null,null,null,null,null,null,null,""]
["Total",null,null,null,"All",null,null,null,{"$f":"IF(COUNTBLANK(I49:K59)=33,\"\",SUM(I49,I52,I55,I58,I59))","v":""},null,null,{"$f":"IF(COUNTBLANK(L49:N59)=33,\"\",SUM(L49,L52,L55,L58,L59))","v":""},null,null,{"$f":"IF(COUNTBLANK(O49:Q59)=33,\"\",SUM(O49,O52,O55,O58,O59))","v":""},null,null,{"$f":"IF(COUNTBLANK(R49:T59)=33,\"\",SUM(R49,R52,R55,R58,R59))","v":""},null,null,{"$f":"IF(COUNTBLANK(U49:X59)=44,\"\",SUM(U49,U52,U55,U58,U59))","v":""},null,null,null,{"$f":"IF(COUNTBLANK(Y49:AA59)=33,\"\",SUM(Y49,Y52,Y55,Y58,Y59))","v":""}]
["Apply the FDOT SPICE Tool to model anticipated safety performance of each control strategy. For intersection types not accommodated in the tool, manually apply crash modification factors detailed in the ICE procedures document or qualitatively describe anticipated safety impacts."]
["Control Strategy",null,null,null,"Anticipated Impact on Safety Performance",null,null,null,null,null,null,null,null,null,null,null,"Opening Year",null,null,null,null,"Design Year"]
[null,null,null,null,null,null,null,null,null,null,null,null,null,null,null,null,"Predicted Total Crashes",null,"Predicted Fatal+Injury Crashes",null,"SSI Score","Predicted Total Crashes",null,null,"Predicted Fatal+Injury Crashes",null,"SSI Score"]
[{"$f":"A18","v":""}]
[""]
[""]
[""]
[""]
[""]
[]
["Costs and Benefit/Cost Ratios"]
["Remaining cognizant of the current level of detail of each control strategy's conceptual design, provide a cost estimate for each. You may want to include costs for preliminary engineering, required right-of-way acquisitions, construction, and a contingency. Apply the FDOT Economic Analysis Tool for ICE to determine the delay benefit-cost ratio (B/C), safety B/C, overall B/C, and net-present value for each control strategy."]
["Control Strategy",null,null,null,null,null,null,null,null,"ROW Costs ($)",null,null,"Construction Costs ($)",null,null,"FDOT Economic Analysis Tool for ICE Outputs"]
[null,null,null,null,null,null,null,null,null,null,null,null,null,null,null,"Delay B/C",null,null,"Safety B/C",null,"Overall B/C",null,null,"Net Present Value"]
[{"$f":"$A$18","v":""}]
[{"$f":"$A$19","v":""}]
[{"$f":"$A$20","v":""}]
[{"$f":"$A$21","v":""}]
[{"$f":"$A$22","v":""}]
[{"$f":"$A$23","v":""}]
[]
["Multimodal Accommodations"]
["Note the existing/anticipated level of pedestrian/bicyclist activity at the study intersection during a typical day. After filling in the daily number of pedestrians crossing, the activity level field will auto-populate."]
["Daily # of peds. crossing (all approaches):",null,null,null,null,null,null,null,null,null,null,null,null,null,"Pedestrian Volume by Activity Level"]
[" Daily # of bicyclists crossing (all approaches):",null,null,null,null,null,null,null,null,null,null,null,null,null,{"$f":"IF(K84>=3200,List!M1,IF(AND(K84<3200,K84>=1500),List!M2,IF(AND(K84<1500,K84>=700),List!M3,IF(AND(K84<700,K84>=240),List!M4,IF(AND(K84<240,K84>=1),List!M5,IF(AND(K84=\"\",K84=0),\"\",List!M6))))))","v":""}]
["Summarize the ability of each viable control strategy to accommodate the existing/anticipated level of:"]
["Control Strategy",null,null,null,"Pedestrians and Bicyclists",null,null,null,null,null,null,"Transit Services",null,null,null,null,null,null,"Freight Needs"]
[{"$f":"$A$18","v":""}]
[{"$f":"$A$19","v":""}]
[{"$f":"$A$20","v":""}]
[{"$f":"$A$21","v":""}]
[{"$f":"$A$22","v":""}]
[{"$f":"$A$23","v":""}]
[]
[]
["Environmental, Utility, and Right-of-Way Impacts"]
["Summarize any issues related to environmental, utility, or right-of-way (including relocation) impacts specific to each control strategy. Be sure to consider the NEPA requirements for each control type."]
[{"$f":"$A$18","v":""}]
[{"$f":"$A$19","v":""}]
[{"$f":"$A$20","v":""}]
[{"$f":"$A$21","v":""}]
[{"$f":"$A$22","v":""}]
[{"$f":"$A$23","v":""}]
[]
[]
["Public Input/Feedback (if appropriate)"]
["Summarize any agency or public input regarding the control strategies:"]
[]
[]
["Control Strategy Evaluation"]
["Provide a brief justification as to why each of the following is either viable or not viable. If a single control strategy is recommended, select it as the only strategy to be advanced."]
["Control Strategy",null,null,null,"Strategy to be Advanced?",null,null,"Justification"]
[{"$f":"$A$18","v":""}]
[{"$f":"$A$19","v":""}]
[{"$f":"$A$20","v":""}]
[{"$f":"$A$21","v":""}]
[{"$f":"$A$22","v":""}]
[{"$f":"$A$23","v":""}]
["Recommendation"]
[]
["Resolution"]
["To be filled out by FDOT District Traffic Operations Engineer and District Design Engineer"]
["Accept Recommendation",null,null,null,null,null,null,null,null,null,null,null,false,null,"Reject Recommendation",null,null,null,null,null,null,null,null,null,null,false]
["DTOE Name",null,null,null,null,null,null,null,null,null,"Signature",null,null,null,null,null,null,null,null,null,null,null,null,null,"Date"]
["DTOE Comments"]
["DDE Name",null,null,null,null,null,null,null,null,null,"Signature",null,null,null,null,null,null,null,null,null,null,null,null,null,"Date"]
["DDE Comments"]

{"sheet":"Stage 3","index":3,"n_rows":43,"n_cols":17,"rows_kept":43,"cut":false,"hidden":false,"merged":[[18,0,18,2],[19,0,19,2],[20,0,20,2],[28,0,28,16],[23,0,23,16],[9,0,9,16],[13,0,13,2],[14,0,14,2],[24,0,24,16],[25,0,25,16],[15,0,15,2],[13,3,13,16],[14,3,14,16],[15,3,15,16],[11,0,11,2],[11,3,11,16],[21,0,21,2],[18,3,18,16],[19,3,19,16],[20,3,20,16],[21,3,21,16],[10,0,10,16],[36,0,36,16],[37,0,37,16],[16,0,16,16],[12,0,12,2],[12,3,12,16],[29,0,29,16],[31,0,31,3],[31,4,31,5],[31,6,31,16],[32,0,32,3],[32,4,32,5],[32,6,32,16],[33,0,33,3],[17,0,17,2],[17,3,17,16],[6,0,6,16],[7,0,7,4],[7,5,7,10],[7,11,7,16],[4,0,4,1],[4,2,4,7],[4,8,4,9],[4,10,4,14],[5,0,5,1],[5,2,5,5],[5,6,5,8],[5,9,5,12],[5,14,5,16],[0,0,0,10],[0,11,0,16],[1,0,1,11],[2,0,2,11],[3,0,3,16],[39,0,39,1],[30,0,30,3],[30,4,30,5],[30,6,30,16],[39,2,39,6],[39,9,39,14],[33,4,33,5],[33,6,33,16],[39,7,39,8],[38,6,38,15],[38,0,38,4],[40,0,40,1],[40,2,40,16],[42,0,42,1],[42,2,42,16],[41,0,41,1],[41,2,41,6],[41,9,41,14],[41,7,41,8]]}
["Florida Department of Transportation",null,null,null,null,null,null,null,null,null,null,"Intersection Control Evaluation Form 750-010-30"]
["Intersection Control Evaluation (ICE) Form"]
["Stage 3: Detailed Control Strategy Assessment"]
["To fulfill the requirements of Stage 3 (Detailed Control Strategy Assessment) of FDOT's ICE procedures, complete the following form and append all supporting documentation, which may include detailed design plans of each control strategy analyzed. Completed forms are to be submitted to the District Traffic Operations Engineer (DTOE) and District Design Engineer (DDE) for the project's approval."]
["Project Name",null,{"$f":"IF('Stage 1'!C5=\"\",\"\",'Stage 1'!C5)","v":""},null,null,null,null,null,"FDOT Project #",null,{"$f":"IF('Stage 1'!S5=\"\",\"\",'Stage 1'!S5)","v":""},null,null,null,null,"Date"]
["Submitted By",null,{"$f":"IF('Stage 1'!C6=\"\",\"\",'Stage 1'!C6)","v":""},null,null,null,"Agency/Company",null,null,{"$f":"IF('Stage 1'!P6=\"\",\"\",'Stage 1'!P6)","v":""},null,null,null,"Email",{"$f":"IF('Stage 1'!C7=\"\",\"\",'Stage 1'!C7)","v":""}]
["List all viable intersection control strategies identified in Stage 2 (Initial Control Strategy Assessment):"]
[{"$f":"List!X1","v":""},null,null,null,null,{"$f":"List!X2","v":""},null,null,null,null,null,{"$f":"List!X3","v":""}]
[]
["Additional Analysis"]
["What issues and/or findings to date have led to a control strategy NOT being selected in Stage 2?"]
["Category",null,null,"Description of Issues/Findings"]
[]
[]
[]
[]
["Describe specific evaluation activities undertaken in Stage 3 analysis to identify a preferred control strategy and discuss the findings:"]
["Category",null,null,"Description of Issues/Findings"]
[{"$f":"IF(A13=\"\",\"\",A13)","v":""}]
[{"$f":"IF(A14=\"\",\"\",A14)","v":""}]
[""]
[""]
[]
["Public Input/Feedback"]
["If not discussed as a part of the preceding section, summarize public input received or stakeholder considerations regarding the control strategies:"]
[]
[]
[]
["Control Strategy Evaluation"]
["Provide a brief justification as to why each of the following was either selected or not selected after conducting the additional analysis. ICE Stage 3 activities should result in a single control strategy being selected."]
["Control Strategy",null,null,null,"Control Strategy Selected?",null,"Justification"]
[{"$f":"IF(A8=\"\",\"\",A8)","v":""}]
[{"$f":"IF(F8=\"\",\"\",F8)","v":""}]
[{"$f":"IF(L8=\"\",\"\",L8)","v":""}]
[]
[]
["Resolution"]
["To be filled out by FDOT District Traffic Operations Engineer and District Design Engineer"]
["Identified Alternative Approved",null,null,null,null,false,"Identified Alternative Not Approved (Re-evaluate control strategies)",null,null,null,null,null,null,null,null,null,false]
["DTOE Name",null,null,null,null,null,null,"Signature",null,null,null,null,null,null,null,"Date"]
["DTOE Comments"]
["DDE Name",null,null,null,null,null,null,"Signature",null,null,null,null,null,null,null,"Date"]
["DDE Comments"]

{"sheet":"List","index":4,"n_rows":67,"n_cols":36,"rows_kept":67,"cut":false,"hidden":true,"merged":[]}
["Northbound","C1 - Natural","Alachua","District 1","Safety Improvement Project","Two-way Stop-Control","Urban Principal Arterial - Interstate","Urban Principal Arterial - Interstate","Urban Principal Arterial - Other","Both sides of the approach","Yes","Two-way stop control","High (≥ 3,200 peds/day)","A","Construction Only","A single control strategy is recommended","Operations","Identified Alternative Approved",1,{"$f":"IF('Stage 1'!M120:N120=\"Yes\",'Stage 1'!A120:B120,\"\")","v":""},{"$f":"IF(AND('Stage 1'!$D$9 =\"At-Grade Intersection\",Input!E13=\"Yes\"),T1,\"\")","v":""},{"$f":"IFERROR(INDEX($U$1:$U$45,SMALL(IF($U$1:$U$45<>\"\",ROW($U$1:$U$45)),ROW(V1))),\"\")","v":""},{"$f":"IF('Stage 2'!E113=\"YES\",'Stage 2'!A113,\"\")","v":""},{"$f":"IFERROR(INDEX($W$1:$W$6,SMALL(IF($W$1:$W$6<>\"\",ROW($W$1:$W$6)),ROW(X1))),\"\")","v":""},"Passenger car (P)","Weekday AM Peak",null,null,null,"Federal","At-Grade Intersection",null,null,{"$f":"IF(Input!E13=\"Yes\",Input!A13,\"\")","v":""},{"$f":"AH1","v":""},{"$f":"IFERROR(INDEX($AI$1:$AI$17,SMALL(IF($AI$1:$AI$17<>\"\",ROW($AI$1:$AI$17)),ROW(AJ1))),\"\")","v":""}]
["Southbound","C2 - Rural","Baker","District 2","Congestion Mitigation Project","All-way Stop-Control","Urban Principal Arterial - Freeway & Expressway","Urban Principal Arterial - Freeway & Expressway","Urban Minor Arterial","One side of the approach","No","All-way stop control","Med High (1,500 ≤ peds/day < 3,200)","B","PE & Construction","Multiple viable control strategies are identified: Continue to Stage 2","Costs","Identified Alternative Not Approved (Re-evaluate control strategies)",2,{"$f":"IF('Stage 1'!M121:N121=\"Yes\",'Stage 1'!A121:B121,\"\")","v":""},{"$f":"IF(AND('Stage 1'!$D$9 =\"At-Grade Intersection\",Input!E14=\"Yes\"),T2,\"\")","v":""},{"$f":"IFERROR(INDEX($U$1:$U$45,SMALL(IF($U$1:$U$45<>\"\",ROW($U$1:$U$45)),ROW(V2))),\"\")","v":""},{"$f":"IF('Stage 2'!E114=\"YES\",'Stage 2'!A114,\"\")","v":""},{"$f":"IFERROR(INDEX($W$1:$W$6,SMALL(IF($W$1:$W$6<>\"\",ROW($W$1:$W$6)),ROW(X2))),\"\")","v":""},"Single Unit Truck (SU)","Weekday Midday Peak",null,null,null,"Non-federal","Ramp Terminal Intersection",null,null,{"$f":"IF(Input!E14=\"Yes\",Input!A14,\"\")","v":""},{"$f":"AH2","v":""},{"$f":"IFERROR(INDEX($AI$1:$AI$17,SMALL(IF($AI$1:$AI$17<>\"\",ROW($AI$1:$AI$17)),ROW(AJ2))),\"\")","v":""}]
["Eastbound","C2T - Rural Town","Bay","District 3","Corridor Improvement Project","Signal","Urban Principal Arterial - Other","Rural Principal Arterial - Interstate","Urban Major Collector","Neither side of the approach",null,"Traffic Signal","Medium (700 ≤ peds/day < 1,500)","C","ROW & Construction",null,"Safety Performance",null,3,{"$f":"IF('Stage 1'!M122:N122=\"Yes\",'Stage 1'!A122:B122,\"\")","v":""},{"$f":"IF(AND('Stage 1'!$D$9 =\"At-Grade Intersection\",Input!E15=\"Yes\"),T3,\"\")","v":""},{"$f":"IFERROR(INDEX($U$1:$U$45,SMALL(IF($U$1:$U$45<>\"\",ROW($U$1:$U$45)),ROW(V3))),\"\")","v":""},{"$f":"IF('Stage 2'!E115=\"YES\",'Stage 2'!A115,\"\")","v":""},{"$f":"IFERROR(INDEX($W$1:$W$6,SMALL(IF($W$1:$W$6<>\"\",ROW($W$1:$W$6)),ROW(X3))),\"\")","v":""},"Inter-city Bus (BUS-40)","Weekday PM Peak",null,null,null,null,null,null,null,{"$f":"IF(Input!E15=\"Yes\",Input!A15,\"\")","v":""},"",{"$f":"IFERROR(INDEX($AI$1:$AI$17,SMALL(IF($AI$1:$AI$17<>\"\",ROW($AI$1:$AI$17)),ROW(AJ3))),\"\")","v":""}]
["Westbound","C3R - Suburban Residential","Bradford","District 4","Land Development Project","Roundabout","Urban Minor Arterial","Rural  Principal Arterial - Expressway","Urban Minor Collector (Fed Aid)",null,null,"Roundabout","Med Low (240 ≤ peds/day < 700)","D","PE, ROW, & Construction","A single control strategy is recommended","Bicycle/Pedestrian Accommodations",null,4,{"$f":"IF('Stage 1'!M123:N123=\"Yes\",'Stage 1'!A123:B123,\"\")","v":""},{"$f":"IF(AND('Stage 1'!$D$9 =\"At-Grade Intersection\",Input!E16=\"Yes\"),T4,\"\")","v":""},{"$f":"IFERROR(INDEX($U$1:$U$45,SMALL(IF($U$1:$U$45<>\"\",ROW($U$1:$U$45)),ROW(V4))),\"\")","v":""},{"$f":"IF('Stage 2'!E116=\"YES\",'Stage 2'!A116,\"\")","v":""},{"$f":"IFERROR(INDEX($W$1:$W$6,SMALL(IF($W$1:$W$6<>\"\",ROW($W$1:$W$6)),ROW(X4))),\"\")","v":""},"Inter-city Bus (BUS-45)","Weekend AM Peak",null,null,null,null,null,null,null,{"$f":"IF(Input!E16=\"Yes\",Input!A16,\"\")","v":""},"",{"$f":"IFERROR(INDEX($AI$1:$AI$17,SMALL(IF($AI$1:$AI$17<>\"\",ROW($AI$1:$AI$17)),ROW(AJ4))),\"\")","v":""}]
["Northeastbound","C3C - Suburban Commercial","Brevard","District 5","Community/Streetscape Improvement","None/New Intersection","Urban Major Collector",null,"Urban Local",null,null,"Median U-Turn","Low (0 < peds/day < 240)","E","PE, ROW, Construction, Contingency","Multiple viable control strategies are identified: Continue to Stage 3","Transit Services",null,5,{"$f":"IF('Stage 1'!M124:N124=\"Yes\",'Stage 1'!A124:B124,\"\")","v":""},{"$f":"IF(AND('Stage 1'!$D$9 =\"At-Grade Intersection\",Input!E17=\"Yes\"),T5,\"\")","v":""},{"$f":"IFERROR(INDEX($U$1:$U$45,SMALL(IF($U$1:$U$45<>\"\",ROW($U$1:$U$45)),ROW(V5))),\"\")","v":""},{"$f":"IF('Stage 2'!E117=\"YES\",'Stage 2'!A117,\"\")","v":""},null,"City Transit Bus (CITY-BUS)","Weekend Midday Peak",null,null,null,null,null,null,null,{"$f":"IF(Input!E17=\"Yes\",Input!A17,\"\")","v":""},"",{"$f":"IFERROR(INDEX($AI$1:$AI$17,SMALL(IF($AI$1:$AI$17<>\"\",ROW($AI$1:$AI$17)),ROW(AJ5))),\"\")","v":""}]
["Southeastbound","C4 - Urban General","Broward","District 6","Multimodal Improvement","Other","Urban Minor Collector (Fed Aid)",null,"Rural Principal Arterial - Other",null,null,"Median U-Turn (Partial)","Other","F",null,null,"Environmental",null,6,{"$f":"IF('Stage 1'!M125:N125=\"Yes\",'Stage 1'!A125:B125,\"\")","v":""},{"$f":"IF(AND('Stage 1'!$D$9 =\"At-Grade Intersection\",Input!E18=\"Yes\"),T6,\"\")","v":""},{"$f":"IFERROR(INDEX($U$1:$U$45,SMALL(IF($U$1:$U$45<>\"\",ROW($U$1:$U$45)),ROW(V6))),\"\")","v":""},{"$f":"IF('Stage 2'!E118=\"YES\",'Stage 2'!A118,\"\")","v":""},null,"School Bus (S-BUS-36)","Weekend PM Peak",null,null,null,null,null,null,null,{"$f":"IF(Input!E18=\"Yes\",Input!A18,\"\")","v":""},"",{"$f":"IFERROR(INDEX($AI$1:$AI$17,SMALL(IF($AI$1:$AI$17<>\"\",ROW($AI$1:$AI$17)),ROW(AJ6))),\"\")","v":""}]
["Northwestbound","C5 - Urban Center","Calhoun","District 7","Other",null,"Urban Local",null,"Rural Minor Arterial",null,null,"RCUT (Signalized)",null,null,null,null,"Right-of-Way",null,7,{"$f":"IF('Stage 1'!M126:N126=\"Yes\",'Stage 1'!A126:B126,\"\")","v":""},{"$f":"IF(AND('Stage 1'!$D$9 =\"At-Grade Intersection\",Input!E19=\"Yes\"),T7,\"\")","v":""},{"$f":"IFERROR(INDEX($U$1:$U$45,SMALL(IF($U$1:$U$45<>\"\",ROW($U$1:$U$45)),ROW(V7))),\"\")","v":""},null,null,"Intermediate Semitrailer (WB-40)","Other",null,null,null,null,null,null,null,{"$f":"IF(Input!E20=\"Yes\",Input!A20,\"\")","v":""},"",{"$f":"IFERROR(INDEX($AI$1:$AI$17,SMALL(IF($AI$1:$AI$17<>\"\",ROW($AI$1:$AI$17)),ROW(AJ7))),\"\")","v":""}]
["Southwestbound","C6 - Urban Core","Charlotte","District 8",null,null,"Rural Principal Arterial - Interstate",null,"Rural Major Collector",null,null,"RCUT (Unsignalized)",null,null,null,null,"Public Input/Political",null,8,{"$f":"IF('Stage 1'!M127:N127=\"Yes\",'Stage 1'!A127:B127,\"\")","v":""},{"$f":"IF(AND('Stage 1'!$D$9 =\"At-Grade Intersection\",Input!E20=\"Yes\"),T8,\"\")","v":""},{"$f":"IFERROR(INDEX($U$1:$U$45,SMALL(IF($U$1:$U$45<>\"\",ROW($U$1:$U$45)),ROW(V8))),\"\")","v":""},null,null,"Intermediate Semitrailer (WB-50)",null,null,null,null,null,null,null,null,{"$f":"IF(Input!E21=\"Yes\",Input!A21,\"\")","v":""},"",{"$f":"IFERROR(INDEX($AI$1:$AI$17,SMALL(IF($AI$1:$AI$17<>\"\",ROW($AI$1:$AI$17)),ROW(AJ8))),\"\")","v":""}]
[null,null,"Citrus",null,null,null,"Rural  Principal Arterial - Expressway",null,"Rural Minor Collector",null,null,"Jughandle",null,null,null,null,"Other",null,9,{"$f":"IF('Stage 1'!M128:N128=\"Yes\",'Stage 1'!A128:B128,\"\")","v":""},{"$f":"IF(AND('Stage 1'!$D$9 =\"At-Grade Intersection\",Input!E21=\"Yes\"),T9,\"\")","v":""},{"$f":"IFERROR(INDEX($U$1:$U$45,SMALL(IF($U$1:$U$45<>\"\",ROW($U$1:$U$45)),ROW(V9))),\"\")","v":""},null,null,"Interstate Semitrailer (WB-62)",null,null,null,null,null,null,null,null,{"$f":"IF(Input!E22=\"Yes\",Input!A22,\"\")","v":""},"",{"$f":"IFERROR(INDEX($AI$1:$AI$17,SMALL(IF($AI$1:$AI$17<>\"\",ROW($AI$1:$AI$17)),ROW(AJ9))),\"\")","v":""}]
[null,null,"Clay",null,null,null,"Rural Principal Arterial - Other",null,"Rural Local",null,null,"Displaced Left-Turn",null,null,null,null,null,null,10,{"$f":"IF('Stage 1'!M129:N129=\"Yes\",'Stage 1'!A129:B129,\"\")","v":""},{"$f":"IF(AND('Stage 1'!$D$9 =\"At-Grade Intersection\",Input!E22=\"Yes\"),T10,\"\")","v":""},{"$f":"IFERROR(INDEX($U$1:$U$45,SMALL(IF($U$1:$U$45<>\"\",ROW($U$1:$U$45)),ROW(V10))),\"\")","v":""},null,null,"Florida Interstate Semitrailer (WB-62FL)",null,null,null,null,null,null,null,null,{"$f":"IF(Input!E24=\"Yes\",Input!A24,\"\")","v":""},"",{"$f":"IFERROR(INDEX($AI$1:$AI$17,SMALL(IF($AI$1:$AI$17<>\"\",ROW($AI$1:$AI$17)),ROW(AJ10))),\"\")","v":""}]
[null,null,"Collier",null,null,null,"Rural Minor Arterial",null,null,null,null,"Continuous Green Tee",null,null,null,null,null,null,11,{"$f":"IF('Stage 1'!M130:N130=\"Yes\",'Stage 1'!A130:B130,\"\")","v":""},{"$f":"IF(AND('Stage 1'!$D$9 =\"At-Grade Intersection\",Input!E23=\"Yes\"),T11,\"\")","v":""},{"$f":"IFERROR(INDEX($U$1:$U$45,SMALL(IF($U$1:$U$45<>\"\",ROW($U$1:$U$45)),ROW(V11))),\"\")","v":""},null,null,"Interstate Semitrailer (WB-67)",null,null,null,null,null,null,null,null,{"$f":"IF(Input!E25=\"Yes\",Input!A25,\"\")","v":""},"",{"$f":"IFERROR(INDEX($AI$1:$AI$17,SMALL(IF($AI$1:$AI$17<>\"\",ROW($AI$1:$AI$17)),ROW(AJ11))),\"\")","v":""}]
[null,null,"Columbia",null,null,null,"Rural Major Collector",null,null,null,null,"Quadrant Roadway",null,null,null,null,null,null,12,{"$f":"IF('Stage 1'!M131:N131=\"Yes\",'Stage 1'!A131:B131,\"\")","v":""},{"$f":"IF(AND('Stage 1'!$D$9 =\"At-Grade Intersection\",Input!E24=\"Yes\"),T12,\"\")","v":""},{"$f":"IFERROR(INDEX($U$1:$U$45,SMALL(IF($U$1:$U$45<>\"\",ROW($U$1:$U$45)),ROW(V12))),\"\")","v":""},null,null,null,null,null,null,null,null,null,null,null,{"$f":"IF(Input!E26=\"Yes\",Input!A26,\"\")","v":""},"",{"$f":"IFERROR(INDEX($AI$1:$AI$17,SMALL(IF($AI$1:$AI$17<>\"\",ROW($AI$1:$AI$17)),ROW(AJ12))),\"\")","v":""}]
[null,null,"DeSoto",null,null,null,"Rural Minor Collector",null,null,null,null,"Other (Please type)",null,null,null,null,null,null,null,{"$f":"IF('Stage 1'!M132:N132=\"Yes\",'Stage 1'!A132:B132,\"\")","v":""},{"$f":"IF(AND('Stage 1'!$D$9 =\"At-Grade Intersection\",Input!E25=\"Yes\"),T13,\"\")","v":""},{"$f":"IFERROR(INDEX($U$1:$U$45,SMALL(IF($U$1:$U$45<>\"\",ROW($U$1:$U$45)),ROW(V13))),\"\")","v":""},null,null,null,null,null,null,null,null,null,null,null,{"$f":"IF(Input!E27=\"Yes\",Input!A27,\"\")","v":""},"",{"$f":"IFERROR(INDEX($AI$1:$AI$17,SMALL(IF($AI$1:$AI$17<>\"\",ROW($AI$1:$AI$17)),ROW(AJ13))),\"\")","v":""}]
[null,null,"Dixie",null,null,null,"Rural Local",null,null,null,null,null,null,null,null,null,null,null,null,{"$f":"IF('Stage 1'!M133:N133=\"Yes\",'Stage 1'!A133:B133,\"\")","v":""},{"$f":"IF(AND('Stage 1'!$D$9 =\"At-Grade Intersection\",Input!E26=\"Yes\"),T14,\"\")","v":""},{"$f":"IFERROR(INDEX($U$1:$U$45,SMALL(IF($U$1:$U$45<>\"\",ROW($U$1:$U$45)),ROW(V14))),\"\")","v":""},null,null,null,null,null,null,null,null,null,null,null,{"$f":"IF(Input!E28=\"Yes\",Input!A28,\"\")","v":""},"",{"$f":"IFERROR(INDEX($AI$1:$AI$17,SMALL(IF($AI$1:$AI$17<>\"\",ROW($AI$1:$AI$17)),ROW(AJ14))),\"\")","v":""}]
[null,null,"Duval",null,null,null,null,null,null,null,null,null,null,null,null,null,null,null,null,{"$f":"IF('Stage 1'!M134:N134=\"Yes\",'Stage 1'!A134:B134,\"\")","v":""},{"$f":"IF(AND('Stage 1'!$D$9 =\"At-Grade Intersection\",Input!E27=\"Yes\"),T15,\"\")","v":""},{"$f":"IFERROR(INDEX($U$1:$U$45,SMALL(IF($U$1:$U$45<>\"\",ROW($U$1:$U$45)),ROW(V15))),\"\")","v":""},null,null,null,null,null,null,null,null,null,null,null,{"$f":"IF(Input!E29=\"Yes\",Input!A29,\"\")","v":""},"",{"$f":"IFERROR(INDEX($AI$1:$AI$17,SMALL(IF($AI$1:$AI$17<>\"\",ROW($AI$1:$AI$17)),ROW(AJ15))),\"\")","v":""}]
[null,null,"Escambia",null,null,null,null,null,null,null,null,null,null,null,null,null,null,null,null,{"$f":"IF('Stage 1'!M135:N135=\"Yes\",'Stage 1'!A135:B135,\"\")","v":""},{"$f":"IF(AND('Stage 1'!$D$9 =\"At-Grade Intersection\",Input!E28=\"Yes\"),T16,\"\")","v":""},{"$f":"IFERROR(INDEX($U$1:$U$45,SMALL(IF($U$1:$U$45<>\"\",ROW($U$1:$U$45)),ROW(V16))),\"\")","v":""},null,null,null,null,null,null,null,null,null,null,null,{"$f":"IF(Input!E30=\"Yes\",Input!A30,\"\")","v":""},"",{"$f":"IFERROR(INDEX($AI$1:$AI$17,SMALL(IF($AI$1:$AI$17<>\"\",ROW($AI$1:$AI$17)),ROW(AJ16))),\"\")","v":""}]
[null,null,"Flagler",null,null,null,null,null,null,null,null,null,null,null,null,null,null,null,null,{"$f":"IF('Stage 1'!M136:N136=\"Yes\",'Stage 1'!A136:B136,\"\")","v":""},{"$f":"IF(AND('Stage 1'!$D$9 =\"At-Grade Intersection\",Input!E29=\"Yes\"),T17,\"\")","v":""},{"$f":"IFERROR(INDEX($U$1:$U$45,SMALL(IF($U$1:$U$45<>\"\",ROW($U$1:$U$45)),ROW(V17))),\"\")","v":""},null,null,null,null,null,null,null,null,null,null,null,{"$f":"IF(Input!E34=\"Yes\",Input!A34,\"\")","v":""},"",{"$f":"IFERROR(INDEX($AI$1:$AI$17,SMALL(IF($AI$1:$AI$17<>\"\",ROW($AI$1:$AI$17)),ROW(AJ17))),\"\")","v":""}]
[null,null,"Franklin",null,null,null,null,null,null,null,null,null,null,null,null,null,null,null,null,{"$f":"IF('Stage 1'!M137:N137=\"Yes\",'Stage 1'!A137:B137,\"\")","v":""},{"$f":"IF(AND('Stage 1'!$D$9 =\"At-Grade Intersection\",Input!E30=\"Yes\"),T18,\"\")","v":""},{"$f":"IFERROR(INDEX($U$1:$U$45,SMALL(IF($U$1:$U$45<>\"\",ROW($U$1:$U$45)),ROW(V18))),\"\")","v":""}]
[null,null,"Gadsden",null,null,null,null,null,null,null,null,null,null,null,null,null,null,null,null,{"$f":"IF('Stage 1'!M138:N138=\"Yes\",'Stage 1'!A138:B138,\"\")","v":""},{"$f":"IF(AND('Stage 1'!$D$9 =\"At-Grade Intersection\",Input!E31=\"Yes\"),T19,\"\")","v":""},{"$f":"IFERROR(INDEX($U$1:$U$45,SMALL(IF($U$1:$U$45<>\"\",ROW($U$1:$U$45)),ROW(V19))),\"\")","v":""}]
[null,null,"Gilchrist",null,null,null,null,null,null,null,null,null,null,null,null,null,null,null,null,{"$f":"IF('Stage 1'!M139:N139=\"Yes\",'Stage 1'!A139:B139,\"\")","v":""},{"$f":"IF(AND('Stage 1'!$D$9 =\"At-Grade Intersection\",Input!E32=\"Yes\"),T20,\"\")","v":""},{"$f":"IFERROR(INDEX($U$1:$U$45,SMALL(IF($U$1:$U$45<>\"\",ROW($U$1:$U$45)),ROW(V20))),\"\")","v":""}]
[null,null,"Glades",null,null,null,null,null,null,null,null,null,null,null,null,null,null,null,null,{"$f":"IF('Stage 1'!M140:N140=\"Yes\",'Stage 1'!A140:B140,\"\")","v":""},{"$f":"IF(AND('Stage 1'!$D$9 =\"At-Grade Intersection\",Input!E33=\"Yes\"),T21,\"\")","v":""},{"$f":"IFERROR(INDEX($U$1:$U$45,SMALL(IF($U$1:$U$45<>\"\",ROW($U$1:$U$45)),ROW(V21))),\"\")","v":""}]
[null,null,"Gulf",null,null,null,null,null,null,null,null,null,null,null,null,null,null,null,null,{"$f":"IF('Stage 1'!M141:N141=\"Yes\",'Stage 1'!A141:B141,\"\")","v":""},{"$f":"IF(AND('Stage 1'!$D$9 =\"At-Grade Intersection\",Input!E34=\"Yes\"),T22,\"\")","v":""},{"$f":"IFERROR(INDEX($U$1:$U$45,SMALL(IF($U$1:$U$45<>\"\",ROW($U$1:$U$45)),ROW(V22))),\"\")","v":""}]
[null,null,"Hamilton",null,null,null,null,null,null,null,null,null,null,null,null,null,null,null,null,{"$f":"IF('Stage 1'!M142:N142=\"Yes\",'Stage 1'!A142:B142,\"\")","v":""},{"$f":"IF(AND('Stage 1'!$D$9 =\"Ramp Terminal Intersection\",Input!E37=\"Yes\"),T23,\"\")","v":""},{"$f":"IFERROR(INDEX($U$1:$U$45,SMALL(IF($U$1:$U$45<>\"\",ROW($U$1:$U$45)),ROW(V23))),\"\")","v":""}]
[null,null,"Hardee",null,null,null,null,null,null,null,null,null,null,null,null,null,null,null,null,{"$f":"IF('Stage 1'!M143:N143=\"Yes\",'Stage 1'!A143:B143,\"\")","v":""},{"$f":"IF(AND('Stage 1'!$D$9 =\"Ramp Terminal Intersection\",Input!E38=\"Yes\"),T24,\"\")","v":""},{"$f":"IFERROR(INDEX($U$1:$U$45,SMALL(IF($U$1:$U$45<>\"\",ROW($U$1:$U$45)),ROW(V24))),\"\")","v":""}]
[null,null,"Hendry",null,null,null,null,null,null,null,null,null,null,null,null,null,null,null,null,{"$f":"IF('Stage 1'!M144:N144=\"Yes\",'Stage 1'!A144:B144,\"\")","v":""},{"$f":"IF(AND('Stage 1'!$D$9 =\"Ramp Terminal Intersection\",Input!E39=\"Yes\"),T25,\"\")","v":""},{"$f":"IFERROR(INDEX($U$1:$U$45,SMALL(IF($U$1:$U$45<>\"\",ROW($U$1:$U$45)),ROW(V25))),\"\")","v":""}]
[null,null,"Hernando",null,null,null,null,null,null,null,null,null,null,null,null,null,null,null,null,{"$f":"IF('Stage 1'!M145:N145=\"Yes\",'Stage 1'!A145:B145,\"\")","v":""},{"$f":"IF(AND('Stage 1'!$D$9 =\"Ramp Terminal Intersection\",Input!E40=\"Yes\"),T26,\"\")","v":""},{"$f":"IFERROR(INDEX($U$1:$U$45,SMALL(IF($U$1:$U$45<>\"\",ROW($U$1:$U$45)),ROW(V26))),\"\")","v":""}]
[null,null,"Highlands",null,null,null,null,null,null,null,null,null,null,null,null,null,null,null,null,{"$f":"IF('Stage 1'!M146:N146=\"Yes\",'Stage 1'!A146:B146,\"\")","v":""},{"$f":"IF(AND('Stage 1'!$D$9 =\"Ramp Terminal Intersection\",Input!E41=\"Yes\"),T27,\"\")","v":""},{"$f":"IFERROR(INDEX($U$1:$U$45,SMALL(IF($U$1:$U$45<>\"\",ROW($U$1:$U$45)),ROW(V27))),\"\")","v":""}]
[null,null,"Hillsborough",null,null,null,null,null,null,null,null,null,null,null,null,null,null,null,null,{"$f":"IF('Stage 1'!M147:N147=\"Yes\",'Stage 1'!A147:B147,\"\")","v":""},{"$f":"IF(AND('Stage 1'!$D$9 =\"Ramp Terminal Intersection\",Input!E42=\"Yes\"),T28,\"\")","v":""},{"$f":"IFERROR(INDEX($U$1:$U$45,SMALL(IF($U$1:$U$45<>\"\",ROW($U$1:$U$45)),ROW(V28))),\"\")","v":""}]
[null,null,"Holmes",null,null,null,null,null,null,null,null,null,null,null,null,null,null,null,null,{"$f":"IF('Stage 1'!M148:N148=\"Yes\",'Stage 1'!A148:B148,\"\")","v":""},{"$f":"IF(AND('Stage 1'!$D$9 =\"Ramp Terminal Intersection\",Input!E43=\"Yes\"),T29,\"\")","v":""},{"$f":"IFERROR(INDEX($U$1:$U$45,SMALL(IF($U$1:$U$45<>\"\",ROW($U$1:$U$45)),ROW(V29))),\"\")","v":""}]
[null,null,"Indian River",null,null,null,null,null,null,null,null,null,null,null,null,null,null,null,null,{"$f":"IF('Stage 1'!M149:N149=\"Yes\",'Stage 1'!A149:B149,\"\")","v":""},{"$f":"IF(AND('Stage 1'!$D$9 =\"Ramp Terminal Intersection\",Input!E44=\"Yes\"),T30,\"\")","v":""},{"$f":"IFERROR(INDEX($U$1:$U$45,SMALL(IF($U$1:$U$45<>\"\",ROW($U$1:$U$45)),ROW(V30))),\"\")","v":""}]
[null,null,"Jackson",null,null,null,null,null,null,null,null,null,null,null,null,null,null,null,null,{"$f":"IF('Stage 1'!M150:N150=\"Yes\",'Stage 1'!A150:B150,\"\")","v":""},{"$f":"IF(AND('Stage 1'!$D$9 =\"Ramp Terminal Intersection\",Input!E45=\"Yes\"),T31,\"\")","v":""},{"$f":"IFERROR(INDEX($U$1:$U$45,SMALL(IF($U$1:$U$45<>\"\",ROW($U$1:$U$45)),ROW(V31))),\"\")","v":""}]
[null,null,"Jefferson",null,null,null,null,null,null,null,null,null,null,null,null,null,null,null,null,{"$f":"IF('Stage 1'!M151:N151=\"Yes\",'Stage 1'!A151:B151,\"\")","v":""},{"$f":"IF(AND('Stage 1'!$D$9 =\"Ramp Terminal Intersection\",Input!E46=\"Yes\"),T32,\"\")","v":""},{"$f":"IFERROR(INDEX($U$1:$U$45,SMALL(IF($U$1:$U$45<>\"\",ROW($U$1:$U$45)),ROW(V32))),\"\")","v":""}]
[null,null,"Lafayette",null,null,null,null,null,null,null,null,null,null,null,null,null,null,null,null,{"$f":"IF('Stage 1'!M152:N152=\"Yes\",'Stage 1'!A152:B152,\"\")","v":""},{"$f":"IF(AND('Stage 1'!$D$9 =\"Ramp Terminal Intersection\",Input!E47=\"Yes\"),T33,\"\")","v":""},{"$f":"IFERROR(INDEX($U$1:$U$45,SMALL(IF($U$1:$U$45<>\"\",ROW($U$1:$U$45)),ROW(V33))),\"\")","v":""}]
[null,null,"Lake",null,null,null,null,null,null,null,null,null,null,null,null,null,null,null,null,{"$f":"IF('Stage 1'!M153:N153=\"Yes\",'Stage 1'!A153:B153,\"\")","v":""},{"$f":"IF(AND('Stage 1'!$D$9 =\"Ramp Terminal Intersection\",Input!E48=\"Yes\"),T34,\"\")","v":""},{"$f":"IFERROR(INDEX($U$1:$U$45,SMALL(IF($U$1:$U$45<>\"\",ROW($U$1:$U$45)),ROW(V34))),\"\")","v":""}]
[null,null,"Lee",null,null,null,null,null,null,null,null,null,null,null,null,null,null,null,null,{"$f":"IF('Stage 1'!M154:N154=\"Yes\",'Stage 1'!A154:B154,\"\")","v":""},{"$f":"IF(AND('Stage 1'!$D$9 =\"Ramp Terminal Intersection\",Input!E49=\"Yes\"),T35,\"\")","v":""},{"$f":"IFERROR(INDEX($U$1:$U$45,SMALL(IF($U$1:$U$45<>\"\",ROW($U$1:$U$45)),ROW(V35))),\"\")","v":""}]
[null,null,"Leon",null,null,null,null,null,null,null,null,null,null,null,null,null,null,null,null,{"$f":"IF('Stage 1'!M155:N155=\"Yes\",'Stage 1'!A155:B155,\"\")","v":""},{"$f":"IF(AND('Stage 1'!$D$9 =\"Ramp Terminal Intersection\",Input!E50=\"Yes\"),T36,\"\")","v":""},{"$f":"IFERROR(INDEX($U$1:$U$45,SMALL(IF($U$1:$U$45<>\"\",ROW($U$1:$U$45)),ROW(V36))),\"\")","v":""}]
[null,null,"Levy",null,null,null,null,null,null,null,null,null,null,null,null,null,null,null,null,{"$f":"IF('Stage 1'!M156:N156=\"Yes\",'Stage 1'!A156:B156,\"\")","v":""},{"$f":"IF(AND('Stage 1'!$D$9 =\"Ramp Terminal Intersection\",Input!E51=\"Yes\"),T37,\"\")","v":""},{"$f":"IFERROR(INDEX($U$1:$U$45,SMALL(IF($U$1:$U$45<>\"\",ROW($U$1:$U$45)),ROW(V37))),\"\")","v":""}]
[null,null,"Liberty",null,null,null,null,null,null,null,null,null,null,null,null,null,null,null,null,{"$f":"IF('Stage 1'!M157:N157=\"Yes\",'Stage 1'!A157:B157,\"\")","v":""},{"$f":"IF(AND('Stage 1'!$D$9 =\"Ramp Terminal Intersection\",Input!E52=\"Yes\"),T38,\"\")","v":""},{"$f":"IFERROR(INDEX($U$1:$U$45,SMALL(IF($U$1:$U$45<>\"\",ROW($U$1:$U$45)),ROW(V38))),\"\")","v":""}]
[null,null,"Madison",null,null,null,null,null,null,null,null,null,null,null,null,null,null,null,null,{"$f":"IF('Stage 1'!M158:N158=\"Yes\",'Stage 1'!A158:B158,\"\")","v":""},{"$f":"IF(AND('Stage 1'!$D$9 =\"Ramp Terminal Intersection\",Input!E53=\"Yes\"),T39,\"\")","v":""},{"$f":"IFERROR(INDEX($U$1:$U$45,SMALL(IF($U$1:$U$45<>\"\",ROW($U$1:$U$45)),ROW(V39))),\"\")","v":""}]
[null,null,"Manatee",null,null,null,null,null,null,null,null,null,null,null,null,null,null,null,null,{"$f":"IF('Stage 1'!M159:N159=\"Yes\",'Stage 1'!A159:B159,\"\")","v":""},{"$f":"IF(AND('Stage 1'!$D$9 =\"Ramp Terminal Intersection\",Input!E54=\"Yes\"),T40,\"\")","v":""},{"$f":"IFERROR(INDEX($U$1:$U$45,SMALL(IF($U$1:$U$45<>\"\",ROW($U$1:$U$45)),ROW(V40))),\"\")","v":""}]
[null,null,"Marion",null,null,null,null,null,null,null,null,null,null,null,null,null,null,null,null,{"$f":"IF('Stage 1'!M160:N160=\"Yes\",'Stage 1'!A160:B160,\"\")","v":""},{"$f":"IF(AND('Stage 1'!$D$9 =\"Ramp Terminal Intersection\",Input!E55=\"Yes\"),T41,\"\")","v":""},{"$f":"IFERROR(INDEX($U$1:$U$45,SMALL(IF($U$1:$U$45<>\"\",ROW($U$1:$U$45)),ROW(V41))),\"\")","v":""}]
[null,null,"Martin",null,null,null,null,null,null,null,null,null,null,null,null,null,null,null,null,{"$f":"IF('Stage 1'!M161:N161=\"Yes\",'Stage 1'!A161:B161,\"\")","v":""},{"$f":"IF(AND('Stage 1'!$D$9 =\"Ramp Terminal Intersection\",Input!E56=\"Yes\"),T42,\"\")","v":""},{"$f":"IFERROR(INDEX($U$1:$U$45,SMALL(IF($U$1:$U$45<>\"\",ROW($U$1:$U$45)),ROW(V42))),\"\")","v":""}]
[null,null,"Miami-Dade",null,null,null,null,null,null,null,null,null,null,null,null,null,null,null,null,{"$f":"IF('Stage 1'!M162:N162=\"Yes\",'Stage 1'!A162:B162,\"\")","v":""},{"$f":"IF(AND('Stage 1'!$D$9 =\"Ramp Terminal Intersection\",Input!E57=\"Yes\"),T43,\"\")","v":""},{"$f":"IFERROR(INDEX($U$1:$U$45,SMALL(IF($U$1:$U$45<>\"\",ROW($U$1:$U$45)),ROW(V43))),\"\")","v":""}]
[null,null,"Monroe",null,null,null,null,null,null,null,null,null,null,null,null,null,null,null,null,{"$f":"IF('Stage 1'!M163:N163=\"Yes\",'Stage 1'!A163:B163,\"\")","v":""},{"$f":"IF(AND('Stage 1'!$D$9 =\"Ramp Terminal Intersection\",Input!E58=\"Yes\"),T44,\"\")","v":""},{"$f":"IFERROR(INDEX($U$1:$U$45,SMALL(IF($U$1:$U$45<>\"\",ROW($U$1:$U$45)),ROW(V44))),\"\")","v":""}]
[null,null,"Nassau",null,null,null,null,null,null,null,null,null,null,null,null,null,null,null,null,{"$f":"IF('Stage 1'!M164:N164=\"Yes\",'Stage 1'!A164:B164,\"\")","v":""},{"$f":"IF(AND('Stage 1'!$D$9 =\"Ramp Terminal Intersection\",Input!E59=\"Yes\"),T45,\"\")","v":""},{"$f":"IFERROR(INDEX($U$1:$U$45,SMALL(IF($U$1:$U$45<>\"\",ROW($U$1:$U$45)),ROW(V45))),\"\")","v":""}]
[null,null,"Okaloosa"]
[null,null,"Okeechobee"]
[null,null,"Orange"]
[null,null,"Osceola"]
[null,null,"Palm Beach"]
[null,null,"Pasco"]
[null,null,"Pinellas"]
[null,null,"Polk"]
[null,null,"Putnam"]
[null,null,"St. Johns"]
[null,null,"St. Lucie"]
[null,null,"Santa Rosa"]
[null,null,"Sarasota"]
[null,null,"Seminole"]
[null,null,"Sumter"]
[null,null,"Suwannee"]
[null,null,"Taylor"]
[null,null,"Union"]
[null,null,"Volusia"]
[null,null,"Wakulla"]
[null,null,"Walton"]
[null,null,"Washington"]