{"text_format":"1","workbook":"xlsx","n_sheets":4,"sheets":["AVI (Desc)","AVI (Code)","AVI Antenna (Desc)","AVI Antenna (Code)"],"not_rendered":{"charts":0,"images":0,"macros":1,"external_links":1,"defined_names":15,"comments":4,"pivot_tables":0},"unopened":[],"bounds":{"document_bytes":16777216,"sheet_cells":100000,"rows_first":2000,"rows_last":500,"rows_between":2000,"halvings":0,"cell_chars":16384,"cell_head_chars":4096},"cells_cut":0,"cells_raw":0,"read":"whole","date_system":"1900"}

{"sheet":"AVI (Desc)","index":0,"n_rows":2,"n_cols":10,"rows_kept":2,"cut":false,"hidden":false,"merged":[]}
["Site Identification Name","Device Name","Asset ID Number","Asset ID Source","Longitude","Latitude","Facility Owner","County","Installed Date (YYYY/MM/DD)","Sensor Type"]
["SITE_NO\nREQUIRED FIELD","NAME\nREQUIRED FIELD","ASSET_ID","ASSET_ID_SOURCE","PRIM GEOM (X)\nREQUIRED FIELD","PRIM GEOM (Y)\nREQUIRED FIELD","OWNER_CD\nREQUIRED FIELD","COUNTY_CD\nREQUIRED FIELD","DATE_INSTALLED","AVI_SENSOR_TYPE_CD\n"]

{"sheet":"AVI (Code)","index":1,"n_rows":202,"n_cols":10,"rows_kept":202,"cut":false,"hidden":false,"merged":[]}
["Site Identification Name","Device Name","Asset ID Number","Asset ID Source","Latitude ","Longitude","Facility Owner","County","Installed Date (YYYY/MM/DD)","Sensor Type"]
["SITE_NO                            REQUIRED FIELD","NAME                       REQUIRED FIELD","ASSET_ID","ASSET_ID_SOURCE","PRIM GEOM (X) REQUIRED FIELD","PRIM GEOM (Y) REQUIRED FIELD","OWNER_CD REQUIRED FIELD","COUNTY_CD REQUIRED FIELD","DATE_INSTALLED","AVI_SENSOR_TYPE_CD"]
[{"$f":"IF('AVI (Desc)'!A3=\"\",\"\",'AVI (Desc)'!A3)","v":""},{"$f":"IF('AVI (Desc)'!B3=\"\",\"\",'AVI (Desc)'!B3)","v":""},{"$f":"IF('AVI (Desc)'!C3=\"\",\"\",'AVI (Desc)'!C3)","v":""},{"$f":"IF('AVI (Desc)'!D3=\"\",\"\",INDEX([1]ASSET_ID_SOURCE!$A$2:$A$50,MATCH('AVI (Desc)'!D3,[1]!MASTER_ASSET_ID_SOURCE_DESC,0),0))","v":""},{"$f":"IF('AVI (Desc)'!E3=\"\",\"\",'AVI (Desc)'!E3)","v":""},{"$f":"IF('AVI (Desc)'!F3=\"\",\"\",'AVI (Desc)'!F3)","v":""},{"$f":"IF('AVI (Desc)'!G3=\"\",\"\",INDEX([1]OWNER!$A$2:$A$100,MATCH('AVI (Desc)'!$G3,[1]!MASTER_OWNER_DESC[#Data],0),0))","v":""},{"$f":"IF('AVI (Desc)'!H3=\"\",\"\",INDEX([1]COUNTY!$A$2:$A$80,MATCH('AVI (Desc)'!H3,[1]!MASTER_COUNTY_NAME[#Data],0),0))","v":""},{"$f":"IF('AVI (Desc)'!I3=\"\",\"\",'AVI (Desc)'!I3)","v":""},{"$f":"IF('AVI (Desc)'!J3=\"\",\"\",INDEX([1]AVI_SENSOR_TYPE!$A$2:$A$7,MATCH('AVI (Desc)'!J3,[1]!MASTER_AVI_SENSOR_TYPE_DESC,0),0))","v":""}]
[{"$f":"IF('AVI (Desc)'!A4=\"\",\"\",'AVI (Desc)'!A4)","v":""},{"$f":"IF('AVI (Desc)'!B4=\"\",\"\",'AVI (Desc)'!B4)","v":""},{"$f":"IF('AVI (Desc)'!C4=\"\",\"\",'AVI (Desc)'!C4)","v":""},{"$f":"IF('AVI (Desc)'!D4=\"\",\"\",INDEX([1]ASSET_ID_SOURCE!$A$2:$A$50,MATCH('AVI (Desc)'!D4,[1]!MASTER_ASSET_ID_SOURCE_DESC,0),0))","v":""},{"$f":"IF('AVI (Desc)'!E4=\"\",\"\",'AVI (Desc)'!E4)","v":""},{"$f":"IF('AVI (Desc)'!F4=\"\",\"\",'AVI (Desc)'!F4)","v":""},{"$f":"IF('AVI (Desc)'!G4=\"\",\"\",INDEX([1]OWNER!$A$2:$A$100,MATCH('AVI (Desc)'!$G4,[1]!MASTER_OWNER_DESC[#Data],0),0))","v":""},{"$f":"IF('AVI (Desc)'!H4=\"\",\"\",INDEX([1]COUNTY!$A$2:$A$80,MATCH('AVI (Desc)'!H4,[1]!MASTER_COUNTY_NAME[#Data],0),0))","v":""},{"$f":"IF('AVI (Desc)'!I4=\"\",\"\",'AVI (Desc)'!I4)","v":""},{"$f":"IF('AVI (Desc)'!J4=\"\",\"\",INDEX([1]AVI_SENSOR_TYPE!$A$2:$A$7,MATCH('AVI (Desc)'!J4,[1]!MASTER_AVI_SENSOR_TYPE_DESC,0),0))","v":""}]
[{"$f":"IF('AVI (Desc)'!A5=\"\",\"\",'AVI (Desc)'!A5)","v":""},{"$f":"IF('AVI (Desc)'!B5=\"\",\"\",'AVI (Desc)'!B5)","v":""},{"$f":"IF('AVI (Desc)'!C5=\"\",\"\",'AVI (Desc)'!C5)","v":""},{"$f":"IF('AVI (Desc)'!D5=\"\",\"\",INDEX([1]ASSET_ID_SOURCE!$A$2:$A$50,MATCH('AVI (Desc)'!D5,[1]!MASTER_ASSET_ID_SOURCE_DESC,0),0))","v":""},{"$f":"IF('AVI (Desc)'!E5=\"\",\"\",'AVI (Desc)'!E5)","v":""},{"$f":"IF('AVI (Desc)'!F5=\"\",\"\",'AVI (Desc)'!F5)","v":""},{"$f":"IF('AVI (Desc)'!G5=\"\",\"\",INDEX([1]OWNER!$A$2:$A$100,MATCH('AVI (Desc)'!$G5,[1]!MASTER_OWNER_DESC[#Data],0),0))","v":""},{"$f":"IF('AVI (Desc)'!H5=\"\",\"\",INDEX([1]COUNTY!$A$2:$A$80,MATCH('AVI (Desc)'!H5,[1]!MASTER_COUNTY_NAME[#Data],0),0))","v":""},{"$f":"IF('AVI (Desc)'!I5=\"\",\"\",'AVI (Desc)'!I5)","v":""},{"$f":"IF('AVI (Desc)'!J5=\"\",\"\",INDEX([1]AVI_SENSOR_TYPE!$A$2:$A$7,MATCH('AVI (Desc)'!J5,[1]!MASTER_AVI_SENSOR_TYPE_DESC,0),0))","v":""}]
[{"$f":"IF('AVI (Desc)'!A6=\"\",\"\",'AVI (Desc)'!A6)","v":""},{"$f":"IF('AVI (Desc)'!B6=\"\",\"\",'AVI (Desc)'!B6)","v":""},{"$f":"IF('AVI (Desc)'!C6=\"\",\"\",'AVI (Desc)'!C6)","v":""},{"$f":"IF('AVI (Desc)'!D6=\"\",\"\",INDEX([1]ASSET_ID_SOURCE!$A$2:$A$50,MATCH('AVI (Desc)'!D6,[1]!MASTER_ASSET_ID_SOURCE_DESC,0),0))","v":""},{"$f":"IF('AVI (Desc)'!E6=\"\",\"\",'AVI (Desc)'!E6)","v":""},{"$f":"IF('AVI (Desc)'!F6=\"\",\"\",'AVI (Desc)'!F6)","v":""},{"$f":"IF('AVI (Desc)'!G6=\"\",\"\",INDEX([1]OWNER!$A$2:$A$100,MATCH('AVI (Desc)'!$G6,[1]!MASTER_OWNER_DESC[#Data],0),0))","v":""},{"$f":"IF('AVI (Desc)'!H6=\"\",\"\",INDEX([1]COUNTY!$A$2:$A$80,MATCH('AVI (Desc)'!H6,[1]!MASTER_COUNTY_NAME[#Data],0),0))","v":""},{"$f":"IF('AVI (Desc)'!I6=\"\",\"\",'AVI (Desc)'!I6)","v":""},{"$f":"IF('AVI (Desc)'!J6=\"\",\"\",INDEX([1]AVI_SENSOR_TYPE!$A$2:$A$7,MATCH('AVI (Desc)'!J6,[1]!MASTER_AVI_SENSOR_TYPE_DESC,0),0))","v":""}]
[{"$f":"IF('AVI (Desc)'!A7=\"\",\"\",'AVI (Desc)'!A7)","v":""},{"$f":"IF('AVI (Desc)'!B7=\"\",\"\",'AVI (Desc)'!B7)","v":""},{"$f":"IF('AVI (Desc)'!C7=\"\",\"\",'AVI (Desc)'!C7)","v":""},{"$f":"IF('AVI (Desc)'!D7=\"\",\"\",INDEX([1]ASSET_ID_SOURCE!$A$2:$A$50,MATCH('AVI (Desc)'!D7,[1]!MASTER_ASSET_ID_SOURCE_DESC,0),0))","v":""},{"$f":"IF('AVI (Desc)'!E7=\"\",\"\",'AVI (Desc)'!E7)","v":""},{"$f":"IF('AVI (Desc)'!F7=\"\",\"\",'AVI (Desc)'!F7)","v":""},{"$f":"IF('AVI (Desc)'!G7=\"\",\"\",INDEX([1]OWNER!$A$2:$A$100,MATCH('AVI (Desc)'!$G7,[1]!MASTER_OWNER_DESC[#Data],0),0))","v":""},{"$f":"IF('AVI (Desc)'!H7=\"\",\"\",INDEX([1]COUNTY!$A$2:$A$80,MATCH('AVI (Desc)'!H7,[1]!MASTER_COUNTY_NAME[#Data],0),0))","v":""},{"$f":"IF('AVI (Desc)'!I7=\"\",\"\",'AVI (Desc)'!I7)","v":""},{"$f":"IF('AVI (Desc)'!J7=\"\",\"\",INDEX([1]AVI_SENSOR_TYPE!$A$2:$A$7,MATCH('AVI (Desc)'!J7,[1]!MASTER_AVI_SENSOR_TYPE_DESC,0),0))","v":""}]
[{"$f":"IF('AVI (Desc)'!A8=\"\",\"\",'AVI (Desc)'!A8)","v":""},{"$f":"IF('AVI (Desc)'!B8=\"\",\"\",'AVI (Desc)'!B8)","v":""},{"$f":"IF('AVI (Desc)'!C8=\"\",\"\",'AVI (Desc)'!C8)","v":""},{"$f":"IF('AVI (Desc)'!D8=\"\",\"\",INDEX([1]ASSET_ID_SOURCE!$A$2:$A$50,MATCH('AVI (Desc)'!D8,[1]!MASTER_ASSET_ID_SOURCE_DESC,0),0))","v":""},{"$f":"IF('AVI (Desc)'!E8=\"\",\"\",'AVI (Desc)'!E8)","v":""},{"$f":"IF('AVI (Desc)'!F8=\"\",\"\",'AVI (Desc)'!F8)","v":""},{"$f":"IF('AVI (Desc)'!G8=\"\",\"\",INDEX([1]OWNER!$A$2:$A$100,MATCH('AVI (Desc)'!$G8,[1]!MASTER_OWNER_DESC[#Data],0),0))","v":""},{"$f":"IF('AVI (Desc)'!H8=\"\",\"\",INDEX([1]COUNTY!$A$2:$A$80,MATCH('AVI (Desc)'!H8,[1]!MASTER_COUNTY_NAME[#Data],0),0))","v":""},{"$f":"IF('AVI (Desc)'!I8=\"\",\"\",'AVI (Desc)'!I8)","v":""},{"$f":"IF('AVI (Desc)'!J8=\"\",\"\",INDEX([1]AVI_SENSOR_TYPE!$A$2:$A$7,MATCH('AVI (Desc)'!J8,[1]!MASTER_AVI_SENSOR_TYPE_DESC,0),0))","v":""}]
[{"$f":"IF('AVI (Desc)'!A9=\"\",\"\",'AVI (Desc)'!A9)","v":""},{"$f":"IF('AVI (Desc)'!B9=\"\",\"\",'AVI (Desc)'!B9)","v":""},{"$f":"IF('AVI (Desc)'!C9=\"\",\"\",'AVI (Desc)'!C9)","v":""},{"$f":"IF('AVI (Desc)'!D9=\"\",\"\",INDEX([1]ASSET_ID_SOURCE!$A$2:$A$50,MATCH('AVI (Desc)'!D9,[1]!MASTER_ASSET_ID_SOURCE_DESC,0),0))","v":""},{"$f":"IF('AVI (Desc)'!E9=\"\",\"\",'AVI (Desc)'!E9)","v":""},{"$f":"IF('AVI (Desc)'!F9=\"\",\"\",'AVI (Desc)'!F9)","v":""},{"$f":"IF('AVI (Desc)'!G9=\"\",\"\",INDEX([1]OWNER!$A$2:$A$100,MATCH('AVI (Desc)'!$G9,[1]!MASTER_OWNER_DESC[#Data],0),0))","v":""},{"$f":"IF('AVI (Desc)'!H9=\"\",\"\",INDEX([1]COUNTY!$A$2:$A$80,MATCH('AVI (Desc)'!H9,[1]!MASTER_COUNTY_NAME[#Data],0),0))","v":""},{"$f":"IF('AVI (Desc)'!I9=\"\",\"\",'AVI (Desc)'!I9)","v":""},{"$f":"IF('AVI (Desc)'!J9=\"\",\"\",INDEX([1]AVI_SENSOR_TYPE!$A$2:$A$7,MATCH('AVI (Desc)'!J9,[1]!MASTER_AVI_SENSOR_TYPE_DESC,0),0))","v":""}]
[{"$f":"IF('AVI (Desc)'!A10=\"\",\"\",'AVI (Desc)'!A10)","v":""},{"$f":"IF('AVI (Desc)'!B10=\"\",\"\",'AVI (Desc)'!B10)","v":""},{"$f":"IF('AVI (Desc)'!C10=\"\",\"\",'AVI (Desc)'!C10)","v":""},{"$f":"IF('AVI (Desc)'!D10=\"\",\"\",INDEX([1]ASSET_ID_SOURCE!$A$2:$A$50,MATCH('AVI (Desc)'!D10,[1]!MASTER_ASSET_ID_SOURCE_DESC,0),0))","v":""},{"$f":"IF('AVI (Desc)'!E10=\"\",\"\",'AVI (Desc)'!E10)","v":""},{"$f":"IF('AVI (Desc)'!F10=\"\",\"\",'AVI (Desc)'!F10)","v":""},{"$f":"IF('AVI (Desc)'!G10=\"\",\"\",INDEX([1]OWNER!$A$2:$A$100,MATCH('AVI (Desc)'!$G10,[1]!MASTER_OWNER_DESC[#Data],0),0))","v":""},{"$f":"IF('AVI (Desc)'!H10=\"\",\"\",INDEX([1]COUNTY!$A$2:$A$80,MATCH('AVI (Desc)'!H10,[1]!MASTER_COUNTY_NAME[#Data],0),0))","v":""},{"$f":"IF('AVI (Desc)'!I10=\"\",\"\",'AVI (Desc)'!I10)","v":""},{"$f":"IF('AVI (Desc)'!J10=\"\",\"\",INDEX([1]AVI_SENSOR_TYPE!$A$2:$A$7,MATCH('AVI (Desc)'!J10,[1]!MASTER_AVI_SENSOR_TYPE_DESC,0),0))","v":""}]
[{"$f":"IF('AVI (Desc)'!A11=\"\",\"\",'AVI (Desc)'!A11)","v":""},{"$f":"IF('AVI (Desc)'!B11=\"\",\"\",'AVI (Desc)'!B11)","v":""},{"$f":"IF('AVI (Desc)'!C11=\"\",\"\",'AVI (Desc)'!C11)","v":""},{"$f":"IF('AVI (Desc)'!D11=\"\",\"\",INDEX([1]ASSET_ID_SOURCE!$A$2:$A$50,MATCH('AVI (Desc)'!D11,[1]!MASTER_ASSET_ID_SOURCE_DESC,0),0))","v":""},{"$f":"IF('AVI (Desc)'!E11=\"\",\"\",'AVI (Desc)'!E11)","v":""},{"$f":"IF('AVI (Desc)'!F11=\"\",\"\",'AVI (Desc)'!F11)","v":""},{"$f":"IF('AVI (Desc)'!G11=\"\",\"\",INDEX([1]OWNER!$A$2:$A$100,MATCH('AVI (Desc)'!$G11,[1]!MASTER_OWNER_DESC[#Data],0),0))","v":""},{"$f":"IF('AVI (Desc)'!H11=\"\",\"\",INDEX([1]COUNTY!$A$2:$A$80,MATCH('AVI (Desc)'!H11,[1]!MASTER_COUNTY_NAME[#Data],0),0))","v":""},{"$f":"IF('AVI (Desc)'!I11=\"\",\"\",'AVI (Desc)'!I11)","v":""},{"$f":"IF('AVI (Desc)'!J11=\"\",\"\",INDEX([1]AVI_SENSOR_TYPE!$A$2:$A$7,MATCH('AVI (Desc)'!J11,[1]!MASTER_AVI_SENSOR_TYPE_DESC,0),0))","v":""}]
[{"$f":"IF('AVI (Desc)'!A12=\"\",\"\",'AVI (Desc)'!A12)","v":""},{"$f":"IF('AVI (Desc)'!B12=\"\",\"\",'AVI (Desc)'!B12)","v":""},{"$f":"IF('AVI (Desc)'!C12=\"\",\"\",'AVI (Desc)'!C12)","v":""},{"$f":"IF('AVI (Desc)'!D12=\"\",\"\",INDEX([1]ASSET_ID_SOURCE!$A$2:$A$50,MATCH('AVI (Desc)'!D12,[1]!MASTER_ASSET_ID_SOURCE_DESC,0),0))","v":""},{"$f":"IF('AVI (Desc)'!E12=\"\",\"\",'AVI (Desc)'!E12)","v":""},{"$f":"IF('AVI (Desc)'!F12=\"\",\"\",'AVI (Desc)'!F12)","v":""},{"$f":"IF('AVI (Desc)'!G12=\"\",\"\",INDEX([1]OWNER!$A$2:$A$100,MATCH('AVI (Desc)'!$G12,[1]!MASTER_OWNER_DESC[#Data],0),0))","v":""},{"$f":"IF('AVI (Desc)'!H12=\"\",\"\",INDEX([1]COUNTY!$A$2:$A$80,MATCH('AVI (Desc)'!H12,[1]!MASTER_COUNTY_NAME[#Data],0),0))","v":""},{"$f":"IF('AVI (Desc)'!I12=\"\",\"\",'AVI (Desc)'!I12)","v":""},{"$f":"IF('AVI (Desc)'!J12=\"\",\"\",INDEX([1]AVI_SENSOR_TYPE!$A$2:$A$7,MATCH('AVI (Desc)'!J12,[1]!MASTER_AVI_SENSOR_TYPE_DESC,0),0))","v":""}]
[{"$f":"IF('AVI (Desc)'!A13=\"\",\"\",'AVI (Desc)'!A13)","v":""},{"$f":"IF('AVI (Desc)'!B13=\"\",\"\",'AVI (Desc)'!B13)","v":""},{"$f":"IF('AVI (Desc)'!C13=\"\",\"\",'AVI (Desc)'!C13)","v":""},{"$f":"IF('AVI (Desc)'!D13=\"\",\"\",INDEX([1]ASSET_ID_SOURCE!$A$2:$A$50,MATCH('AVI (Desc)'!D13,[1]!MASTER_ASSET_ID_SOURCE_DESC,0),0))","v":""},{"$f":"IF('AVI (Desc)'!E13=\"\",\"\",'AVI (Desc)'!E13)","v":""},{"$f":"IF('AVI (Desc)'!F13=\"\",\"\",'AVI (Desc)'!F13)","v":""},{"$f":"IF('AVI (Desc)'!G13=\"\",\"\",INDEX([1]OWNER!$A$2:$A$100,MATCH('AVI (Desc)'!$G13,[1]!MASTER_OWNER_DESC[#Data],0),0))","v":""},{"$f":"IF('AVI (Desc)'!H13=\"\",\"\",INDEX([1]COUNTY!$A$2:$A$80,MATCH('AVI (Desc)'!H13,[1]!MASTER_COUNTY_NAME[#Data],0),0))","v":""},{"$f":"IF('AVI (Desc)'!I13=\"\",\"\",'AVI (Desc)'!I13)","v":""},{"$f":"IF('AVI (Desc)'!J13=\"\",\"\",INDEX([1]AVI_SENSOR_TYPE!$A$2:$A$7,MATCH('AVI (Desc)'!J13,[1]!MASTER_AVI_SENSOR_TYPE_DESC,0),0))","v":""}]
[{"$f":"IF('AVI (Desc)'!A14=\"\",\"\",'AVI (Desc)'!A14)","v":""},{"$f":"IF('AVI (Desc)'!B14=\"\",\"\",'AVI (Desc)'!B14)","v":""},{"$f":"IF('AVI (Desc)'!C14=\"\",\"\",'AVI (Desc)'!C14)","v":""},{"$f":"IF('AVI (Desc)'!D14=\"\",\"\",INDEX([1]ASSET_ID_SOURCE!$A$2:$A$50,MATCH('AVI (Desc)'!D14,[1]!MASTER_ASSET_ID_SOURCE_DESC,0),0))","v":""},{"$f":"IF('AVI (Desc)'!E14=\"\",\"\",'AVI (Desc)'!E14)","v":""},{"$f":"IF('AVI (Desc)'!F14=\"\",\"\",'AVI (Desc)'!F14)","v":""},{"$f":"IF('AVI (Desc)'!G14=\"\",\"\",INDEX([1]OWNER!$A$2:$A$100,MATCH('AVI (Desc)'!$G14,[1]!MASTER_OWNER_DESC[#Data],0),0))","v":""},{"$f":"IF('AVI (Desc)'!H14=\"\",\"\",INDEX([1]COUNTY!$A$2:$A$80,MATCH('AVI (Desc)'!H14,[1]!MASTER_COUNTY_NAME[#Data],0),0))","v":""},{"$f":"IF('AVI (Desc)'!I14=\"\",\"\",'AVI (Desc)'!I14)","v":""},{"$f":"IF('AVI (Desc)'!J14=\"\",\"\",INDEX([1]AVI_SENSOR_TYPE!$A$2:$A$7,MATCH('AVI (Desc)'!J14,[1]!MASTER_AVI_SENSOR_TYPE_DESC,0),0))","v":""}]
[{"$f":"IF('AVI (Desc)'!A15=\"\",\"\",'AVI (Desc)'!A15)","v":""},{"$f":"IF('AVI (Desc)'!B15=\"\",\"\",'AVI (Desc)'!B15)","v":""},{"$f":"IF('AVI (Desc)'!C15=\"\",\"\",'AVI (Desc)'!C15)","v":""},{"$f":"IF('AVI (Desc)'!D15=\"\",\"\",INDEX([1]ASSET_ID_SOURCE!$A$2:$A$50,MATCH('AVI (Desc)'!D15,[1]!MASTER_ASSET_ID_SOURCE_DESC,0),0))","v":""},{"$f":"IF('AVI (Desc)'!E15=\"\",\"\",'AVI (Desc)'!E15)","v":""},{"$f":"IF('AVI (Desc)'!F15=\"\",\"\",'AVI (Desc)'!F15)","v":""},{"$f":"IF('AVI (Desc)'!G15=\"\",\"\",INDEX([1]OWNER!$A$2:$A$100,MATCH('AVI (Desc)'!$G15,[1]!MASTER_OWNER_DESC[#Data],0),0))","v":""},{"$f":"IF('AVI (Desc)'!H15=\"\",\"\",INDEX([1]COUNTY!$A$2:$A$80,MATCH('AVI (Desc)'!H15,[1]!MASTER_COUNTY_NAME[#Data],0),0))","v":""},{"$f":"IF('AVI (Desc)'!I15=\"\",\"\",'AVI (Desc)'!I15)","v":""},{"$f":"IF('AVI (Desc)'!J15=\"\",\"\",INDEX([1]AVI_SENSOR_TYPE!$A$2:$A$7,MATCH('AVI (Desc)'!J15,[1]!MASTER_AVI_SENSOR_TYPE_DESC,0),0))","v":""}]
[{"$f":"IF('AVI (Desc)'!A16=\"\",\"\",'AVI (Desc)'!A16)","v":""},{"$f":"IF('AVI (Desc)'!B16=\"\",\"\",'AVI (Desc)'!B16)","v":""},{"$f":"IF('AVI (Desc)'!C16=\"\",\"\",'AVI (Desc)'!C16)","v":""},{"$f":"IF('AVI (Desc)'!D16=\"\",\"\",INDEX([1]ASSET_ID_SOURCE!$A$2:$A$50,MATCH('AVI (Desc)'!D16,[1]!MASTER_ASSET_ID_SOURCE_DESC,0),0))","v":""},{"$f":"IF('AVI (Desc)'!E16=\"\",\"\",'AVI (Desc)'!E16)","v":""},{"$f":"IF('AVI (Desc)'!F16=\"\",\"\",'AVI (Desc)'!F16)","v":""},{"$f":"IF('AVI (Desc)'!G16=\"\",\"\",INDEX([1]OWNER!$A$2:$A$100,MATCH('AVI (Desc)'!$G16,[1]!MASTER_OWNER_DESC[#Data],0),0))","v":""},{"$f":"IF('AVI (Desc)'!H16=\"\",\"\",INDEX([1]COUNTY!$A$2:$A$80,MATCH('AVI (Desc)'!H16,[1]!MASTER_COUNTY_NAME[#Data],0),0))","v":""},{"$f":"IF('AVI (Desc)'!I16=\"\",\"\",'AVI (Desc)'!I16)","v":""},{"$f":"IF('AVI (Desc)'!J16=\"\",\"\",INDEX([1]AVI_SENSOR_TYPE!$A$2:$A$7,MATCH('AVI (Desc)'!J16,[1]!MASTER_AVI_SENSOR_TYPE_DESC,0),0))","v":""}]
[{"$f":"IF('AVI (Desc)'!A17=\"\",\"\",'AVI (Desc)'!A17)","v":""},{"$f":"IF('AVI (Desc)'!B17=\"\",\"\",'AVI (Desc)'!B17)","v":""},{"$f":"IF('AVI (Desc)'!C17=\"\",\"\",'AVI (Desc)'!C17)","v":""},{"$f":"IF('AVI (Desc)'!D17=\"\",\"\",INDEX([1]ASSET_ID_SOURCE!$A$2:$A$50,MATCH('AVI (Desc)'!D17,[1]!MASTER_ASSET_ID_SOURCE_DESC,0),0))","v":""},{"$f":"IF('AVI (Desc)'!E17=\"\",\"\",'AVI (Desc)'!E17)","v":""},{"$f":"IF('AVI (Desc)'!F17=\"\",\"\",'AVI (Desc)'!F17)","v":""},{"$f":"IF('AVI (Desc)'!G17=\"\",\"\",INDEX([1]OWNER!$A$2:$A$100,MATCH('AVI (Desc)'!$G17,[1]!MASTER_OWNER_DESC[#Data],0),0))","v":""},{"$f":"IF('AVI (Desc)'!H17=\"\",\"\",INDEX([1]COUNTY!$A$2:$A$80,MATCH('AVI (Desc)'!H17,[1]!MASTER_COUNTY_NAME[#Data],0),0))","v":""},{"$f":"IF('AVI (Desc)'!I17=\"\",\"\",'AVI (Desc)'!I17)","v":""},{"$f":"IF('AVI (Desc)'!J17=\"\",\"\",INDEX([1]AVI_SENSOR_TYPE!$A$2:$A$7,MATCH('AVI (Desc)'!J17,[1]!MASTER_AVI_SENSOR_TYPE_DESC,0),0))","v":""}]
[{"$f":"IF('AVI (Desc)'!A18=\"\",\"\",'AVI (Desc)'!A18)","v":""},{"$f":"IF('AVI (Desc)'!B18=\"\",\"\",'AVI (Desc)'!B18)","v":""},{"$f":"IF('AVI (Desc)'!C18=\"\",\"\",'AVI (Desc)'!C18)","v":""},{"$f":"IF('AVI (Desc)'!D18=\"\",\"\",INDEX([1]ASSET_ID_SOURCE!$A$2:$A$50,MATCH('AVI (Desc)'!D18,[1]!MASTER_ASSET_ID_SOURCE_DESC,0),0))","v":""},{"$f":"IF('AVI (Desc)'!E18=\"\",\"\",'AVI (Desc)'!E18)","v":""},{"$f":"IF('AVI (Desc)'!F18=\"\",\"\",'AVI (Desc)'!F18)","v":""},{"$f":"IF('AVI (Desc)'!G18=\"\",\"\",INDEX([1]OWNER!$A$2:$A$100,MATCH('AVI (Desc)'!$G18,[1]!MASTER_OWNER_DESC[#Data],0),0))","v":""},{"$f":"IF('AVI (Desc)'!H18=\"\",\"\",INDEX([1]COUNTY!$A$2:$A$80,MATCH('AVI (Desc)'!H18,[1]!MASTER_COUNTY_NAME[#Data],0),0))","v":""},{"$f":"IF('AVI (Desc)'!I18=\"\",\"\",'AVI (Desc)'!I18)","v":""},{"$f":"IF('AVI (Desc)'!J18=\"\",\"\",INDEX([1]AVI_SENSOR_TYPE!$A$2:$A$7,MATCH('AVI (Desc)'!J18,[1]!MASTER_AVI_SENSOR_TYPE_DESC,0),0))","v":""}]
[{"$f":"IF('AVI (Desc)'!A19=\"\",\"\",'AVI (Desc)'!A19)","v":""},{"$f":"IF('AVI (Desc)'!B19=\"\",\"\",'AVI (Desc)'!B19)","v":""},{"$f":"IF('AVI (Desc)'!C19=\"\",\"\",'AVI (Desc)'!C19)","v":""},{"$f":"IF('AVI (Desc)'!D19=\"\",\"\",INDEX([1]ASSET_ID_SOURCE!$A$2:$A$50,MATCH('AVI (Desc)'!D19,[1]!MASTER_ASSET_ID_SOURCE_DESC,0),0))","v":""},{"$f":"IF('AVI (Desc)'!E19=\"\",\"\",'AVI (Desc)'!E19)","v":""},{"$f":"IF('AVI (Desc)'!F19=\"\",\"\",'AVI (Desc)'!F19)","v":""},{"$f":"IF('AVI (Desc)'!G19=\"\",\"\",INDEX([1]OWNER!$A$2:$A$100,MATCH('AVI (Desc)'!$G19,[1]!MASTER_OWNER_DESC[#Data],0),0))","v":""},{"$f":"IF('AVI (Desc)'!H19=\"\",\"\",INDEX([1]COUNTY!$A$2:$A$80,MATCH('AVI (Desc)'!H19,[1]!MASTER_COUNTY_NAME[#Data],0),0))","v":""},{"$f":"IF('AVI (Desc)'!I19=\"\",\"\",'AVI (Desc)'!I19)","v":""},{"$f":"IF('AVI (Desc)'!J19=\"\",\"\",INDEX([1]AVI_SENSOR_TYPE!$A$2:$A$7,MATCH('AVI (Desc)'!J19,[1]!MASTER_AVI_SENSOR_TYPE_DESC,0),0))","v":""}]
[{"$f":"IF('AVI (Desc)'!A20=\"\",\"\",'AVI (Desc)'!A20)","v":""},{"$f":"IF('AVI (Desc)'!B20=\"\",\"\",'AVI (Desc)'!B20)","v":""},{"$f":"IF('AVI (Desc)'!C20=\"\",\"\",'AVI (Desc)'!C20)","v":""},{"$f":"IF('AVI (Desc)'!D20=\"\",\"\",INDEX([1]ASSET_ID_SOURCE!$A$2:$A$50,MATCH('AVI (Desc)'!D20,[1]!MASTER_ASSET_ID_SOURCE_DESC,0),0))","v":""},{"$f":"IF('AVI (Desc)'!E20=\"\",\"\",'AVI (Desc)'!E20)","v":""},{"$f":"IF('AVI (Desc)'!F20=\"\",\"\",'AVI (Desc)'!F20)","v":""},{"$f":"IF('AVI (Desc)'!G20=\"\",\"\",INDEX([1]OWNER!$A$2:$A$100,MATCH('AVI (Desc)'!$G20,[1]!MASTER_OWNER_DESC[#Data],0),0))","v":""},{"$f":"IF('AVI (Desc)'!H20=\"\",\"\",INDEX([1]COUNTY!$A$2:$A$80,MATCH('AVI (Desc)'!H20,[1]!MASTER_COUNTY_NAME[#Data],0),0))","v":""},{"$f":"IF('AVI (Desc)'!I20=\"\",\"\",'AVI (Desc)'!I20)","v":""},{"$f":"IF('AVI (Desc)'!J20=\"\",\"\",INDEX([1]AVI_SENSOR_TYPE!$A$2:$A$7,MATCH('AVI (Desc)'!J20,[1]!MASTER_AVI_SENSOR_TYPE_DESC,0),0))","v":""}]
[{"$f":"IF('AVI (Desc)'!A21=\"\",\"\",'AVI (Desc)'!A21)","v":""},{"$f":"IF('AVI (Desc)'!B21=\"\",\"\",'AVI (Desc)'!B21)","v":""},{"$f":"IF('AVI (Desc)'!C21=\"\",\"\",'AVI (Desc)'!C21)","v":""},{"$f":"IF('AVI (Desc)'!D21=\"\",\"\",INDEX([1]ASSET_ID_SOURCE!$A$2:$A$50,MATCH('AVI (Desc)'!D21,[1]!MASTER_ASSET_ID_SOURCE_DESC,0),0))","v":""},{"$f":"IF('AVI (Desc)'!E21=\"\",\"\",'AVI (Desc)'!E21)","v":""},{"$f":"IF('AVI (Desc)'!F21=\"\",\"\",'AVI (Desc)'!F21)","v":""},{"$f":"IF('AVI (Desc)'!G21=\"\",\"\",INDEX([1]OWNER!$A$2:$A$100,MATCH('AVI (Desc)'!$G21,[1]!MASTER_OWNER_DESC[#Data],0),0))","v":""},{"$f":"IF('AVI (Desc)'!H21=\"\",\"\",INDEX([1]COUNTY!$A$2:$A$80,MATCH('AVI (Desc)'!H21,[1]!MASTER_COUNTY_NAME[#Data],0),0))","v":""},{"$f":"IF('AVI (Desc)'!I21=\"\",\"\",'AVI (Desc)'!I21)","v":""},{"$f":"IF('AVI (Desc)'!J21=\"\",\"\",INDEX([1]AVI_SENSOR_TYPE!$A$2:$A$7,MATCH('AVI (Desc)'!J21,[1]!MASTER_AVI_SENSOR_TYPE_DESC,0),0))","v":""}]
[{"$f":"IF('AVI (Desc)'!A22=\"\",\"\",'AVI (Desc)'!A22)","v":""},{"$f":"IF('AVI (Desc)'!B22=\"\",\"\",'AVI (Desc)'!B22)","v":""},{"$f":"IF('AVI (Desc)'!C22=\"\",\"\",'AVI (Desc)'!C22)","v":""},{"$f":"IF('AVI (Desc)'!D22=\"\",\"\",INDEX([1]ASSET_ID_SOURCE!$A$2:$A$50,MATCH('AVI (Desc)'!D22,[1]!MASTER_ASSET_ID_SOURCE_DESC,0),0))","v":""},{"$f":"IF('AVI (Desc)'!E22=\"\",\"\",'AVI (Desc)'!E22)","v":""},{"$f":"IF('AVI (Desc)'!F22=\"\",\"\",'AVI (Desc)'!F22)","v":""},{"$f":"IF('AVI (Desc)'!G22=\"\",\"\",INDEX([1]OWNER!$A$2:$A$100,MATCH('AVI (Desc)'!$G22,[1]!MASTER_OWNER_DESC[#Data],0),0))","v":""},{"$f":"IF('AVI (Desc)'!H22=\"\",\"\",INDEX([1]COUNTY!$A$2:$A$80,MATCH('AVI (Desc)'!H22,[1]!MASTER_COUNTY_NAME[#Data],0),0))","v":""},{"$f":"IF('AVI (Desc)'!I22=\"\",\"\",'AVI (Desc)'!I22)","v":""},{"$f":"IF('AVI (Desc)'!J22=\"\",\"\",INDEX([1]AVI_SENSOR_TYPE!$A$2:$A$7,MATCH('AVI (Desc)'!J22,[1]!MASTER_AVI_SENSOR_TYPE_DESC,0),0))","v":""}]
[{"$f":"IF('AVI (Desc)'!A23=\"\",\"\",'AVI (Desc)'!A23)","v":""},{"$f":"IF('AVI (Desc)'!B23=\"\",\"\",'AVI (Desc)'!B23)","v":""},{"$f":"IF('AVI (Desc)'!C23=\"\",\"\",'AVI (Desc)'!C23)","v":""},{"$f":"IF('AVI (Desc)'!D23=\"\",\"\",INDEX([1]ASSET_ID_SOURCE!$A$2:$A$50,MATCH('AVI (Desc)'!D23,[1]!MASTER_ASSET_ID_SOURCE_DESC,0),0))","v":""},{"$f":"IF('AVI (Desc)'!E23=\"\",\"\",'AVI (Desc)'!E23)","v":""},{"$f":"IF('AVI (Desc)'!F23=\"\",\"\",'AVI (Desc)'!F23)","v":""},{"$f":"IF('AVI (Desc)'!G23=\"\",\"\",INDEX([1]OWNER!$A$2:$A$100,MATCH('AVI (Desc)'!$G23,[1]!MASTER_OWNER_DESC[#Data],0),0))","v":""},{"$f":"IF('AVI (Desc)'!H23=\"\",\"\",INDEX([1]COUNTY!$A$2:$A$80,MATCH('AVI (Desc)'!H23,[1]!MASTER_COUNTY_NAME[#Data],0),0))","v":""},{"$f":"IF('AVI (Desc)'!I23=\"\",\"\",'AVI (Desc)'!I23)","v":""},{"$f":"IF('AVI (Desc)'!J23=\"\",\"\",INDEX([1]AVI_SENSOR_TYPE!$A$2:$A$7,MATCH('AVI (Desc)'!J23,[1]!MASTER_AVI_SENSOR_TYPE_DESC,0),0))","v":""}]
[{"$f":"IF('AVI (Desc)'!A24=\"\",\"\",'AVI (Desc)'!A24)","v":""},{"$f":"IF('AVI (Desc)'!B24=\"\",\"\",'AVI (Desc)'!B24)","v":""},{"$f":"IF('AVI (Desc)'!C24=\"\",\"\",'AVI (Desc)'!C24)","v":""},{"$f":"IF('AVI (Desc)'!D24=\"\",\"\",INDEX([1]ASSET_ID_SOURCE!$A$2:$A$50,MATCH('AVI (Desc)'!D24,[1]!MASTER_ASSET_ID_SOURCE_DESC,0),0))","v":""},{"$f":"IF('AVI (Desc)'!E24=\"\",\"\",'AVI (Desc)'!E24)","v":""},{"$f":"IF('AVI (Desc)'!F24=\"\",\"\",'AVI (Desc)'!F24)","v":""},{"$f":"IF('AVI (Desc)'!G24=\"\",\"\",INDEX([1]OWNER!$A$2:$A$100,MATCH('AVI (Desc)'!$G24,[1]!MASTER_OWNER_DESC[#Data],0),0))","v":""},{"$f":"IF('AVI (Desc)'!H24=\"\",\"\",INDEX([1]COUNTY!$A$2:$A$80,MATCH('AVI (Desc)'!H24,[1]!MASTER_COUNTY_NAME[#Data],0),0))","v":""},{"$f":"IF('AVI (Desc)'!I24=\"\",\"\",'AVI (Desc)'!I24)","v":""},{"$f":"IF('AVI (Desc)'!J24=\"\",\"\",INDEX([1]AVI_SENSOR_TYPE!$A$2:$A$7,MATCH('AVI (Desc)'!J24,[1]!MASTER_AVI_SENSOR_TYPE_DESC,0),0))","v":""}]
[{"$f":"IF('AVI (Desc)'!A25=\"\",\"\",'AVI (Desc)'!A25)","v":""},{"$f":"IF('AVI (Desc)'!B25=\"\",\"\",'AVI (Desc)'!B25)","v":""},{"$f":"IF('AVI (Desc)'!C25=\"\",\"\",'AVI (Desc)'!C25)","v":""},{"$f":"IF('AVI (Desc)'!D25=\"\",\"\",INDEX([1]ASSET_ID_SOURCE!$A$2:$A$50,MATCH('AVI (Desc)'!D25,[1]!MASTER_ASSET_ID_SOURCE_DESC,0),0))","v":""},{"$f":"IF('AVI (Desc)'!E25=\"\",\"\",'AVI (Desc)'!E25)","v":""},{"$f":"IF('AVI (Desc)'!F25=\"\",\"\",'AVI (Desc)'!F25)","v":""},{"$f":"IF('AVI (Desc)'!G25=\"\",\"\",INDEX([1]OWNER!$A$2:$A$100,MATCH('AVI (Desc)'!$G25,[1]!MASTER_OWNER_DESC[#Data],0),0))","v":""},{"$f":"IF('AVI (Desc)'!H25=\"\",\"\",INDEX([1]COUNTY!$A$2:$A$80,MATCH('AVI (Desc)'!H25,[1]!MASTER_COUNTY_NAME[#Data],0),0))","v":""},{"$f":"IF('AVI (Desc)'!I25=\"\",\"\",'AVI (Desc)'!I25)","v":""},{"$f":"IF('AVI (Desc)'!J25=\"\",\"\",INDEX([1]AVI_SENSOR_TYPE!$A$2:$A$7,MATCH('AVI (Desc)'!J25,[1]!MASTER_AVI_SENSOR_TYPE_DESC,0),0))","v":""}]
[{"$f":"IF('AVI (Desc)'!A26=\"\",\"\",'AVI (Desc)'!A26)","v":""},{"$f":"IF('AVI (Desc)'!B26=\"\",\"\",'AVI (Desc)'!B26)","v":""},{"$f":"IF('AVI (Desc)'!C26=\"\",\"\",'AVI (Desc)'!C26)","v":""},{"$f":"IF('AVI (Desc)'!D26=\"\",\"\",INDEX([1]ASSET_ID_SOURCE!$A$2:$A$50,MATCH('AVI (Desc)'!D26,[1]!MASTER_ASSET_ID_SOURCE_DESC,0),0))","v":""},{"$f":"IF('AVI (Desc)'!E26=\"\",\"\",'AVI (Desc)'!E26)","v":""},{"$f":"IF('AVI (Desc)'!F26=\"\",\"\",'AVI (Desc)'!F26)","v":""},{"$f":"IF('AVI (Desc)'!G26=\"\",\"\",INDEX([1]OWNER!$A$2:$A$100,MATCH('AVI (Desc)'!$G26,[1]!MASTER_OWNER_DESC[#Data],0),0))","v":""},{"$f":"IF('AVI (Desc)'!H26=\"\",\"\",INDEX([1]COUNTY!$A$2:$A$80,MATCH('AVI (Desc)'!H26,[1]!MASTER_COUNTY_NAME[#Data],0),0))","v":""},{"$f":"IF('AVI (Desc)'!I26=\"\",\"\",'AVI (Desc)'!I26)","v":""},{"$f":"IF('AVI (Desc)'!J26=\"\",\"\",INDEX([1]AVI_SENSOR_TYPE!$A$2:$A$7,MATCH('AVI (Desc)'!J26,[1]!MASTER_AVI_SENSOR_TYPE_DESC,0),0))","v":""}]
[{"$f":"IF('AVI (Desc)'!A27=\"\",\"\",'AVI (Desc)'!A27)","v":""},{"$f":"IF('AVI (Desc)'!B27=\"\",\"\",'AVI (Desc)'!B27)","v":""},{"$f":"IF('AVI (Desc)'!C27=\"\",\"\",'AVI (Desc)'!C27)","v":""},{"$f":"IF('AVI (Desc)'!D27=\"\",\"\",INDEX([1]ASSET_ID_SOURCE!$A$2:$A$50,MATCH('AVI (Desc)'!D27,[1]!MASTER_ASSET_ID_SOURCE_DESC,0),0))","v":""},{"$f":"IF('AVI (Desc)'!E27=\"\",\"\",'AVI (Desc)'!E27)","v":""},{"$f":"IF('AVI (Desc)'!F27=\"\",\"\",'AVI (Desc)'!F27)","v":""},{"$f":"IF('AVI (Desc)'!G27=\"\",\"\",INDEX([1]OWNER!$A$2:$A$100,MATCH('AVI (Desc)'!$G27,[1]!MASTER_OWNER_DESC[#Data],0),0))","v":""},{"$f":"IF('AVI (Desc)'!H27=\"\",\"\",INDEX([1]COUNTY!$A$2:$A$80,MATCH('AVI (Desc)'!H27,[1]!MASTER_COUNTY_NAME[#Data],0),0))","v":""},{"$f":"IF('AVI (Desc)'!I27=\"\",\"\",'AVI (Desc)'!I27)","v":""},{"$f":"IF('AVI (Desc)'!J27=\"\",\"\",INDEX([1]AVI_SENSOR_TYPE!$A$2:$A$7,MATCH('AVI (Desc)'!J27,[1]!MASTER_AVI_SENSOR_TYPE_DESC,0),0))","v":""}]
[{"$f":"IF('AVI (Desc)'!A28=\"\",\"\",'AVI (Desc)'!A28)","v":""},{"$f":"IF('AVI (Desc)'!B28=\"\",\"\",'AVI (Desc)'!B28)","v":""},{"$f":"IF('AVI (Desc)'!C28=\"\",\"\",'AVI (Desc)'!C28)","v":""},{"$f":"IF('AVI (Desc)'!D28=\"\",\"\",INDEX([1]ASSET_ID_SOURCE!$A$2:$A$50,MATCH('AVI (Desc)'!D28,[1]!MASTER_ASSET_ID_SOURCE_DESC,0),0))","v":""},{"$f":"IF('AVI (Desc)'!E28=\"\",\"\",'AVI (Desc)'!E28)","v":""},{"$f":"IF('AVI (Desc)'!F28=\"\",\"\",'AVI (Desc)'!F28)","v":""},{"$f":"IF('AVI (Desc)'!G28=\"\",\"\",INDEX([1]OWNER!$A$2:$A$100,MATCH('AVI (Desc)'!$G28,[1]!MASTER_OWNER_DESC[#Data],0),0))","v":""},{"$f":"IF('AVI (Desc)'!H28=\"\",\"\",INDEX([1]COUNTY!$A$2:$A$80,MATCH('AVI (Desc)'!H28,[1]!MASTER_COUNTY_NAME[#Data],0),0))","v":""},{"$f":"IF('AVI (Desc)'!I28=\"\",\"\",'AVI (Desc)'!I28)","v":""},{"$f":"IF('AVI (Desc)'!J28=\"\",\"\",INDEX([1]AVI_SENSOR_TYPE!$A$2:$A$7,MATCH('AVI (Desc)'!J28,[1]!MASTER_AVI_SENSOR_TYPE_DESC,0),0))","v":""}]
[{"$f":"IF('AVI (Desc)'!A29=\"\",\"\",'AVI (Desc)'!A29)","v":""},{"$f":"IF('AVI (Desc)'!B29=\"\",\"\",'AVI (Desc)'!B29)","v":""},{"$f":"IF('AVI (Desc)'!C29=\"\",\"\",'AVI (Desc)'!C29)","v":""},{"$f":"IF('AVI (Desc)'!D29=\"\",\"\",INDEX([1]ASSET_ID_SOURCE!$A$2:$A$50,MATCH('AVI (Desc)'!D29,[1]!MASTER_ASSET_ID_SOURCE_DESC,0),0))","v":""},{"$f":"IF('AVI (Desc)'!E29=\"\",\"\",'AVI (Desc)'!E29)","v":""},{"$f":"IF('AVI (Desc)'!F29=\"\",\"\",'AVI (Desc)'!F29)","v":""},{"$f":"IF('AVI (Desc)'!G29=\"\",\"\",INDEX([1]OWNER!$A$2:$A$100,MATCH('AVI (Desc)'!$G29,[1]!MASTER_OWNER_DESC[#Data],0),0))","v":""},{"$f":"IF('AVI (Desc)'!H29=\"\",\"\",INDEX([1]COUNTY!$A$2:$A$80,MATCH('AVI (Desc)'!H29,[1]!MASTER_COUNTY_NAME[#Data],0),0))","v":""},{"$f":"IF('AVI (Desc)'!I29=\"\",\"\",'AVI (Desc)'!I29)","v":""},{"$f":"IF('AVI (Desc)'!J29=\"\",\"\",INDEX([1]AVI_SENSOR_TYPE!$A$2:$A$7,MATCH('AVI (Desc)'!J29,[1]!MASTER_AVI_SENSOR_TYPE_DESC,0),0))","v":""}]
[{"$f":"IF('AVI (Desc)'!A30=\"\",\"\",'AVI (Desc)'!A30)","v":""},{"$f":"IF('AVI (Desc)'!B30=\"\",\"\",'AVI (Desc)'!B30)","v":""},{"$f":"IF('AVI (Desc)'!C30=\"\",\"\",'AVI (Desc)'!C30)","v":""},{"$f":"IF('AVI (Desc)'!D30=\"\",\"\",INDEX([1]ASSET_ID_SOURCE!$A$2:$A$50,MATCH('AVI (Desc)'!D30,[1]!MASTER_ASSET_ID_SOURCE_DESC,0),0))","v":""},{"$f":"IF('AVI (Desc)'!E30=\"\",\"\",'AVI (Desc)'!E30)","v":""},{"$f":"IF('AVI (Desc)'!F30=\"\",\"\",'AVI (Desc)'!F30)","v":""},{"$f":"IF('AVI (Desc)'!G30=\"\",\"\",INDEX([1]OWNER!$A$2:$A$100,MATCH('AVI (Desc)'!$G30,[1]!MASTER_OWNER_DESC[#Data],0),0))","v":""},{"$f":"IF('AVI (Desc)'!H30=\"\",\"\",INDEX([1]COUNTY!$A$2:$A$80,MATCH('AVI (Desc)'!H30,[1]!MASTER_COUNTY_NAME[#Data],0),0))","v":""},{"$f":"IF('AVI (Desc)'!I30=\"\",\"\",'AVI (Desc)'!I30)","v":""},{"$f":"IF('AVI (Desc)'!J30=\"\",\"\",INDEX([1]AVI_SENSOR_TYPE!$A$2:$A$7,MATCH('AVI (Desc)'!J30,[1]!MASTER_AVI_SENSOR_TYPE_DESC,0),0))","v":""}]
[{"$f":"IF('AVI (Desc)'!A31=\"\",\"\",'AVI (Desc)'!A31)","v":""},{"$f":"IF('AVI (Desc)'!B31=\"\",\"\",'AVI (Desc)'!B31)","v":""},{"$f":"IF('AVI (Desc)'!C31=\"\",\"\",'AVI (Desc)'!C31)","v":""},{"$f":"IF('AVI (Desc)'!D31=\"\",\"\",INDEX([1]ASSET_ID_SOURCE!$A$2:$A$50,MATCH('AVI (Desc)'!D31,[1]!MASTER_ASSET_ID_SOURCE_DESC,0),0))","v":""},{"$f":"IF('AVI (Desc)'!E31=\"\",\"\",'AVI (Desc)'!E31)","v":""},{"$f":"IF('AVI (Desc)'!F31=\"\",\"\",'AVI (Desc)'!F31)","v":""},{"$f":"IF('AVI (Desc)'!G31=\"\",\"\",INDEX([1]OWNER!$A$2:$A$100,MATCH('AVI (Desc)'!$G31,[1]!MASTER_OWNER_DESC[#Data],0),0))","v":""},{"$f":"IF('AVI (Desc)'!H31=\"\",\"\",INDEX([1]COUNTY!$A$2:$A$80,MATCH('AVI (Desc)'!H31,[1]!MASTER_COUNTY_NAME[#Data],0),0))","v":""},{"$f":"IF('AVI (Desc)'!I31=\"\",\"\",'AVI (Desc)'!I31)","v":""},{"$f":"IF('AVI (Desc)'!J31=\"\",\"\",INDEX([1]AVI_SENSOR_TYPE!$A$2:$A$7,MATCH('AVI (Desc)'!J31,[1]!MASTER_AVI_SENSOR_TYPE_DESC,0),0))","v":""}]
[{"$f":"IF('AVI (Desc)'!A32=\"\",\"\",'AVI (Desc)'!A32)","v":""},{"$f":"IF('AVI (Desc)'!B32=\"\",\"\",'AVI (Desc)'!B32)","v":""},{"$f":"IF('AVI (Desc)'!C32=\"\",\"\",'AVI (Desc)'!C32)","v":""},{"$f":"IF('AVI (Desc)'!D32=\"\",\"\",INDEX([1]ASSET_ID_SOURCE!$A$2:$A$50,MATCH('AVI (Desc)'!D32,[1]!MASTER_ASSET_ID_SOURCE_DESC,0),0))","v":""},{"$f":"IF('AVI (Desc)'!E32=\"\",\"\",'AVI (Desc)'!E32)","v":""},{"$f":"IF('AVI (Desc)'!F32=\"\",\"\",'AVI (Desc)'!F32)","v":""},{"$f":"IF('AVI (Desc)'!G32=\"\",\"\",INDEX([1]OWNER!$A$2:$A$100,MATCH('AVI (Desc)'!$G32,[1]!MASTER_OWNER_DESC[#Data],0),0))","v":""},{"$f":"IF('AVI (Desc)'!H32=\"\",\"\",INDEX([1]COUNTY!$A$2:$A$80,MATCH('AVI (Desc)'!H32,[1]!MASTER_COUNTY_NAME[#Data],0),0))","v":""},{"$f":"IF('AVI (Desc)'!I32=\"\",\"\",'AVI (Desc)'!I32)","v":""},{"$f":"IF('AVI (Desc)'!J32=\"\",\"\",INDEX([1]AVI_SENSOR_TYPE!$A$2:$A$7,MATCH('AVI (Desc)'!J32,[1]!MASTER_AVI_SENSOR_TYPE_DESC,0),0))","v":""}]
[{"$f":"IF('AVI (Desc)'!A33=\"\",\"\",'AVI (Desc)'!A33)","v":""},{"$f":"IF('AVI (Desc)'!B33=\"\",\"\",'AVI (Desc)'!B33)","v":""},{"$f":"IF('AVI (Desc)'!C33=\"\",\"\",'AVI (Desc)'!C33)","v":""},{"$f":"IF('AVI (Desc)'!D33=\"\",\"\",INDEX([1]ASSET_ID_SOURCE!$A$2:$A$50,MATCH('AVI (Desc)'!D33,[1]!MASTER_ASSET_ID_SOURCE_DESC,0),0))","v":""},{"$f":"IF('AVI (Desc)'!E33=\"\",\"\",'AVI (Desc)'!E33)","v":""},{"$f":"IF('AVI (Desc)'!F33=\"\",\"\",'AVI (Desc)'!F33)","v":""},{"$f":"IF('AVI (Desc)'!G33=\"\",\"\",INDEX([1]OWNER!$A$2:$A$100,MATCH('AVI (Desc)'!$G33,[1]!MASTER_OWNER_DESC[#Data],0),0))","v":""},{"$f":"IF('AVI (Desc)'!H33=\"\",\"\",INDEX([1]COUNTY!$A$2:$A$80,MATCH('AVI (Desc)'!H33,[1]!MASTER_COUNTY_NAME[#Data],0),0))","v":""},{"$f":"IF('AVI (Desc)'!I33=\"\",\"\",'AVI (Desc)'!I33)","v":""},{"$f":"IF('AVI (Desc)'!J33=\"\",\"\",INDEX([1]AVI_SENSOR_TYPE!$A$2:$A$7,MATCH('AVI (Desc)'!J33,[1]!MASTER_AVI_SENSOR_TYPE_DESC,0),0))","v":""}]
[{"$f":"IF('AVI (Desc)'!A34=\"\",\"\",'AVI (Desc)'!A34)","v":""},{"$f":"IF('AVI (Desc)'!B34=\"\",\"\",'AVI (Desc)'!B34)","v":""},{"$f":"IF('AVI (Desc)'!C34=\"\",\"\",'AVI (Desc)'!C34)","v":""},{"$f":"IF('AVI (Desc)'!D34=\"\",\"\",INDEX([1]ASSET_ID_SOURCE!$A$2:$A$50,MATCH('AVI (Desc)'!D34,[1]!MASTER_ASSET_ID_SOURCE_DESC,0),0))","v":""},{"$f":"IF('AVI (Desc)'!E34=\"\",\"\",'AVI (Desc)'!E34)","v":""},{"$f":"IF('AVI (Desc)'!F34=\"\",\"\",'AVI (Desc)'!F34)","v":""},{"$f":"IF('AVI (Desc)'!G34=\"\",\"\",INDEX([1]OWNER!$A$2:$A$100,MATCH('AVI (Desc)'!$G34,[1]!MASTER_OWNER_DESC[#Data],0),0))","v":""},{"$f":"IF('AVI (Desc)'!H34=\"\",\"\",INDEX([1]COUNTY!$A$2:$A$80,MATCH('AVI (Desc)'!H34,[1]!MASTER_COUNTY_NAME[#Data],0),0))","v":""},{"$f":"IF('AVI (Desc)'!I34=\"\",\"\",'AVI (Desc)'!I34)","v":""},{"$f":"IF('AVI (Desc)'!J34=\"\",\"\",INDEX([1]AVI_SENSOR_TYPE!$A$2:$A$7,MATCH('AVI (Desc)'!J34,[1]!MASTER_AVI_SENSOR_TYPE_DESC,0),0))","v":""}]
[{"$f":"IF('AVI (Desc)'!A35=\"\",\"\",'AVI (Desc)'!A35)","v":""},{"$f":"IF('AVI (Desc)'!B35=\"\",\"\",'AVI (Desc)'!B35)","v":""},{"$f":"IF('AVI (Desc)'!C35=\"\",\"\",'AVI (Desc)'!C35)","v":""},{"$f":"IF('AVI (Desc)'!D35=\"\",\"\",INDEX([1]ASSET_ID_SOURCE!$A$2:$A$50,MATCH('AVI (Desc)'!D35,[1]!MASTER_ASSET_ID_SOURCE_DESC,0),0))","v":""},{"$f":"IF('AVI (Desc)'!E35=\"\",\"\",'AVI (Desc)'!E35)","v":""},{"$f":"IF('AVI (Desc)'!F35=\"\",\"\",'AVI (Desc)'!F35)","v":""},{"$f":"IF('AVI (Desc)'!G35=\"\",\"\",INDEX([1]OWNER!$A$2:$A$100,MATCH('AVI (Desc)'!$G35,[1]!MASTER_OWNER_DESC[#Data],0),0))","v":""},{"$f":"IF('AVI (Desc)'!H35=\"\",\"\",INDEX([1]COUNTY!$A$2:$A$80,MATCH('AVI (Desc)'!H35,[1]!MASTER_COUNTY_NAME[#Data],0),0))","v":""},{"$f":"IF('AVI (Desc)'!I35=\"\",\"\",'AVI (Desc)'!I35)","v":""},{"$f":"IF('AVI (Desc)'!J35=\"\",\"\",INDEX([1]AVI_SENSOR_TYPE!$A$2:$A$7,MATCH('AVI (Desc)'!J35,[1]!MASTER_AVI_SENSOR_TYPE_DESC,0),0))","v":""}]
[{"$f":"IF('AVI (Desc)'!A36=\"\",\"\",'AVI (Desc)'!A36)","v":""},{"$f":"IF('AVI (Desc)'!B36=\"\",\"\",'AVI (Desc)'!B36)","v":""},{"$f":"IF('AVI (Desc)'!C36=\"\",\"\",'AVI (Desc)'!C36)","v":""},{"$f":"IF('AVI (Desc)'!D36=\"\",\"\",INDEX([1]ASSET_ID_SOURCE!$A$2:$A$50,MATCH('AVI (Desc)'!D36,[1]!MASTER_ASSET_ID_SOURCE_DESC,0),0))","v":""},{"$f":"IF('AVI (Desc)'!E36=\"\",\"\",'AVI (Desc)'!E36)","v":""},{"$f":"IF('AVI (Desc)'!F36=\"\",\"\",'AVI (Desc)'!F36)","v":""},{"$f":"IF('AVI (Desc)'!G36=\"\",\"\",INDEX([1]OWNER!$A$2:$A$100,MATCH('AVI (Desc)'!$G36,[1]!MASTER_OWNER_DESC[#Data],0),0))","v":""},{"$f":"IF('AVI (Desc)'!H36=\"\",\"\",INDEX([1]COUNTY!$A$2:$A$80,MATCH('AVI (Desc)'!H36,[1]!MASTER_COUNTY_NAME[#Data],0),0))","v":""},{"$f":"IF('AVI (Desc)'!I36=\"\",\"\",'AVI (Desc)'!I36)","v":""},{"$f":"IF('AVI (Desc)'!J36=\"\",\"\",INDEX([1]AVI_SENSOR_TYPE!$A$2:$A$7,MATCH('AVI (Desc)'!J36,[1]!MASTER_AVI_SENSOR_TYPE_DESC,0),0))","v":""}]
[{"$f":"IF('AVI (Desc)'!A37=\"\",\"\",'AVI (Desc)'!A37)","v":""},{"$f":"IF('AVI (Desc)'!B37=\"\",\"\",'AVI (Desc)'!B37)","v":""},{"$f":"IF('AVI (Desc)'!C37=\"\",\"\",'AVI (Desc)'!C37)","v":""},{"$f":"IF('AVI (Desc)'!D37=\"\",\"\",INDEX([1]ASSET_ID_SOURCE!$A$2:$A$50,MATCH('AVI (Desc)'!D37,[1]!MASTER_ASSET_ID_SOURCE_DESC,0),0))","v":""},{"$f":"IF('AVI (Desc)'!E37=\"\",\"\",'AVI (Desc)'!E37)","v":""},{"$f":"IF('AVI (Desc)'!F37=\"\",\"\",'AVI (Desc)'!F37)","v":""},{"$f":"IF('AVI (Desc)'!G37=\"\",\"\",INDEX([1]OWNER!$A$2:$A$100,MATCH('AVI (Desc)'!$G37,[1]!MASTER_OWNER_DESC[#Data],0),0))","v":""},{"$f":"IF('AVI (Desc)'!H37=\"\",\"\",INDEX([1]COUNTY!$A$2:$A$80,MATCH('AVI (Desc)'!H37,[1]!MASTER_COUNTY_NAME[#Data],0),0))","v":""},{"$f":"IF('AVI (Desc)'!I37=\"\",\"\",'AVI (Desc)'!I37)","v":""},{"$f":"IF('AVI (Desc)'!J37=\"\",\"\",INDEX([1]AVI_SENSOR_TYPE!$A$2:$A$7,MATCH('AVI (Desc)'!J37,[1]!MASTER_AVI_SENSOR_TYPE_DESC,0),0))","v":""}]
[{"$f":"IF('AVI (Desc)'!A38=\"\",\"\",'AVI (Desc)'!A38)","v":""},{"$f":"IF('AVI (Desc)'!B38=\"\",\"\",'AVI (Desc)'!B38)","v":""},{"$f":"IF('AVI (Desc)'!C38=\"\",\"\",'AVI (Desc)'!C38)","v":""},{"$f":"IF('AVI (Desc)'!D38=\"\",\"\",INDEX([1]ASSET_ID_SOURCE!$A$2:$A$50,MATCH('AVI (Desc)'!D38,[1]!MASTER_ASSET_ID_SOURCE_DESC,0),0))","v":""},{"$f":"IF('AVI (Desc)'!E38=\"\",\"\",'AVI (Desc)'!E38)","v":""},{"$f":"IF('AVI (Desc)'!F38=\"\",\"\",'AVI (Desc)'!F38)","v":""},{"$f":"IF('AVI (Desc)'!G38=\"\",\"\",INDEX([1]OWNER!$A$2:$A$100,MATCH('AVI (Desc)'!$G38,[1]!MASTER_OWNER_DESC[#Data],0),0))","v":""},{"$f":"IF('AVI (Desc)'!H38=\"\",\"\",INDEX([1]COUNTY!$A$2:$A$80,MATCH('AVI (Desc)'!H38,[1]!MASTER_COUNTY_NAME[#Data],0),0))","v":""},{"$f":"IF('AVI (Desc)'!I38=\"\",\"\",'AVI (Desc)'!I38)","v":""},{"$f":"IF('AVI (Desc)'!J38=\"\",\"\",INDEX([1]AVI_SENSOR_TYPE!$A$2:$A$7,MATCH('AVI (Desc)'!J38,[1]!MASTER_AVI_SENSOR_TYPE_DESC,0),0))","v":""}]
[{"$f":"IF('AVI (Desc)'!A39=\"\",\"\",'AVI (Desc)'!A39)","v":""},{"$f":"IF('AVI (Desc)'!B39=\"\",\"\",'AVI (Desc)'!B39)","v":""},{"$f":"IF('AVI (Desc)'!C39=\"\",\"\",'AVI (Desc)'!C39)","v":""},{"$f":"IF('AVI (Desc)'!D39=\"\",\"\",INDEX([1]ASSET_ID_SOURCE!$A$2:$A$50,MATCH('AVI (Desc)'!D39,[1]!MASTER_ASSET_ID_SOURCE_DESC,0),0))","v":""},{"$f":"IF('AVI (Desc)'!E39=\"\",\"\",'AVI (Desc)'!E39)","v":""},{"$f":"IF('AVI (Desc)'!F39=\"\",\"\",'AVI (Desc)'!F39)","v":""},{"$f":"IF('AVI (Desc)'!G39=\"\",\"\",INDEX([1]OWNER!$A$2:$A$100,MATCH('AVI (Desc)'!$G39,[1]!MASTER_OWNER_DESC[#Data],0),0))","v":""},{"$f":"IF('AVI (Desc)'!H39=\"\",\"\",INDEX([1]COUNTY!$A$2:$A$80,MATCH('AVI (Desc)'!H39,[1]!MASTER_COUNTY_NAME[#Data],0),0))","v":""},{"$f":"IF('AVI (Desc)'!I39=\"\",\"\",'AVI (Desc)'!I39)","v":""},{"$f":"IF('AVI (Desc)'!J39=\"\",\"\",INDEX([1]AVI_SENSOR_TYPE!$A$2:$A$7,MATCH('AVI (Desc)'!J39,[1]!MASTER_AVI_SENSOR_TYPE_DESC,0),0))","v":""}]
[{"$f":"IF('AVI (Desc)'!A40=\"\",\"\",'AVI (Desc)'!A40)","v":""},{"$f":"IF('AVI (Desc)'!B40=\"\",\"\",'AVI (Desc)'!B40)","v":""},{"$f":"IF('AVI (Desc)'!C40=\"\",\"\",'AVI (Desc)'!C40)","v":""},{"$f":"IF('AVI (Desc)'!D40=\"\",\"\",INDEX([1]ASSET_ID_SOURCE!$A$2:$A$50,MATCH('AVI (Desc)'!D40,[1]!MASTER_ASSET_ID_SOURCE_DESC,0),0))","v":""},{"$f":"IF('AVI (Desc)'!E40=\"\",\"\",'AVI (Desc)'!E40)","v":""},{"$f":"IF('AVI (Desc)'!F40=\"\",\"\",'AVI (Desc)'!F40)","v":""},{"$f":"IF('AVI (Desc)'!G40=\"\",\"\",INDEX([1]OWNER!$A$2:$A$100,MATCH('AVI (Desc)'!$G40,[1]!MASTER_OWNER_DESC[#Data],0),0))","v":""},{"$f":"IF('AVI (Desc)'!H40=\"\",\"\",INDEX([1]COUNTY!$A$2:$A$80,MATCH('AVI (Desc)'!H40,[1]!MASTER_COUNTY_NAME[#Data],0),0))","v":""},{"$f":"IF('AVI (Desc)'!I40=\"\",\"\",'AVI (Desc)'!I40)","v":""},{"$f":"IF('AVI (Desc)'!J40=\"\",\"\",INDEX([1]AVI_SENSOR_TYPE!$A$2:$A$7,MATCH('AVI (Desc)'!J40,[1]!MASTER_AVI_SENSOR_TYPE_DESC,0),0))","v":""}]
[{"$f":"IF('AVI (Desc)'!A41=\"\",\"\",'AVI (Desc)'!A41)","v":""},{"$f":"IF('AVI (Desc)'!B41=\"\",\"\",'AVI (Desc)'!B41)","v":""},{"$f":"IF('AVI (Desc)'!C41=\"\",\"\",'AVI (Desc)'!C41)","v":""},{"$f":"IF('AVI (Desc)'!D41=\"\",\"\",INDEX([1]ASSET_ID_SOURCE!$A$2:$A$50,MATCH('AVI (Desc)'!D41,[1]!MASTER_ASSET_ID_SOURCE_DESC,0),0))","v":""},{"$f":"IF('AVI (Desc)'!E41=\"\",\"\",'AVI (Desc)'!E41)","v":""},{"$f":"IF('AVI (Desc)'!F41=\"\",\"\",'AVI (Desc)'!F41)","v":""},{"$f":"IF('AVI (Desc)'!G41=\"\",\"\",INDEX([1]OWNER!$A$2:$A$100,MATCH('AVI (Desc)'!$G41,[1]!MASTER_OWNER_DESC[#Data],0),0))","v":""},{"$f":"IF('AVI (Desc)'!H41=\"\",\"\",INDEX([1]COUNTY!$A$2:$A$80,MATCH('AVI (Desc)'!H41,[1]!MASTER_COUNTY_NAME[#Data],0),0))","v":""},{"$f":"IF('AVI (Desc)'!I41=\"\",\"\",'AVI (Desc)'!I41)","v":""},{"$f":"IF('AVI (Desc)'!J41=\"\",\"\",INDEX([1]AVI_SENSOR_TYPE!$A$2:$A$7,MATCH('AVI (Desc)'!J41,[1]!MASTER_AVI_SENSOR_TYPE_DESC,0),0))","v":""}]
[{"$f":"IF('AVI (Desc)'!A42=\"\",\"\",'AVI (Desc)'!A42)","v":""},{"$f":"IF('AVI (Desc)'!B42=\"\",\"\",'AVI (Desc)'!B42)","v":""},{"$f":"IF('AVI (Desc)'!C42=\"\",\"\",'AVI (Desc)'!C42)","v":""},{"$f":"IF('AVI (Desc)'!D42=\"\",\"\",INDEX([1]ASSET_ID_SOURCE!$A$2:$A$50,MATCH('AVI (Desc)'!D42,[1]!MASTER_ASSET_ID_SOURCE_DESC,0),0))","v":""},{"$f":"IF('AVI (Desc)'!E42=\"\",\"\",'AVI (Desc)'!E42)","v":""},{"$f":"IF('AVI (Desc)'!F42=\"\",\"\",'AVI (Desc)'!F42)","v":""},{"$f":"IF('AVI (Desc)'!G42=\"\",\"\",INDEX([1]OWNER!$A$2:$A$100,MATCH('AVI (Desc)'!$G42,[1]!MASTER_OWNER_DESC[#Data],0),0))","v":""},{"$f":"IF('AVI (Desc)'!H42=\"\",\"\",INDEX([1]COUNTY!$A$2:$A$80,MATCH('AVI (Desc)'!H42,[1]!MASTER_COUNTY_NAME[#Data],0),0))","v":""},{"$f":"IF('AVI (Desc)'!I42=\"\",\"\",'AVI (Desc)'!I42)","v":""},{"$f":"IF('AVI (Desc)'!J42=\"\",\"\",INDEX([1]AVI_SENSOR_TYPE!$A$2:$A$7,MATCH('AVI (Desc)'!J42,[1]!MASTER_AVI_SENSOR_TYPE_DESC,0),0))","v":""}]
[{"$f":"IF('AVI (Desc)'!A43=\"\",\"\",'AVI (Desc)'!A43)","v":""},{"$f":"IF('AVI (Desc)'!B43=\"\",\"\",'AVI (Desc)'!B43)","v":""},{"$f":"IF('AVI (Desc)'!C43=\"\",\"\",'AVI (Desc)'!C43)","v":""},{"$f":"IF('AVI (Desc)'!D43=\"\",\"\",INDEX([1]ASSET_ID_SOURCE!$A$2:$A$50,MATCH('AVI (Desc)'!D43,[1]!MASTER_ASSET_ID_SOURCE_DESC,0),0))","v":""},{"$f":"IF('AVI (Desc)'!E43=\"\",\"\",'AVI (Desc)'!E43)","v":""},{"$f":"IF('AVI (Desc)'!F43=\"\",\"\",'AVI (Desc)'!F43)","v":""},{"$f":"IF('AVI (Desc)'!G43=\"\",\"\",INDEX([1]OWNER!$A$2:$A$100,MATCH('AVI (Desc)'!$G43,[1]!MASTER_OWNER_DESC[#Data],0),0))","v":""},{"$f":"IF('AVI (Desc)'!H43=\"\",\"\",INDEX([1]COUNTY!$A$2:$A$80,MATCH('AVI (Desc)'!H43,[1]!MASTER_COUNTY_NAME[#Data],0),0))","v":""},{"$f":"IF('AVI (Desc)'!I43=\"\",\"\",'AVI (Desc)'!I43)","v":""},{"$f":"IF('AVI (Desc)'!J43=\"\",\"\",INDEX([1]AVI_SENSOR_TYPE!$A$2:$A$7,MATCH('AVI (Desc)'!J43,[1]!MASTER_AVI_SENSOR_TYPE_DESC,0),0))","v":""}]
[{"$f":"IF('AVI (Desc)'!A44=\"\",\"\",'AVI (Desc)'!A44)","v":""},{"$f":"IF('AVI (Desc)'!B44=\"\",\"\",'AVI (Desc)'!B44)","v":""},{"$f":"IF('AVI (Desc)'!C44=\"\",\"\",'AVI (Desc)'!C44)","v":""},{"$f":"IF('AVI (Desc)'!D44=\"\",\"\",INDEX([1]ASSET_ID_SOURCE!$A$2:$A$50,MATCH('AVI (Desc)'!D44,[1]!MASTER_ASSET_ID_SOURCE_DESC,0),0))","v":""},{"$f":"IF('AVI (Desc)'!E44=\"\",\"\",'AVI (Desc)'!E44)","v":""},{"$f":"IF('AVI (Desc)'!F44=\"\",\"\",'AVI (Desc)'!F44)","v":""},{"$f":"IF('AVI (Desc)'!G44=\"\",\"\",INDEX([1]OWNER!$A$2:$A$100,MATCH('AVI (Desc)'!$G44,[1]!MASTER_OWNER_DESC[#Data],0),0))","v":""},{"$f":"IF('AVI (Desc)'!H44=\"\",\"\",INDEX([1]COUNTY!$A$2:$A$80,MATCH('AVI (Desc)'!H44,[1]!MASTER_COUNTY_NAME[#Data],0),0))","v":""},{"$f":"IF('AVI (Desc)'!I44=\"\",\"\",'AVI (Desc)'!I44)","v":""},{"$f":"IF('AVI (Desc)'!J44=\"\",\"\",INDEX([1]AVI_SENSOR_TYPE!$A$2:$A$7,MATCH('AVI (Desc)'!J44,[1]!MASTER_AVI_SENSOR_TYPE_DESC,0),0))","v":""}]
[{"$f":"IF('AVI (Desc)'!A45=\"\",\"\",'AVI (Desc)'!A45)","v":""},{"$f":"IF('AVI (Desc)'!B45=\"\",\"\",'AVI (Desc)'!B45)","v":""},{"$f":"IF('AVI (Desc)'!C45=\"\",\"\",'AVI (Desc)'!C45)","v":""},{"$f":"IF('AVI (Desc)'!D45=\"\",\"\",INDEX([1]ASSET_ID_SOURCE!$A$2:$A$50,MATCH('AVI (Desc)'!D45,[1]!MASTER_ASSET_ID_SOURCE_DESC,0),0))","v":""},{"$f":"IF('AVI (Desc)'!E45=\"\",\"\",'AVI (Desc)'!E45)","v":""},{"$f":"IF('AVI (Desc)'!F45=\"\",\"\",'AVI (Desc)'!F45)","v":""},{"$f":"IF('AVI (Desc)'!G45=\"\",\"\",INDEX([1]OWNER!$A$2:$A$100,MATCH('AVI (Desc)'!$G45,[1]!MASTER_OWNER_DESC[#Data],0),0))","v":""},{"$f":"IF('AVI (Desc)'!H45=\"\",\"\",INDEX([1]COUNTY!$A$2:$A$80,MATCH('AVI (Desc)'!H45,[1]!MASTER_COUNTY_NAME[#Data],0),0))","v":""},{"$f":"IF('AVI (Desc)'!I45=\"\",\"\",'AVI (Desc)'!I45)","v":""},{"$f":"IF('AVI (Desc)'!J45=\"\",\"\",INDEX([1]AVI_SENSOR_TYPE!$A$2:$A$7,MATCH('AVI (Desc)'!J45,[1]!MASTER_AVI_SENSOR_TYPE_DESC,0),0))","v":""}]
[{"$f":"IF('AVI (Desc)'!A46=\"\",\"\",'AVI (Desc)'!A46)","v":""},{"$f":"IF('AVI (Desc)'!B46=\"\",\"\",'AVI (Desc)'!B46)","v":""},{"$f":"IF('AVI (Desc)'!C46=\"\",\"\",'AVI (Desc)'!C46)","v":""},{"$f":"IF('AVI (Desc)'!D46=\"\",\"\",INDEX([1]ASSET_ID_SOURCE!$A$2:$A$50,MATCH('AVI (Desc)'!D46,[1]!MASTER_ASSET_ID_SOURCE_DESC,0),0))","v":""},{"$f":"IF('AVI (Desc)'!E46=\"\",\"\",'AVI (Desc)'!E46)","v":""},{"$f":"IF('AVI (Desc)'!F46=\"\",\"\",'AVI (Desc)'!F46)","v":""},{"$f":"IF('AVI (Desc)'!G46=\"\",\"\",INDEX([1]OWNER!$A$2:$A$100,MATCH('AVI (Desc)'!$G46,[1]!MASTER_OWNER_DESC[#Data],0),0))","v":""},{"$f":"IF('AVI (Desc)'!H46=\"\",\"\",INDEX([1]COUNTY!$A$2:$A$80,MATCH('AVI (Desc)'!H46,[1]!MASTER_COUNTY_NAME[#Data],0),0))","v":""},{"$f":"IF('AVI (Desc)'!I46=\"\",\"\",'AVI (Desc)'!I46)","v":""},{"$f":"IF('AVI (Desc)'!J46=\"\",\"\",INDEX([1]AVI_SENSOR_TYPE!$A$2:$A$7,MATCH('AVI (Desc)'!J46,[1]!MASTER_AVI_SENSOR_TYPE_DESC,0),0))","v":""}]
[{"$f":"IF('AVI (Desc)'!A47=\"\",\"\",'AVI (Desc)'!A47)","v":""},{"$f":"IF('AVI (Desc)'!B47=\"\",\"\",'AVI (Desc)'!B47)","v":""},{"$f":"IF('AVI (Desc)'!C47=\"\",\"\",'AVI (Desc)'!C47)","v":""},{"$f":"IF('AVI (Desc)'!D47=\"\",\"\",INDEX([1]ASSET_ID_SOURCE!$A$2:$A$50,MATCH('AVI (Desc)'!D47,[1]!MASTER_ASSET_ID_SOURCE_DESC,0),0))","v":""},{"$f":"IF('AVI (Desc)'!E47=\"\",\"\",'AVI (Desc)'!E47)","v":""},{"$f":"IF('AVI (Desc)'!F47=\"\",\"\",'AVI (Desc)'!F47)","v":""},{"$f":"IF('AVI (Desc)'!G47=\"\",\"\",INDEX([1]OWNER!$A$2:$A$100,MATCH('AVI (Desc)'!$G47,[1]!MASTER_OWNER_DESC[#Data],0),0))","v":""},{"$f":"IF('AVI (Desc)'!H47=\"\",\"\",INDEX([1]COUNTY!$A$2:$A$80,MATCH('AVI (Desc)'!H47,[1]!MASTER_COUNTY_NAME[#Data],0),0))","v":""},{"$f":"IF('AVI (Desc)'!I47=\"\",\"\",'AVI (Desc)'!I47)","v":""},{"$f":"IF('AVI (Desc)'!J47=\"\",\"\",INDEX([1]AVI_SENSOR_TYPE!$A$2:$A$7,MATCH('AVI (Desc)'!J47,[1]!MASTER_AVI_SENSOR_TYPE_DESC,0),0))","v":""}]
[{"$f":"IF('AVI (Desc)'!A48=\"\",\"\",'AVI (Desc)'!A48)","v":""},{"$f":"IF('AVI (Desc)'!B48=\"\",\"\",'AVI (Desc)'!B48)","v":""},{"$f":"IF('AVI (Desc)'!C48=\"\",\"\",'AVI (Desc)'!C48)","v":""},{"$f":"IF('AVI (Desc)'!D48=\"\",\"\",INDEX([1]ASSET_ID_SOURCE!$A$2:$A$50,MATCH('AVI (Desc)'!D48,[1]!MASTER_ASSET_ID_SOURCE_DESC,0),0))","v":""},{"$f":"IF('AVI (Desc)'!E48=\"\",\"\",'AVI (Desc)'!E48)","v":""},{"$f":"IF('AVI (Desc)'!F48=\"\",\"\",'AVI (Desc)'!F48)","v":""},{"$f":"IF('AVI (Desc)'!G48=\"\",\"\",INDEX([1]OWNER!$A$2:$A$100,MATCH('AVI (Desc)'!$G48,[1]!MASTER_OWNER_DESC[#Data],0),0))","v":""},{"$f":"IF('AVI (Desc)'!H48=\"\",\"\",INDEX([1]COUNTY!$A$2:$A$80,MATCH('AVI (Desc)'!H48,[1]!MASTER_COUNTY_NAME[#Data],0),0))","v":""},{"$f":"IF('AVI (Desc)'!I48=\"\",\"\",'AVI (Desc)'!I48)","v":""},{"$f":"IF('AVI (Desc)'!J48=\"\",\"\",INDEX([1]AVI_SENSOR_TYPE!$A$2:$A$7,MATCH('AVI (Desc)'!J48,[1]!MASTER_AVI_SENSOR_TYPE_DESC,0),0))","v":""}]
[{"$f":"IF('AVI (Desc)'!A49=\"\",\"\",'AVI (Desc)'!A49)","v":""},{"$f":"IF('AVI (Desc)'!B49=\"\",\"\",'AVI (Desc)'!B49)","v":""},{"$f":"IF('AVI (Desc)'!C49=\"\",\"\",'AVI (Desc)'!C49)","v":""},{"$f":"IF('AVI (Desc)'!D49=\"\",\"\",INDEX([1]ASSET_ID_SOURCE!$A$2:$A$50,MATCH('AVI (Desc)'!D49,[1]!MASTER_ASSET_ID_SOURCE_DESC,0),0))","v":""},{"$f":"IF('AVI (Desc)'!E49=\"\",\"\",'AVI (Desc)'!E49)","v":""},{"$f":"IF('AVI (Desc)'!F49=\"\",\"\",'AVI (Desc)'!F49)","v":""},{"$f":"IF('AVI (Desc)'!G49=\"\",\"\",INDEX([1]OWNER!$A$2:$A$100,MATCH('AVI (Desc)'!$G49,[1]!MASTER_OWNER_DESC[#Data],0),0))","v":""},{"$f":"IF('AVI (Desc)'!H49=\"\",\"\",INDEX([1]COUNTY!$A$2:$A$80,MATCH('AVI (Desc)'!H49,[1]!MASTER_COUNTY_NAME[#Data],0),0))","v":""},{"$f":"IF('AVI (Desc)'!I49=\"\",\"\",'AVI (Desc)'!I49)","v":""},{"$f":"IF('AVI (Desc)'!J49=\"\",\"\",INDEX([1]AVI_SENSOR_TYPE!$A$2:$A$7,MATCH('AVI (Desc)'!J49,[1]!MASTER_AVI_SENSOR_TYPE_DESC,0),0))","v":""}]
[{"$f":"IF('AVI (Desc)'!A50=\"\",\"\",'AVI (Desc)'!A50)","v":""},{"$f":"IF('AVI (Desc)'!B50=\"\",\"\",'AVI (Desc)'!B50)","v":""},{"$f":"IF('AVI (Desc)'!C50=\"\",\"\",'AVI (Desc)'!C50)","v":""},{"$f":"IF('AVI (Desc)'!D50=\"\",\"\",INDEX([1]ASSET_ID_SOURCE!$A$2:$A$50,MATCH('AVI (Desc)'!D50,[1]!MASTER_ASSET_ID_SOURCE_DESC,0),0))","v":""},{"$f":"IF('AVI (Desc)'!E50=\"\",\"\",'AVI (Desc)'!E50)","v":""},{"$f":"IF('AVI (Desc)'!F50=\"\",\"\",'AVI (Desc)'!F50)","v":""},{"$f":"IF('AVI (Desc)'!G50=\"\",\"\",INDEX([1]OWNER!$A$2:$A$100,MATCH('AVI (Desc)'!$G50,[1]!MASTER_OWNER_DESC[#Data],0),0))","v":""},{"$f":"IF('AVI (Desc)'!H50=\"\",\"\",INDEX([1]COUNTY!$A$2:$A$80,MATCH('AVI (Desc)'!H50,[1]!MASTER_COUNTY_NAME[#Data],0),0))","v":""},{"$f":"IF('AVI (Desc)'!I50=\"\",\"\",'AVI (Desc)'!I50)","v":""},{"$f":"IF('AVI (Desc)'!J50=\"\",\"\",INDEX([1]AVI_SENSOR_TYPE!$A$2:$A$7,MATCH('AVI (Desc)'!J50,[1]!MASTER_AVI_SENSOR_TYPE_DESC,0),0))","v":""}]
[{"$f":"IF('AVI (Desc)'!A51=\"\",\"\",'AVI (Desc)'!A51)","v":""},{"$f":"IF('AVI (Desc)'!B51=\"\",\"\",'AVI (Desc)'!B51)","v":""},{"$f":"IF('AVI (Desc)'!C51=\"\",\"\",'AVI (Desc)'!C51)","v":""},{"$f":"IF('AVI (Desc)'!D51=\"\",\"\",INDEX([1]ASSET_ID_SOURCE!$A$2:$A$50,MATCH('AVI (Desc)'!D51,[1]!MASTER_ASSET_ID_SOURCE_DESC,0),0))","v":""},{"$f":"IF('AVI (Desc)'!E51=\"\",\"\",'AVI (Desc)'!E51)","v":""},{"$f":"IF('AVI (Desc)'!F51=\"\",\"\",'AVI (Desc)'!F51)","v":""},{"$f":"IF('AVI (Desc)'!G51=\"\",\"\",INDEX([1]OWNER!$A$2:$A$100,MATCH('AVI (Desc)'!$G51,[1]!MASTER_OWNER_DESC[#Data],0),0))","v":""},{"$f":"IF('AVI (Desc)'!H51=\"\",\"\",INDEX([1]COUNTY!$A$2:$A$80,MATCH('AVI (Desc)'!H51,[1]!MASTER_COUNTY_NAME[#Data],0),0))","v":""},{"$f":"IF('AVI (Desc)'!I51=\"\",\"\",'AVI (Desc)'!I51)","v":""},{"$f":"IF('AVI (Desc)'!J51=\"\",\"\",INDEX([1]AVI_SENSOR_TYPE!$A$2:$A$7,MATCH('AVI (Desc)'!J51,[1]!MASTER_AVI_SENSOR_TYPE_DESC,0),0))","v":""}]
[{"$f":"IF('AVI (Desc)'!A52=\"\",\"\",'AVI (Desc)'!A52)","v":""},{"$f":"IF('AVI (Desc)'!B52=\"\",\"\",'AVI (Desc)'!B52)","v":""},{"$f":"IF('AVI (Desc)'!C52=\"\",\"\",'AVI (Desc)'!C52)","v":""},{"$f":"IF('AVI (Desc)'!D52=\"\",\"\",INDEX([1]ASSET_ID_SOURCE!$A$2:$A$50,MATCH('AVI (Desc)'!D52,[1]!MASTER_ASSET_ID_SOURCE_DESC,0),0))","v":""},{"$f":"IF('AVI (Desc)'!E52=\"\",\"\",'AVI (Desc)'!E52)","v":""},{"$f":"IF('AVI (Desc)'!F52=\"\",\"\",'AVI (Desc)'!F52)","v":""},{"$f":"IF('AVI (Desc)'!G52=\"\",\"\",INDEX([1]OWNER!$A$2:$A$100,MATCH('AVI (Desc)'!$G52,[1]!MASTER_OWNER_DESC[#Data],0),0))","v":""},{"$f":"IF('AVI (Desc)'!H52=\"\",\"\",INDEX([1]COUNTY!$A$2:$A$80,MATCH('AVI (Desc)'!H52,[1]!MASTER_COUNTY_NAME[#Data],0),0))","v":""},{"$f":"IF('AVI (Desc)'!I52=\"\",\"\",'AVI (Desc)'!I52)","v":""},{"$f":"IF('AVI (Desc)'!J52=\"\",\"\",INDEX([1]AVI_SENSOR_TYPE!$A$2:$A$7,MATCH('AVI (Desc)'!J52,[1]!MASTER_AVI_SENSOR_TYPE_DESC,0),0))","v":""}]
[{"$f":"IF('AVI (Desc)'!A53=\"\",\"\",'AVI (Desc)'!A53)","v":""},{"$f":"IF('AVI (Desc)'!B53=\"\",\"\",'AVI (Desc)'!B53)","v":""},{"$f":"IF('AVI (Desc)'!C53=\"\",\"\",'AVI (Desc)'!C53)","v":""},{"$f":"IF('AVI (Desc)'!D53=\"\",\"\",INDEX([1]ASSET_ID_SOURCE!$A$2:$A$50,MATCH('AVI (Desc)'!D53,[1]!MASTER_ASSET_ID_SOURCE_DESC,0),0))","v":""},{"$f":"IF('AVI (Desc)'!E53=\"\",\"\",'AVI (Desc)'!E53)","v":""},{"$f":"IF('AVI (Desc)'!F53=\"\",\"\",'AVI (Desc)'!F53)","v":""},{"$f":"IF('AVI (Desc)'!G53=\"\",\"\",INDEX([1]OWNER!$A$2:$A$100,MATCH('AVI (Desc)'!$G53,[1]!MASTER_OWNER_DESC[#Data],0),0))","v":""},{"$f":"IF('AVI (Desc)'!H53=\"\",\"\",INDEX([1]COUNTY!$A$2:$A$80,MATCH('AVI (Desc)'!H53,[1]!MASTER_COUNTY_NAME[#Data],0),0))","v":""},{"$f":"IF('AVI (Desc)'!I53=\"\",\"\",'AVI (Desc)'!I53)","v":""},{"$f":"IF('AVI (Desc)'!J53=\"\",\"\",INDEX([1]AVI_SENSOR_TYPE!$A$2:$A$7,MATCH('AVI (Desc)'!J53,[1]!MASTER_AVI_SENSOR_TYPE_DESC,0),0))","v":""}]
[{"$f":"IF('AVI (Desc)'!A54=\"\",\"\",'AVI (Desc)'!A54)","v":""},{"$f":"IF('AVI (Desc)'!B54=\"\",\"\",'AVI (Desc)'!B54)","v":""},{"$f":"IF('AVI (Desc)'!C54=\"\",\"\",'AVI (Desc)'!C54)","v":""},{"$f":"IF('AVI (Desc)'!D54=\"\",\"\",INDEX([1]ASSET_ID_SOURCE!$A$2:$A$50,MATCH('AVI (Desc)'!D54,[1]!MASTER_ASSET_ID_SOURCE_DESC,0),0))","v":""},{"$f":"IF('AVI (Desc)'!E54=\"\",\"\",'AVI (Desc)'!E54)","v":""},{"$f":"IF('AVI (Desc)'!F54=\"\",\"\",'AVI (Desc)'!F54)","v":""},{"$f":"IF('AVI (Desc)'!G54=\"\",\"\",INDEX([1]OWNER!$A$2:$A$100,MATCH('AVI (Desc)'!$G54,[1]!MASTER_OWNER_DESC[#Data],0),0))","v":""},{"$f":"IF('AVI (Desc)'!H54=\"\",\"\",INDEX([1]COUNTY!$A$2:$A$80,MATCH('AVI (Desc)'!H54,[1]!MASTER_COUNTY_NAME[#Data],0),0))","v":""},{"$f":"IF('AVI (Desc)'!I54=\"\",\"\",'AVI (Desc)'!I54)","v":""},{"$f":"IF('AVI (Desc)'!J54=\"\",\"\",INDEX([1]AVI_SENSOR_TYPE!$A$2:$A$7,MATCH('AVI (Desc)'!J54,[1]!MASTER_AVI_SENSOR_TYPE_DESC,0),0))","v":""}]
[{"$f":"IF('AVI (Desc)'!A55=\"\",\"\",'AVI (Desc)'!A55)","v":""},{"$f":"IF('AVI (Desc)'!B55=\"\",\"\",'AVI (Desc)'!B55)","v":""},{"$f":"IF('AVI (Desc)'!C55=\"\",\"\",'AVI (Desc)'!C55)","v":""},{"$f":"IF('AVI (Desc)'!D55=\"\",\"\",INDEX([1]ASSET_ID_SOURCE!$A$2:$A$50,MATCH('AVI (Desc)'!D55,[1]!MASTER_ASSET_ID_SOURCE_DESC,0),0))","v":""},{"$f":"IF('AVI (Desc)'!E55=\"\",\"\",'AVI (Desc)'!E55)","v":""},{"$f":"IF('AVI (Desc)'!F55=\"\",\"\",'AVI (Desc)'!F55)","v":""},{"$f":"IF('AVI (Desc)'!G55=\"\",\"\",INDEX([1]OWNER!$A$2:$A$100,MATCH('AVI (Desc)'!$G55,[1]!MASTER_OWNER_DESC[#Data],0),0))","v":""},{"$f":"IF('AVI (Desc)'!H55=\"\",\"\",INDEX([1]COUNTY!$A$2:$A$80,MATCH('AVI (Desc)'!H55,[1]!MASTER_COUNTY_NAME[#Data],0),0))","v":""},{"$f":"IF('AVI (Desc)'!I55=\"\",\"\",'AVI (Desc)'!I55)","v":""},{"$f":"IF('AVI (Desc)'!J55=\"\",\"\",INDEX([1]AVI_SENSOR_TYPE!$A$2:$A$7,MATCH('AVI (Desc)'!J55,[1]!MASTER_AVI_SENSOR_TYPE_DESC,0),0))","v":""}]
[{"$f":"IF('AVI (Desc)'!A56=\"\",\"\",'AVI (Desc)'!A56)","v":""},{"$f":"IF('AVI (Desc)'!B56=\"\",\"\",'AVI (Desc)'!B56)","v":""},{"$f":"IF('AVI (Desc)'!C56=\"\",\"\",'AVI (Desc)'!C56)","v":""},{"$f":"IF('AVI (Desc)'!D56=\"\",\"\",INDEX([1]ASSET_ID_SOURCE!$A$2:$A$50,MATCH('AVI (Desc)'!D56,[1]!MASTER_ASSET_ID_SOURCE_DESC,0),0))","v":""},{"$f":"IF('AVI (Desc)'!E56=\"\",\"\",'AVI (Desc)'!E56)","v":""},{"$f":"IF('AVI (Desc)'!F56=\"\",\"\",'AVI (Desc)'!F56)","v":""},{"$f":"IF('AVI (Desc)'!G56=\"\",\"\",INDEX([1]OWNER!$A$2:$A$100,MATCH('AVI (Desc)'!$G56,[1]!MASTER_OWNER_DESC[#Data],0),0))","v":""},{"$f":"IF('AVI (Desc)'!H56=\"\",\"\",INDEX([1]COUNTY!$A$2:$A$80,MATCH('AVI (Desc)'!H56,[1]!MASTER_COUNTY_NAME[#Data],0),0))","v":""},{"$f":"IF('AVI (Desc)'!I56=\"\",\"\",'AVI (Desc)'!I56)","v":""},{"$f":"IF('AVI (Desc)'!J56=\"\",\"\",INDEX([1]AVI_SENSOR_TYPE!$A$2:$A$7,MATCH('AVI (Desc)'!J56,[1]!MASTER_AVI_SENSOR_TYPE_DESC,0),0))","v":""}]
[{"$f":"IF('AVI (Desc)'!A57=\"\",\"\",'AVI (Desc)'!A57)","v":""},{"$f":"IF('AVI (Desc)'!B57=\"\",\"\",'AVI (Desc)'!B57)","v":""},{"$f":"IF('AVI (Desc)'!C57=\"\",\"\",'AVI (Desc)'!C57)","v":""},{"$f":"IF('AVI (Desc)'!D57=\"\",\"\",INDEX([1]ASSET_ID_SOURCE!$A$2:$A$50,MATCH('AVI (Desc)'!D57,[1]!MASTER_ASSET_ID_SOURCE_DESC,0),0))","v":""},{"$f":"IF('AVI (Desc)'!E57=\"\",\"\",'AVI (Desc)'!E57)","v":""},{"$f":"IF('AVI (Desc)'!F57=\"\",\"\",'AVI (Desc)'!F57)","v":""},{"$f":"IF('AVI (Desc)'!G57=\"\",\"\",INDEX([1]OWNER!$A$2:$A$100,MATCH('AVI (Desc)'!$G57,[1]!MASTER_OWNER_DESC[#Data],0),0))","v":""},{"$f":"IF('AVI (Desc)'!H57=\"\",\"\",INDEX([1]COUNTY!$A$2:$A$80,MATCH('AVI (Desc)'!H57,[1]!MASTER_COUNTY_NAME[#Data],0),0))","v":""},{"$f":"IF('AVI (Desc)'!I57=\"\",\"\",'AVI (Desc)'!I57)","v":""},{"$f":"IF('AVI (Desc)'!J57=\"\",\"\",INDEX([1]AVI_SENSOR_TYPE!$A$2:$A$7,MATCH('AVI (Desc)'!J57,[1]!MASTER_AVI_SENSOR_TYPE_DESC,0),0))","v":""}]
[{"$f":"IF('AVI (Desc)'!A58=\"\",\"\",'AVI (Desc)'!A58)","v":""},{"$f":"IF('AVI (Desc)'!B58=\"\",\"\",'AVI (Desc)'!B58)","v":""},{"$f":"IF('AVI (Desc)'!C58=\"\",\"\",'AVI (Desc)'!C58)","v":""},{"$f":"IF('AVI (Desc)'!D58=\"\",\"\",INDEX([1]ASSET_ID_SOURCE!$A$2:$A$50,MATCH('AVI (Desc)'!D58,[1]!MASTER_ASSET_ID_SOURCE_DESC,0),0))","v":""},{"$f":"IF('AVI (Desc)'!E58=\"\",\"\",'AVI (Desc)'!E58)","v":""},{"$f":"IF('AVI (Desc)'!F58=\"\",\"\",'AVI (Desc)'!F58)","v":""},{"$f":"IF('AVI (Desc)'!G58=\"\",\"\",INDEX([1]OWNER!$A$2:$A$100,MATCH('AVI (Desc)'!$G58,[1]!MASTER_OWNER_DESC[#Data],0),0))","v":""},{"$f":"IF('AVI (Desc)'!H58=\"\",\"\",INDEX([1]COUNTY!$A$2:$A$80,MATCH('AVI (Desc)'!H58,[1]!MASTER_COUNTY_NAME[#Data],0),0))","v":""},{"$f":"IF('AVI (Desc)'!I58=\"\",\"\",'AVI (Desc)'!I58)","v":""},{"$f":"IF('AVI (Desc)'!J58=\"\",\"\",INDEX([1]AVI_SENSOR_TYPE!$A$2:$A$7,MATCH('AVI (Desc)'!J58,[1]!MASTER_AVI_SENSOR_TYPE_DESC,0),0))","v":""}]
[{"$f":"IF('AVI (Desc)'!A59=\"\",\"\",'AVI (Desc)'!A59)","v":""},{"$f":"IF('AVI (Desc)'!B59=\"\",\"\",'AVI (Desc)'!B59)","v":""},{"$f":"IF('AVI (Desc)'!C59=\"\",\"\",'AVI (Desc)'!C59)","v":""},{"$f":"IF('AVI (Desc)'!D59=\"\",\"\",INDEX([1]ASSET_ID_SOURCE!$A$2:$A$50,MATCH('AVI (Desc)'!D59,[1]!MASTER_ASSET_ID_SOURCE_DESC,0),0))","v":""},{"$f":"IF('AVI (Desc)'!E59=\"\",\"\",'AVI (Desc)'!E59)","v":""},{"$f":"IF('AVI (Desc)'!F59=\"\",\"\",'AVI (Desc)'!F59)","v":""},{"$f":"IF('AVI (Desc)'!G59=\"\",\"\",INDEX([1]OWNER!$A$2:$A$100,MATCH('AVI (Desc)'!$G59,[1]!MASTER_OWNER_DESC[#Data],0),0))","v":""},{"$f":"IF('AVI (Desc)'!H59=\"\",\"\",INDEX([1]COUNTY!$A$2:$A$80,MATCH('AVI (Desc)'!H59,[1]!MASTER_COUNTY_NAME[#Data],0),0))","v":""},{"$f":"IF('AVI (Desc)'!I59=\"\",\"\",'AVI (Desc)'!I59)","v":""},{"$f":"IF('AVI (Desc)'!J59=\"\",\"\",INDEX([1]AVI_SENSOR_TYPE!$A$2:$A$7,MATCH('AVI (Desc)'!J59,[1]!MASTER_AVI_SENSOR_TYPE_DESC,0),0))","v":""}]
[{"$f":"IF('AVI (Desc)'!A60=\"\",\"\",'AVI (Desc)'!A60)","v":""},{"$f":"IF('AVI (Desc)'!B60=\"\",\"\",'AVI (Desc)'!B60)","v":""},{"$f":"IF('AVI (Desc)'!C60=\"\",\"\",'AVI (Desc)'!C60)","v":""},{"$f":"IF('AVI (Desc)'!D60=\"\",\"\",INDEX([1]ASSET_ID_SOURCE!$A$2:$A$50,MATCH('AVI (Desc)'!D60,[1]!MASTER_ASSET_ID_SOURCE_DESC,0),0))","v":""},{"$f":"IF('AVI (Desc)'!E60=\"\",\"\",'AVI (Desc)'!E60)","v":""},{"$f":"IF('AVI (Desc)'!F60=\"\",\"\",'AVI (Desc)'!F60)","v":""},{"$f":"IF('AVI (Desc)'!G60=\"\",\"\",INDEX([1]OWNER!$A$2:$A$100,MATCH('AVI (Desc)'!$G60,[1]!MASTER_OWNER_DESC[#Data],0),0))","v":""},{"$f":"IF('AVI (Desc)'!H60=\"\",\"\",INDEX([1]COUNTY!$A$2:$A$80,MATCH('AVI (Desc)'!H60,[1]!MASTER_COUNTY_NAME[#Data],0),0))","v":""},{"$f":"IF('AVI (Desc)'!I60=\"\",\"\",'AVI (Desc)'!I60)","v":""},{"$f":"IF('AVI (Desc)'!J60=\"\",\"\",INDEX([1]AVI_SENSOR_TYPE!$A$2:$A$7,MATCH('AVI (Desc)'!J60,[1]!MASTER_AVI_SENSOR_TYPE_DESC,0),0))","v":""}]
[{"$f":"IF('AVI (Desc)'!A61=\"\",\"\",'AVI (Desc)'!A61)","v":""},{"$f":"IF('AVI (Desc)'!B61=\"\",\"\",'AVI (Desc)'!B61)","v":""},{"$f":"IF('AVI (Desc)'!C61=\"\",\"\",'AVI (Desc)'!C61)","v":""},{"$f":"IF('AVI (Desc)'!D61=\"\",\"\",INDEX([1]ASSET_ID_SOURCE!$A$2:$A$50,MATCH('AVI (Desc)'!D61,[1]!MASTER_ASSET_ID_SOURCE_DESC,0),0))","v":""},{"$f":"IF('AVI (Desc)'!E61=\"\",\"\",'AVI (Desc)'!E61)","v":""},{"$f":"IF('AVI (Desc)'!F61=\"\",\"\",'AVI (Desc)'!F61)","v":""},{"$f":"IF('AVI (Desc)'!G61=\"\",\"\",INDEX([1]OWNER!$A$2:$A$100,MATCH('AVI (Desc)'!$G61,[1]!MASTER_OWNER_DESC[#Data],0),0))","v":""},{"$f":"IF('AVI (Desc)'!H61=\"\",\"\",INDEX([1]COUNTY!$A$2:$A$80,MATCH('AVI (Desc)'!H61,[1]!MASTER_COUNTY_NAME[#Data],0),0))","v":""},{"$f":"IF('AVI (Desc)'!I61=\"\",\"\",'AVI (Desc)'!I61)","v":""},{"$f":"IF('AVI (Desc)'!J61=\"\",\"\",INDEX([1]AVI_SENSOR_TYPE!$A$2:$A$7,MATCH('AVI (Desc)'!J61,[1]!MASTER_AVI_SENSOR_TYPE_DESC,0),0))","v":""}]
[{"$f":"IF('AVI (Desc)'!A62=\"\",\"\",'AVI (Desc)'!A62)","v":""},{"$f":"IF('AVI (Desc)'!B62=\"\",\"\",'AVI (Desc)'!B62)","v":""},{"$f":"IF('AVI (Desc)'!C62=\"\",\"\",'AVI (Desc)'!C62)","v":""},{"$f":"IF('AVI (Desc)'!D62=\"\",\"\",INDEX([1]ASSET_ID_SOURCE!$A$2:$A$50,MATCH('AVI (Desc)'!D62,[1]!MASTER_ASSET_ID_SOURCE_DESC,0),0))","v":""},{"$f":"IF('AVI (Desc)'!E62=\"\",\"\",'AVI (Desc)'!E62)","v":""},{"$f":"IF('AVI (Desc)'!F62=\"\",\"\",'AVI (Desc)'!F62)","v":""},{"$f":"IF('AVI (Desc)'!G62=\"\",\"\",INDEX([1]OWNER!$A$2:$A$100,MATCH('AVI (Desc)'!$G62,[1]!MASTER_OWNER_DESC[#Data],0),0))","v":""},{"$f":"IF('AVI (Desc)'!H62=\"\",\"\",INDEX([1]COUNTY!$A$2:$A$80,MATCH('AVI (Desc)'!H62,[1]!MASTER_COUNTY_NAME[#Data],0),0))","v":""},{"$f":"IF('AVI (Desc)'!I62=\"\",\"\",'AVI (Desc)'!I62)","v":""},{"$f":"IF('AVI (Desc)'!J62=\"\",\"\",INDEX([1]AVI_SENSOR_TYPE!$A$2:$A$7,MATCH('AVI (Desc)'!J62,[1]!MASTER_AVI_SENSOR_TYPE_DESC,0),0))","v":""}]
[{"$f":"IF('AVI (Desc)'!A63=\"\",\"\",'AVI (Desc)'!A63)","v":""},{"$f":"IF('AVI (Desc)'!B63=\"\",\"\",'AVI (Desc)'!B63)","v":""},{"$f":"IF('AVI (Desc)'!C63=\"\",\"\",'AVI (Desc)'!C63)","v":""},{"$f":"IF('AVI (Desc)'!D63=\"\",\"\",INDEX([1]ASSET_ID_SOURCE!$A$2:$A$50,MATCH('AVI (Desc)'!D63,[1]!MASTER_ASSET_ID_SOURCE_DESC,0),0))","v":""},{"$f":"IF('AVI (Desc)'!E63=\"\",\"\",'AVI (Desc)'!E63)","v":""},{"$f":"IF('AVI (Desc)'!F63=\"\",\"\",'AVI (Desc)'!F63)","v":""},{"$f":"IF('AVI (Desc)'!G63=\"\",\"\",INDEX([1]OWNER!$A$2:$A$100,MATCH('AVI (Desc)'!$G63,[1]!MASTER_OWNER_DESC[#Data],0),0))","v":""},{"$f":"IF('AVI (Desc)'!H63=\"\",\"\",INDEX([1]COUNTY!$A$2:$A$80,MATCH('AVI (Desc)'!H63,[1]!MASTER_COUNTY_NAME[#Data],0),0))","v":""},{"$f":"IF('AVI (Desc)'!I63=\"\",\"\",'AVI (Desc)'!I63)","v":""},{"$f":"IF('AVI (Desc)'!J63=\"\",\"\",INDEX([1]AVI_SENSOR_TYPE!$A$2:$A$7,MATCH('AVI (Desc)'!J63,[1]!MASTER_AVI_SENSOR_TYPE_DESC,0),0))","v":""}]
[{"$f":"IF('AVI (Desc)'!A64=\"\",\"\",'AVI (Desc)'!A64)","v":""},{"$f":"IF('AVI (Desc)'!B64=\"\",\"\",'AVI (Desc)'!B64)","v":""},{"$f":"IF('AVI (Desc)'!C64=\"\",\"\",'AVI (Desc)'!C64)","v":""},{"$f":"IF('AVI (Desc)'!D64=\"\",\"\",INDEX([1]ASSET_ID_SOURCE!$A$2:$A$50,MATCH('AVI (Desc)'!D64,[1]!MASTER_ASSET_ID_SOURCE_DESC,0),0))","v":""},{"$f":"IF('AVI (Desc)'!E64=\"\",\"\",'AVI (Desc)'!E64)","v":""},{"$f":"IF('AVI (Desc)'!F64=\"\",\"\",'AVI (Desc)'!F64)","v":""},{"$f":"IF('AVI (Desc)'!G64=\"\",\"\",INDEX([1]OWNER!$A$2:$A$100,MATCH('AVI (Desc)'!$G64,[1]!MASTER_OWNER_DESC[#Data],0),0))","v":""},{"$f":"IF('AVI (Desc)'!H64=\"\",\"\",INDEX([1]COUNTY!$A$2:$A$80,MATCH('AVI (Desc)'!H64,[1]!MASTER_COUNTY_NAME[#Data],0),0))","v":""},{"$f":"IF('AVI (Desc)'!I64=\"\",\"\",'AVI (Desc)'!I64)","v":""},{"$f":"IF('AVI (Desc)'!J64=\"\",\"\",INDEX([1]AVI_SENSOR_TYPE!$A$2:$A$7,MATCH('AVI (Desc)'!J64,[1]!MASTER_AVI_SENSOR_TYPE_DESC,0),0))","v":""}]
[{"$f":"IF('AVI (Desc)'!A65=\"\",\"\",'AVI (Desc)'!A65)","v":""},{"$f":"IF('AVI (Desc)'!B65=\"\",\"\",'AVI (Desc)'!B65)","v":""},{"$f":"IF('AVI (Desc)'!C65=\"\",\"\",'AVI (Desc)'!C65)","v":""},{"$f":"IF('AVI (Desc)'!D65=\"\",\"\",INDEX([1]ASSET_ID_SOURCE!$A$2:$A$50,MATCH('AVI (Desc)'!D65,[1]!MASTER_ASSET_ID_SOURCE_DESC,0),0))","v":""},{"$f":"IF('AVI (Desc)'!E65=\"\",\"\",'AVI (Desc)'!E65)","v":""},{"$f":"IF('AVI (Desc)'!F65=\"\",\"\",'AVI (Desc)'!F65)","v":""},{"$f":"IF('AVI (Desc)'!G65=\"\",\"\",INDEX([1]OWNER!$A$2:$A$100,MATCH('AVI (Desc)'!$G65,[1]!MASTER_OWNER_DESC[#Data],0),0))","v":""},{"$f":"IF('AVI (Desc)'!H65=\"\",\"\",INDEX([1]COUNTY!$A$2:$A$80,MATCH('AVI (Desc)'!H65,[1]!MASTER_COUNTY_NAME[#Data],0),0))","v":""},{"$f":"IF('AVI (Desc)'!I65=\"\",\"\",'AVI (Desc)'!I65)","v":""},{"$f":"IF('AVI (Desc)'!J65=\"\",\"\",INDEX([1]AVI_SENSOR_TYPE!$A$2:$A$7,MATCH('AVI (Desc)'!J65,[1]!MASTER_AVI_SENSOR_TYPE_DESC,0),0))","v":""}]
[{"$f":"IF('AVI (Desc)'!A66=\"\",\"\",'AVI (Desc)'!A66)","v":""},{"$f":"IF('AVI (Desc)'!B66=\"\",\"\",'AVI (Desc)'!B66)","v":""},{"$f":"IF('AVI (Desc)'!C66=\"\",\"\",'AVI (Desc)'!C66)","v":""},{"$f":"IF('AVI (Desc)'!D66=\"\",\"\",INDEX([1]ASSET_ID_SOURCE!$A$2:$A$50,MATCH('AVI (Desc)'!D66,[1]!MASTER_ASSET_ID_SOURCE_DESC,0),0))","v":""},{"$f":"IF('AVI (Desc)'!E66=\"\",\"\",'AVI (Desc)'!E66)","v":""},{"$f":"IF('AVI (Desc)'!F66=\"\",\"\",'AVI (Desc)'!F66)","v":""},{"$f":"IF('AVI (Desc)'!G66=\"\",\"\",INDEX([1]OWNER!$A$2:$A$100,MATCH('AVI (Desc)'!$G66,[1]!MASTER_OWNER_DESC[#Data],0),0))","v":""},{"$f":"IF('AVI (Desc)'!H66=\"\",\"\",INDEX([1]COUNTY!$A$2:$A$80,MATCH('AVI (Desc)'!H66,[1]!MASTER_COUNTY_NAME[#Data],0),0))","v":""},{"$f":"IF('AVI (Desc)'!I66=\"\",\"\",'AVI (Desc)'!I66)","v":""},{"$f":"IF('AVI (Desc)'!J66=\"\",\"\",INDEX([1]AVI_SENSOR_TYPE!$A$2:$A$7,MATCH('AVI (Desc)'!J66,[1]!MASTER_AVI_SENSOR_TYPE_DESC,0),0))","v":""}]
[{"$f":"IF('AVI (Desc)'!A67=\"\",\"\",'AVI (Desc)'!A67)","v":""},{"$f":"IF('AVI (Desc)'!B67=\"\",\"\",'AVI (Desc)'!B67)","v":""},{"$f":"IF('AVI (Desc)'!C67=\"\",\"\",'AVI (Desc)'!C67)","v":""},{"$f":"IF('AVI (Desc)'!D67=\"\",\"\",INDEX([1]ASSET_ID_SOURCE!$A$2:$A$50,MATCH('AVI (Desc)'!D67,[1]!MASTER_ASSET_ID_SOURCE_DESC,0),0))","v":""},{"$f":"IF('AVI (Desc)'!E67=\"\",\"\",'AVI (Desc)'!E67)","v":""},{"$f":"IF('AVI (Desc)'!F67=\"\",\"\",'AVI (Desc)'!F67)","v":""},{"$f":"IF('AVI (Desc)'!G67=\"\",\"\",INDEX([1]OWNER!$A$2:$A$100,MATCH('AVI (Desc)'!$G67,[1]!MASTER_OWNER_DESC[#Data],0),0))","v":""},{"$f":"IF('AVI (Desc)'!H67=\"\",\"\",INDEX([1]COUNTY!$A$2:$A$80,MATCH('AVI (Desc)'!H67,[1]!MASTER_COUNTY_NAME[#Data],0),0))","v":""},{"$f":"IF('AVI (Desc)'!I67=\"\",\"\",'AVI (Desc)'!I67)","v":""},{"$f":"IF('AVI (Desc)'!J67=\"\",\"\",INDEX([1]AVI_SENSOR_TYPE!$A$2:$A$7,MATCH('AVI (Desc)'!J67,[1]!MASTER_AVI_SENSOR_TYPE_DESC,0),0))","v":""}]
[{"$f":"IF('AVI (Desc)'!A68=\"\",\"\",'AVI (Desc)'!A68)","v":""},{"$f":"IF('AVI (Desc)'!B68=\"\",\"\",'AVI (Desc)'!B68)","v":""},{"$f":"IF('AVI (Desc)'!C68=\"\",\"\",'AVI (Desc)'!C68)","v":""},{"$f":"IF('AVI (Desc)'!D68=\"\",\"\",INDEX([1]ASSET_ID_SOURCE!$A$2:$A$50,MATCH('AVI (Desc)'!D68,[1]!MASTER_ASSET_ID_SOURCE_DESC,0),0))","v":""},{"$f":"IF('AVI (Desc)'!E68=\"\",\"\",'AVI (Desc)'!E68)","v":""},{"$f":"IF('AVI (Desc)'!F68=\"\",\"\",'AVI (Desc)'!F68)","v":""},{"$f":"IF('AVI (Desc)'!G68=\"\",\"\",INDEX([1]OWNER!$A$2:$A$100,MATCH('AVI (Desc)'!$G68,[1]!MASTER_OWNER_DESC[#Data],0),0))","v":""},{"$f":"IF('AVI (Desc)'!H68=\"\",\"\",INDEX([1]COUNTY!$A$2:$A$80,MATCH('AVI (Desc)'!H68,[1]!MASTER_COUNTY_NAME[#Data],0),0))","v":""},{"$f":"IF('AVI (Desc)'!I68=\"\",\"\",'AVI (Desc)'!I68)","v":""},{"$f":"IF('AVI (Desc)'!J68=\"\",\"\",INDEX([1]AVI_SENSOR_TYPE!$A$2:$A$7,MATCH('AVI (Desc)'!J68,[1]!MASTER_AVI_SENSOR_TYPE_DESC,0),0))","v":""}]
[{"$f":"IF('AVI (Desc)'!A69=\"\",\"\",'AVI (Desc)'!A69)","v":""},{"$f":"IF('AVI (Desc)'!B69=\"\",\"\",'AVI (Desc)'!B69)","v":""},{"$f":"IF('AVI (Desc)'!C69=\"\",\"\",'AVI (Desc)'!C69)","v":""},{"$f":"IF('AVI (Desc)'!D69=\"\",\"\",INDEX([1]ASSET_ID_SOURCE!$A$2:$A$50,MATCH('AVI (Desc)'!D69,[1]!MASTER_ASSET_ID_SOURCE_DESC,0),0))","v":""},{"$f":"IF('AVI (Desc)'!E69=\"\",\"\",'AVI (Desc)'!E69)","v":""},{"$f":"IF('AVI (Desc)'!F69=\"\",\"\",'AVI (Desc)'!F69)","v":""},{"$f":"IF('AVI (Desc)'!G69=\"\",\"\",INDEX([1]OWNER!$A$2:$A$100,MATCH('AVI (Desc)'!$G69,[1]!MASTER_OWNER_DESC[#Data],0),0))","v":""},{"$f":"IF('AVI (Desc)'!H69=\"\",\"\",INDEX([1]COUNTY!$A$2:$A$80,MATCH('AVI (Desc)'!H69,[1]!MASTER_COUNTY_NAME[#Data],0),0))","v":""},{"$f":"IF('AVI (Desc)'!I69=\"\",\"\",'AVI (Desc)'!I69)","v":""},{"$f":"IF('AVI (Desc)'!J69=\"\",\"\",INDEX([1]AVI_SENSOR_TYPE!$A$2:$A$7,MATCH('AVI (Desc)'!J69,[1]!MASTER_AVI_SENSOR_TYPE_DESC,0),0))","v":""}]
[{"$f":"IF('AVI (Desc)'!A70=\"\",\"\",'AVI (Desc)'!A70)","v":""},{"$f":"IF('AVI (Desc)'!B70=\"\",\"\",'AVI (Desc)'!B70)","v":""},{"$f":"IF('AVI (Desc)'!C70=\"\",\"\",'AVI (Desc)'!C70)","v":""},{"$f":"IF('AVI (Desc)'!D70=\"\",\"\",INDEX([1]ASSET_ID_SOURCE!$A$2:$A$50,MATCH('AVI (Desc)'!D70,[1]!MASTER_ASSET_ID_SOURCE_DESC,0),0))","v":""},{"$f":"IF('AVI (Desc)'!E70=\"\",\"\",'AVI (Desc)'!E70)","v":""},{"$f":"IF('AVI (Desc)'!F70=\"\",\"\",'AVI (Desc)'!F70)","v":""},{"$f":"IF('AVI (Desc)'!G70=\"\",\"\",INDEX([1]OWNER!$A$2:$A$100,MATCH('AVI (Desc)'!$G70,[1]!MASTER_OWNER_DESC[#Data],0),0))","v":""},{"$f":"IF('AVI (Desc)'!H70=\"\",\"\",INDEX([1]COUNTY!$A$2:$A$80,MATCH('AVI (Desc)'!H70,[1]!MASTER_COUNTY_NAME[#Data],0),0))","v":""},{"$f":"IF('AVI (Desc)'!I70=\"\",\"\",'AVI (Desc)'!I70)","v":""},{"$f":"IF('AVI (Desc)'!J70=\"\",\"\",INDEX([1]AVI_SENSOR_TYPE!$A$2:$A$7,MATCH('AVI (Desc)'!J70,[1]!MASTER_AVI_SENSOR_TYPE_DESC,0),0))","v":""}]
[{"$f":"IF('AVI (Desc)'!A71=\"\",\"\",'AVI (Desc)'!A71)","v":""},{"$f":"IF('AVI (Desc)'!B71=\"\",\"\",'AVI (Desc)'!B71)","v":""},{"$f":"IF('AVI (Desc)'!C71=\"\",\"\",'AVI (Desc)'!C71)","v":""},{"$f":"IF('AVI (Desc)'!D71=\"\",\"\",INDEX([1]ASSET_ID_SOURCE!$A$2:$A$50,MATCH('AVI (Desc)'!D71,[1]!MASTER_ASSET_ID_SOURCE_DESC,0),0))","v":""},{"$f":"IF('AVI (Desc)'!E71=\"\",\"\",'AVI (Desc)'!E71)","v":""},{"$f":"IF('AVI (Desc)'!F71=\"\",\"\",'AVI (Desc)'!F71)","v":""},{"$f":"IF('AVI (Desc)'!G71=\"\",\"\",INDEX([1]OWNER!$A$2:$A$100,MATCH('AVI (Desc)'!$G71,[1]!MASTER_OWNER_DESC[#Data],0),0))","v":""},{"$f":"IF('AVI (Desc)'!H71=\"\",\"\",INDEX([1]COUNTY!$A$2:$A$80,MATCH('AVI (Desc)'!H71,[1]!MASTER_COUNTY_NAME[#Data],0),0))","v":""},{"$f":"IF('AVI (Desc)'!I71=\"\",\"\",'AVI (Desc)'!I71)","v":""},{"$f":"IF('AVI (Desc)'!J71=\"\",\"\",INDEX([1]AVI_SENSOR_TYPE!$A$2:$A$7,MATCH('AVI (Desc)'!J71,[1]!MASTER_AVI_SENSOR_TYPE_DESC,0),0))","v":""}]
[{"$f":"IF('AVI (Desc)'!A72=\"\",\"\",'AVI (Desc)'!A72)","v":""},{"$f":"IF('AVI (Desc)'!B72=\"\",\"\",'AVI (Desc)'!B72)","v":""},{"$f":"IF('AVI (Desc)'!C72=\"\",\"\",'AVI (Desc)'!C72)","v":""},{"$f":"IF('AVI (Desc)'!D72=\"\",\"\",INDEX([1]ASSET_ID_SOURCE!$A$2:$A$50,MATCH('AVI (Desc)'!D72,[1]!MASTER_ASSET_ID_SOURCE_DESC,0),0))","v":""},{"$f":"IF('AVI (Desc)'!E72=\"\",\"\",'AVI (Desc)'!E72)","v":""},{"$f":"IF('AVI (Desc)'!F72=\"\",\"\",'AVI (Desc)'!F72)","v":""},{"$f":"IF('AVI (Desc)'!G72=\"\",\"\",INDEX([1]OWNER!$A$2:$A$100,MATCH('AVI (Desc)'!$G72,[1]!MASTER_OWNER_DESC[#Data],0),0))","v":""},{"$f":"IF('AVI (Desc)'!H72=\"\",\"\",INDEX([1]COUNTY!$A$2:$A$80,MATCH('AVI (Desc)'!H72,[1]!MASTER_COUNTY_NAME[#Data],0),0))","v":""},{"$f":"IF('AVI (Desc)'!I72=\"\",\"\",'AVI (Desc)'!I72)","v":""},{"$f":"IF('AVI (Desc)'!J72=\"\",\"\",INDEX([1]AVI_SENSOR_TYPE!$A$2:$A$7,MATCH('AVI (Desc)'!J72,[1]!MASTER_AVI_SENSOR_TYPE_DESC,0),0))","v":""}]
[{"$f":"IF('AVI (Desc)'!A73=\"\",\"\",'AVI (Desc)'!A73)","v":""},{"$f":"IF('AVI (Desc)'!B73=\"\",\"\",'AVI (Desc)'!B73)","v":""},{"$f":"IF('AVI (Desc)'!C73=\"\",\"\",'AVI (Desc)'!C73)","v":""},{"$f":"IF('AVI (Desc)'!D73=\"\",\"\",INDEX([1]ASSET_ID_SOURCE!$A$2:$A$50,MATCH('AVI (Desc)'!D73,[1]!MASTER_ASSET_ID_SOURCE_DESC,0),0))","v":""},{"$f":"IF('AVI (Desc)'!E73=\"\",\"\",'AVI (Desc)'!E73)","v":""},{"$f":"IF('AVI (Desc)'!F73=\"\",\"\",'AVI (Desc)'!F73)","v":""},{"$f":"IF('AVI (Desc)'!G73=\"\",\"\",INDEX([1]OWNER!$A$2:$A$100,MATCH('AVI (Desc)'!$G73,[1]!MASTER_OWNER_DESC[#Data],0),0))","v":""},{"$f":"IF('AVI (Desc)'!H73=\"\",\"\",INDEX([1]COUNTY!$A$2:$A$80,MATCH('AVI (Desc)'!H73,[1]!MASTER_COUNTY_NAME[#Data],0),0))","v":""},{"$f":"IF('AVI (Desc)'!I73=\"\",\"\",'AVI (Desc)'!I73)","v":""},{"$f":"IF('AVI (Desc)'!J73=\"\",\"\",INDEX([1]AVI_SENSOR_TYPE!$A$2:$A$7,MATCH('AVI (Desc)'!J73,[1]!MASTER_AVI_SENSOR_TYPE_DESC,0),0))","v":""}]
[{"$f":"IF('AVI (Desc)'!A74=\"\",\"\",'AVI (Desc)'!A74)","v":""},{"$f":"IF('AVI (Desc)'!B74=\"\",\"\",'AVI (Desc)'!B74)","v":""},{"$f":"IF('AVI (Desc)'!C74=\"\",\"\",'AVI (Desc)'!C74)","v":""},{"$f":"IF('AVI (Desc)'!D74=\"\",\"\",INDEX([1]ASSET_ID_SOURCE!$A$2:$A$50,MATCH('AVI (Desc)'!D74,[1]!MASTER_ASSET_ID_SOURCE_DESC,0),0))","v":""},{"$f":"IF('AVI (Desc)'!E74=\"\",\"\",'AVI (Desc)'!E74)","v":""},{"$f":"IF('AVI (Desc)'!F74=\"\",\"\",'AVI (Desc)'!F74)","v":""},{"$f":"IF('AVI (Desc)'!G74=\"\",\"\",INDEX([1]OWNER!$A$2:$A$100,MATCH('AVI (Desc)'!$G74,[1]!MASTER_OWNER_DESC[#Data],0),0))","v":""},{"$f":"IF('AVI (Desc)'!H74=\"\",\"\",INDEX([1]COUNTY!$A$2:$A$80,MATCH('AVI (Desc)'!H74,[1]!MASTER_COUNTY_NAME[#Data],0),0))","v":""},{"$f":"IF('AVI (Desc)'!I74=\"\",\"\",'AVI (Desc)'!I74)","v":""},{"$f":"IF('AVI (Desc)'!J74=\"\",\"\",INDEX([1]AVI_SENSOR_TYPE!$A$2:$A$7,MATCH('AVI (Desc)'!J74,[1]!MASTER_AVI_SENSOR_TYPE_DESC,0),0))","v":""}]
[{"$f":"IF('AVI (Desc)'!A75=\"\",\"\",'AVI (Desc)'!A75)","v":""},{"$f":"IF('AVI (Desc)'!B75=\"\",\"\",'AVI (Desc)'!B75)","v":""},{"$f":"IF('AVI (Desc)'!C75=\"\",\"\",'AVI (Desc)'!C75)","v":""},{"$f":"IF('AVI (Desc)'!D75=\"\",\"\",INDEX([1]ASSET_ID_SOURCE!$A$2:$A$50,MATCH('AVI (Desc)'!D75,[1]!MASTER_ASSET_ID_SOURCE_DESC,0),0))","v":""},{"$f":"IF('AVI (Desc)'!E75=\"\",\"\",'AVI (Desc)'!E75)","v":""},{"$f":"IF('AVI (Desc)'!F75=\"\",\"\",'AVI (Desc)'!F75)","v":""},{"$f":"IF('AVI (Desc)'!G75=\"\",\"\",INDEX([1]OWNER!$A$2:$A$100,MATCH('AVI (Desc)'!$G75,[1]!MASTER_OWNER_DESC[#Data],0),0))","v":""},{"$f":"IF('AVI (Desc)'!H75=\"\",\"\",INDEX([1]COUNTY!$A$2:$A$80,MATCH('AVI (Desc)'!H75,[1]!MASTER_COUNTY_NAME[#Data],0),0))","v":""},{"$f":"IF('AVI (Desc)'!I75=\"\",\"\",'AVI (Desc)'!I75)","v":""},{"$f":"IF('AVI (Desc)'!J75=\"\",\"\",INDEX([1]AVI_SENSOR_TYPE!$A$2:$A$7,MATCH('AVI (Desc)'!J75,[1]!MASTER_AVI_SENSOR_TYPE_DESC,0),0))","v":""}]
[{"$f":"IF('AVI (Desc)'!A76=\"\",\"\",'AVI (Desc)'!A76)","v":""},{"$f":"IF('AVI (Desc)'!B76=\"\",\"\",'AVI (Desc)'!B76)","v":""},{"$f":"IF('AVI (Desc)'!C76=\"\",\"\",'AVI (Desc)'!C76)","v":""},{"$f":"IF('AVI (Desc)'!D76=\"\",\"\",INDEX([1]ASSET_ID_SOURCE!$A$2:$A$50,MATCH('AVI (Desc)'!D76,[1]!MASTER_ASSET_ID_SOURCE_DESC,0),0))","v":""},{"$f":"IF('AVI (Desc)'!E76=\"\",\"\",'AVI (Desc)'!E76)","v":""},{"$f":"IF('AVI (Desc)'!F76=\"\",\"\",'AVI (Desc)'!F76)","v":""},{"$f":"IF('AVI (Desc)'!G76=\"\",\"\",INDEX([1]OWNER!$A$2:$A$100,MATCH('AVI (Desc)'!$G76,[1]!MASTER_OWNER_DESC[#Data],0),0))","v":""},{"$f":"IF('AVI (Desc)'!H76=\"\",\"\",INDEX([1]COUNTY!$A$2:$A$80,MATCH('AVI (Desc)'!H76,[1]!MASTER_COUNTY_NAME[#Data],0),0))","v":""},{"$f":"IF('AVI (Desc)'!I76=\"\",\"\",'AVI (Desc)'!I76)","v":""},{"$f":"IF('AVI (Desc)'!J76=\"\",\"\",INDEX([1]AVI_SENSOR_TYPE!$A$2:$A$7,MATCH('AVI (Desc)'!J76,[1]!MASTER_AVI_SENSOR_TYPE_DESC,0),0))","v":""}]
[{"$f":"IF('AVI (Desc)'!A77=\"\",\"\",'AVI (Desc)'!A77)","v":""},{"$f":"IF('AVI (Desc)'!B77=\"\",\"\",'AVI (Desc)'!B77)","v":""},{"$f":"IF('AVI (Desc)'!C77=\"\",\"\",'AVI (Desc)'!C77)","v":""},{"$f":"IF('AVI (Desc)'!D77=\"\",\"\",INDEX([1]ASSET_ID_SOURCE!$A$2:$A$50,MATCH('AVI (Desc)'!D77,[1]!MASTER_ASSET_ID_SOURCE_DESC,0),0))","v":""},{"$f":"IF('AVI (Desc)'!E77=\"\",\"\",'AVI (Desc)'!E77)","v":""},{"$f":"IF('AVI (Desc)'!F77=\"\",\"\",'AVI (Desc)'!F77)","v":""},{"$f":"IF('AVI (Desc)'!G77=\"\",\"\",INDEX([1]OWNER!$A$2:$A$100,MATCH('AVI (Desc)'!$G77,[1]!MASTER_OWNER_DESC[#Data],0),0))","v":""},{"$f":"IF('AVI (Desc)'!H77=\"\",\"\",INDEX([1]COUNTY!$A$2:$A$80,MATCH('AVI (Desc)'!H77,[1]!MASTER_COUNTY_NAME[#Data],0),0))","v":""},{"$f":"IF('AVI (Desc)'!I77=\"\",\"\",'AVI (Desc)'!I77)","v":""},{"$f":"IF('AVI (Desc)'!J77=\"\",\"\",INDEX([1]AVI_SENSOR_TYPE!$A$2:$A$7,MATCH('AVI (Desc)'!J77,[1]!MASTER_AVI_SENSOR_TYPE_DESC,0),0))","v":""}]
[{"$f":"IF('AVI (Desc)'!A78=\"\",\"\",'AVI (Desc)'!A78)","v":""},{"$f":"IF('AVI (Desc)'!B78=\"\",\"\",'AVI (Desc)'!B78)","v":""},{"$f":"IF('AVI (Desc)'!C78=\"\",\"\",'AVI (Desc)'!C78)","v":""},{"$f":"IF('AVI (Desc)'!D78=\"\",\"\",INDEX([1]ASSET_ID_SOURCE!$A$2:$A$50,MATCH('AVI (Desc)'!D78,[1]!MASTER_ASSET_ID_SOURCE_DESC,0),0))","v":""},{"$f":"IF('AVI (Desc)'!E78=\"\",\"\",'AVI (Desc)'!E78)","v":""},{"$f":"IF('AVI (Desc)'!F78=\"\",\"\",'AVI (Desc)'!F78)","v":""},{"$f":"IF('AVI (Desc)'!G78=\"\",\"\",INDEX([1]OWNER!$A$2:$A$100,MATCH('AVI (Desc)'!$G78,[1]!MASTER_OWNER_DESC[#Data],0),0))","v":""},{"$f":"IF('AVI (Desc)'!H78=\"\",\"\",INDEX([1]COUNTY!$A$2:$A$80,MATCH('AVI (Desc)'!H78,[1]!MASTER_COUNTY_NAME[#Data],0),0))","v":""},{"$f":"IF('AVI (Desc)'!I78=\"\",\"\",'AVI (Desc)'!I78)","v":""},{"$f":"IF('AVI (Desc)'!J78=\"\",\"\",INDEX([1]AVI_SENSOR_TYPE!$A$2:$A$7,MATCH('AVI (Desc)'!J78,[1]!MASTER_AVI_SENSOR_TYPE_DESC,0),0))","v":""}]
[{"$f":"IF('AVI (Desc)'!A79=\"\",\"\",'AVI (Desc)'!A79)","v":""},{"$f":"IF('AVI (Desc)'!B79=\"\",\"\",'AVI (Desc)'!B79)","v":""},{"$f":"IF('AVI (Desc)'!C79=\"\",\"\",'AVI (Desc)'!C79)","v":""},{"$f":"IF('AVI (Desc)'!D79=\"\",\"\",INDEX([1]ASSET_ID_SOURCE!$A$2:$A$50,MATCH('AVI (Desc)'!D79,[1]!MASTER_ASSET_ID_SOURCE_DESC,0),0))","v":""},{"$f":"IF('AVI (Desc)'!E79=\"\",\"\",'AVI (Desc)'!E79)","v":""},{"$f":"IF('AVI (Desc)'!F79=\"\",\"\",'AVI (Desc)'!F79)","v":""},{"$f":"IF('AVI (Desc)'!G79=\"\",\"\",INDEX([1]OWNER!$A$2:$A$100,MATCH('AVI (Desc)'!$G79,[1]!MASTER_OWNER_DESC[#Data],0),0))","v":""},{"$f":"IF('AVI (Desc)'!H79=\"\",\"\",INDEX([1]COUNTY!$A$2:$A$80,MATCH('AVI (Desc)'!H79,[1]!MASTER_COUNTY_NAME[#Data],0),0))","v":""},{"$f":"IF('AVI (Desc)'!I79=\"\",\"\",'AVI (Desc)'!I79)","v":""},{"$f":"IF('AVI (Desc)'!J79=\"\",\"\",INDEX([1]AVI_SENSOR_TYPE!$A$2:$A$7,MATCH('AVI (Desc)'!J79,[1]!MASTER_AVI_SENSOR_TYPE_DESC,0),0))","v":""}]
[{"$f":"IF('AVI (Desc)'!A80=\"\",\"\",'AVI (Desc)'!A80)","v":""},{"$f":"IF('AVI (Desc)'!B80=\"\",\"\",'AVI (Desc)'!B80)","v":""},{"$f":"IF('AVI (Desc)'!C80=\"\",\"\",'AVI (Desc)'!C80)","v":""},{"$f":"IF('AVI (Desc)'!D80=\"\",\"\",INDEX([1]ASSET_ID_SOURCE!$A$2:$A$50,MATCH('AVI (Desc)'!D80,[1]!MASTER_ASSET_ID_SOURCE_DESC,0),0))","v":""},{"$f":"IF('AVI (Desc)'!E80=\"\",\"\",'AVI (Desc)'!E80)","v":""},{"$f":"IF('AVI (Desc)'!F80=\"\",\"\",'AVI (Desc)'!F80)","v":""},{"$f":"IF('AVI (Desc)'!G80=\"\",\"\",INDEX([1]OWNER!$A$2:$A$100,MATCH('AVI (Desc)'!$G80,[1]!MASTER_OWNER_DESC[#Data],0),0))","v":""},{"$f":"IF('AVI (Desc)'!H80=\"\",\"\",INDEX([1]COUNTY!$A$2:$A$80,MATCH('AVI (Desc)'!H80,[1]!MASTER_COUNTY_NAME[#Data],0),0))","v":""},{"$f":"IF('AVI (Desc)'!I80=\"\",\"\",'AVI (Desc)'!I80)","v":""},{"$f":"IF('AVI (Desc)'!J80=\"\",\"\",INDEX([1]AVI_SENSOR_TYPE!$A$2:$A$7,MATCH('AVI (Desc)'!J80,[1]!MASTER_AVI_SENSOR_TYPE_DESC,0),0))","v":""}]
[{"$f":"IF('AVI (Desc)'!A81=\"\",\"\",'AVI (Desc)'!A81)","v":""},{"$f":"IF('AVI (Desc)'!B81=\"\",\"\",'AVI (Desc)'!B81)","v":""},{"$f":"IF('AVI (Desc)'!C81=\"\",\"\",'AVI (Desc)'!C81)","v":""},{"$f":"IF('AVI (Desc)'!D81=\"\",\"\",INDEX([1]ASSET_ID_SOURCE!$A$2:$A$50,MATCH('AVI (Desc)'!D81,[1]!MASTER_ASSET_ID_SOURCE_DESC,0),0))","v":""},{"$f":"IF('AVI (Desc)'!E81=\"\",\"\",'AVI (Desc)'!E81)","v":""},{"$f":"IF('AVI (Desc)'!F81=\"\",\"\",'AVI (Desc)'!F81)","v":""},{"$f":"IF('AVI (Desc)'!G81=\"\",\"\",INDEX([1]OWNER!$A$2:$A$100,MATCH('AVI (Desc)'!$G81,[1]!MASTER_OWNER_DESC[#Data],0),0))","v":""},{"$f":"IF('AVI (Desc)'!H81=\"\",\"\",INDEX([1]COUNTY!$A$2:$A$80,MATCH('AVI (Desc)'!H81,[1]!MASTER_COUNTY_NAME[#Data],0),0))","v":""},{"$f":"IF('AVI (Desc)'!I81=\"\",\"\",'AVI (Desc)'!I81)","v":""},{"$f":"IF('AVI (Desc)'!J81=\"\",\"\",INDEX([1]AVI_SENSOR_TYPE!$A$2:$A$7,MATCH('AVI (Desc)'!J81,[1]!MASTER_AVI_SENSOR_TYPE_DESC,0),0))","v":""}]
[{"$f":"IF('AVI (Desc)'!A82=\"\",\"\",'AVI (Desc)'!A82)","v":""},{"$f":"IF('AVI (Desc)'!B82=\"\",\"\",'AVI (Desc)'!B82)","v":""},{"$f":"IF('AVI (Desc)'!C82=\"\",\"\",'AVI (Desc)'!C82)","v":""},{"$f":"IF('AVI (Desc)'!D82=\"\",\"\",INDEX([1]ASSET_ID_SOURCE!$A$2:$A$50,MATCH('AVI (Desc)'!D82,[1]!MASTER_ASSET_ID_SOURCE_DESC,0),0))","v":""},{"$f":"IF('AVI (Desc)'!E82=\"\",\"\",'AVI (Desc)'!E82)","v":""},{"$f":"IF('AVI (Desc)'!F82=\"\",\"\",'AVI (Desc)'!F82)","v":""},{"$f":"IF('AVI (Desc)'!G82=\"\",\"\",INDEX([1]OWNER!$A$2:$A$100,MATCH('AVI (Desc)'!$G82,[1]!MASTER_OWNER_DESC[#Data],0),0))","v":""},{"$f":"IF('AVI (Desc)'!H82=\"\",\"\",INDEX([1]COUNTY!$A$2:$A$80,MATCH('AVI (Desc)'!H82,[1]!MASTER_COUNTY_NAME[#Data],0),0))","v":""},{"$f":"IF('AVI (Desc)'!I82=\"\",\"\",'AVI (Desc)'!I82)","v":""},{"$f":"IF('AVI (Desc)'!J82=\"\",\"\",INDEX([1]AVI_SENSOR_TYPE!$A$2:$A$7,MATCH('AVI (Desc)'!J82,[1]!MASTER_AVI_SENSOR_TYPE_DESC,0),0))","v":""}]
[{"$f":"IF('AVI (Desc)'!A83=\"\",\"\",'AVI (Desc)'!A83)","v":""},{"$f":"IF('AVI (Desc)'!B83=\"\",\"\",'AVI (Desc)'!B83)","v":""},{"$f":"IF('AVI (Desc)'!C83=\"\",\"\",'AVI (Desc)'!C83)","v":""},{"$f":"IF('AVI (Desc)'!D83=\"\",\"\",INDEX([1]ASSET_ID_SOURCE!$A$2:$A$50,MATCH('AVI (Desc)'!D83,[1]!MASTER_ASSET_ID_SOURCE_DESC,0),0))","v":""},{"$f":"IF('AVI (Desc)'!E83=\"\",\"\",'AVI (Desc)'!E83)","v":""},{"$f":"IF('AVI (Desc)'!F83=\"\",\"\",'AVI (Desc)'!F83)","v":""},{"$f":"IF('AVI (Desc)'!G83=\"\",\"\",INDEX([1]OWNER!$A$2:$A$100,MATCH('AVI (Desc)'!$G83,[1]!MASTER_OWNER_DESC[#Data],0),0))","v":""},{"$f":"IF('AVI (Desc)'!H83=\"\",\"\",INDEX([1]COUNTY!$A$2:$A$80,MATCH('AVI (Desc)'!H83,[1]!MASTER_COUNTY_NAME[#Data],0),0))","v":""},{"$f":"IF('AVI (Desc)'!I83=\"\",\"\",'AVI (Desc)'!I83)","v":""},{"$f":"IF('AVI (Desc)'!J83=\"\",\"\",INDEX([1]AVI_SENSOR_TYPE!$A$2:$A$7,MATCH('AVI (Desc)'!J83,[1]!MASTER_AVI_SENSOR_TYPE_DESC,0),0))","v":""}]
[{"$f":"IF('AVI (Desc)'!A84=\"\",\"\",'AVI (Desc)'!A84)","v":""},{"$f":"IF('AVI (Desc)'!B84=\"\",\"\",'AVI (Desc)'!B84)","v":""},{"$f":"IF('AVI (Desc)'!C84=\"\",\"\",'AVI (Desc)'!C84)","v":""},{"$f":"IF('AVI (Desc)'!D84=\"\",\"\",INDEX([1]ASSET_ID_SOURCE!$A$2:$A$50,MATCH('AVI (Desc)'!D84,[1]!MASTER_ASSET_ID_SOURCE_DESC,0),0))","v":""},{"$f":"IF('AVI (Desc)'!E84=\"\",\"\",'AVI (Desc)'!E84)","v":""},{"$f":"IF('AVI (Desc)'!F84=\"\",\"\",'AVI (Desc)'!F84)","v":""},{"$f":"IF('AVI (Desc)'!G84=\"\",\"\",INDEX([1]OWNER!$A$2:$A$100,MATCH('AVI (Desc)'!$G84,[1]!MASTER_OWNER_DESC[#Data],0),0))","v":""},{"$f":"IF('AVI (Desc)'!H84=\"\",\"\",INDEX([1]COUNTY!$A$2:$A$80,MATCH('AVI (Desc)'!H84,[1]!MASTER_COUNTY_NAME[#Data],0),0))","v":""},{"$f":"IF('AVI (Desc)'!I84=\"\",\"\",'AVI (Desc)'!I84)","v":""},{"$f":"IF('AVI (Desc)'!J84=\"\",\"\",INDEX([1]AVI_SENSOR_TYPE!$A$2:$A$7,MATCH('AVI (Desc)'!J84,[1]!MASTER_AVI_SENSOR_TYPE_DESC,0),0))","v":""}]
[{"$f":"IF('AVI (Desc)'!A85=\"\",\"\",'AVI (Desc)'!A85)","v":""},{"$f":"IF('AVI (Desc)'!B85=\"\",\"\",'AVI (Desc)'!B85)","v":""},{"$f":"IF('AVI (Desc)'!C85=\"\",\"\",'AVI (Desc)'!C85)","v":""},{"$f":"IF('AVI (Desc)'!D85=\"\",\"\",INDEX([1]ASSET_ID_SOURCE!$A$2:$A$50,MATCH('AVI (Desc)'!D85,[1]!MASTER_ASSET_ID_SOURCE_DESC,0),0))","v":""},{"$f":"IF('AVI (Desc)'!E85=\"\",\"\",'AVI (Desc)'!E85)","v":""},{"$f":"IF('AVI (Desc)'!F85=\"\",\"\",'AVI (Desc)'!F85)","v":""},{"$f":"IF('AVI (Desc)'!G85=\"\",\"\",INDEX([1]OWNER!$A$2:$A$100,MATCH('AVI (Desc)'!$G85,[1]!MASTER_OWNER_DESC[#Data],0),0))","v":""},{"$f":"IF('AVI (Desc)'!H85=\"\",\"\",INDEX([1]COUNTY!$A$2:$A$80,MATCH('AVI (Desc)'!H85,[1]!MASTER_COUNTY_NAME[#Data],0),0))","v":""},{"$f":"IF('AVI (Desc)'!I85=\"\",\"\",'AVI (Desc)'!I85)","v":""},{"$f":"IF('AVI (Desc)'!J85=\"\",\"\",INDEX([1]AVI_SENSOR_TYPE!$A$2:$A$7,MATCH('AVI (Desc)'!J85,[1]!MASTER_AVI_SENSOR_TYPE_DESC,0),0))","v":""}]
[{"$f":"IF('AVI (Desc)'!A86=\"\",\"\",'AVI (Desc)'!A86)","v":""},{"$f":"IF('AVI (Desc)'!B86=\"\",\"\",'AVI (Desc)'!B86)","v":""},{"$f":"IF('AVI (Desc)'!C86=\"\",\"\",'AVI (Desc)'!C86)","v":""},{"$f":"IF('AVI (Desc)'!D86=\"\",\"\",INDEX([1]ASSET_ID_SOURCE!$A$2:$A$50,MATCH('AVI (Desc)'!D86,[1]!MASTER_ASSET_ID_SOURCE_DESC,0),0))","v":""},{"$f":"IF('AVI (Desc)'!E86=\"\",\"\",'AVI (Desc)'!E86)","v":""},{"$f":"IF('AVI (Desc)'!F86=\"\",\"\",'AVI (Desc)'!F86)","v":""},{"$f":"IF('AVI (Desc)'!G86=\"\",\"\",INDEX([1]OWNER!$A$2:$A$100,MATCH('AVI (Desc)'!$G86,[1]!MASTER_OWNER_DESC[#Data],0),0))","v":""},{"$f":"IF('AVI (Desc)'!H86=\"\",\"\",INDEX([1]COUNTY!$A$2:$A$80,MATCH('AVI (Desc)'!H86,[1]!MASTER_COUNTY_NAME[#Data],0),0))","v":""},{"$f":"IF('AVI (Desc)'!I86=\"\",\"\",'AVI (Desc)'!I86)","v":""},{"$f":"IF('AVI (Desc)'!J86=\"\",\"\",INDEX([1]AVI_SENSOR_TYPE!$A$2:$A$7,MATCH('AVI (Desc)'!J86,[1]!MASTER_AVI_SENSOR_TYPE_DESC,0),0))","v":""}]
[{"$f":"IF('AVI (Desc)'!A87=\"\",\"\",'AVI (Desc)'!A87)","v":""},{"$f":"IF('AVI (Desc)'!B87=\"\",\"\",'AVI (Desc)'!B87)","v":""},{"$f":"IF('AVI (Desc)'!C87=\"\",\"\",'AVI (Desc)'!C87)","v":""},{"$f":"IF('AVI (Desc)'!D87=\"\",\"\",INDEX([1]ASSET_ID_SOURCE!$A$2:$A$50,MATCH('AVI (Desc)'!D87,[1]!MASTER_ASSET_ID_SOURCE_DESC,0),0))","v":""},{"$f":"IF('AVI (Desc)'!E87=\"\",\"\",'AVI (Desc)'!E87)","v":""},{"$f":"IF('AVI (Desc)'!F87=\"\",\"\",'AVI (Desc)'!F87)","v":""},{"$f":"IF('AVI (Desc)'!G87=\"\",\"\",INDEX([1]OWNER!$A$2:$A$100,MATCH('AVI (Desc)'!$G87,[1]!MASTER_OWNER_DESC[#Data],0),0))","v":""},{"$f":"IF('AVI (Desc)'!H87=\"\",\"\",INDEX([1]COUNTY!$A$2:$A$80,MATCH('AVI (Desc)'!H87,[1]!MASTER_COUNTY_NAME[#Data],0),0))","v":""},{"$f":"IF('AVI (Desc)'!I87=\"\",\"\",'AVI (Desc)'!I87)","v":""},{"$f":"IF('AVI (Desc)'!J87=\"\",\"\",INDEX([1]AVI_SENSOR_TYPE!$A$2:$A$7,MATCH('AVI (Desc)'!J87,[1]!MASTER_AVI_SENSOR_TYPE_DESC,0),0))","v":""}]
[{"$f":"IF('AVI (Desc)'!A88=\"\",\"\",'AVI (Desc)'!A88)","v":""},{"$f":"IF('AVI (Desc)'!B88=\"\",\"\",'AVI (Desc)'!B88)","v":""},{"$f":"IF('AVI (Desc)'!C88=\"\",\"\",'AVI (Desc)'!C88)","v":""},{"$f":"IF('AVI (Desc)'!D88=\"\",\"\",INDEX([1]ASSET_ID_SOURCE!$A$2:$A$50,MATCH('AVI (Desc)'!D88,[1]!MASTER_ASSET_ID_SOURCE_DESC,0),0))","v":""},{"$f":"IF('AVI (Desc)'!E88=\"\",\"\",'AVI (Desc)'!E88)","v":""},{"$f":"IF('AVI (Desc)'!F88=\"\",\"\",'AVI (Desc)'!F88)","v":""},{"$f":"IF('AVI (Desc)'!G88=\"\",\"\",INDEX([1]OWNER!$A$2:$A$100,MATCH('AVI (Desc)'!$G88,[1]!MASTER_OWNER_DESC[#Data],0),0))","v":""},{"$f":"IF('AVI (Desc)'!H88=\"\",\"\",INDEX([1]COUNTY!$A$2:$A$80,MATCH('AVI (Desc)'!H88,[1]!MASTER_COUNTY_NAME[#Data],0),0))","v":""},{"$f":"IF('AVI (Desc)'!I88=\"\",\"\",'AVI (Desc)'!I88)","v":""},{"$f":"IF('AVI (Desc)'!J88=\"\",\"\",INDEX([1]AVI_SENSOR_TYPE!$A$2:$A$7,MATCH('AVI (Desc)'!J88,[1]!MASTER_AVI_SENSOR_TYPE_DESC,0),0))","v":""}]
[{"$f":"IF('AVI (Desc)'!A89=\"\",\"\",'AVI (Desc)'!A89)","v":""},{"$f":"IF('AVI (Desc)'!B89=\"\",\"\",'AVI (Desc)'!B89)","v":""},{"$f":"IF('AVI (Desc)'!C89=\"\",\"\",'AVI (Desc)'!C89)","v":""},{"$f":"IF('AVI (Desc)'!D89=\"\",\"\",INDEX([1]ASSET_ID_SOURCE!$A$2:$A$50,MATCH('AVI (Desc)'!D89,[1]!MASTER_ASSET_ID_SOURCE_DESC,0),0))","v":""},{"$f":"IF('AVI (Desc)'!E89=\"\",\"\",'AVI (Desc)'!E89)","v":""},{"$f":"IF('AVI (Desc)'!F89=\"\",\"\",'AVI (Desc)'!F89)","v":""},{"$f":"IF('AVI (Desc)'!G89=\"\",\"\",INDEX([1]OWNER!$A$2:$A$100,MATCH('AVI (Desc)'!$G89,[1]!MASTER_OWNER_DESC[#Data],0),0))","v":""},{"$f":"IF('AVI (Desc)'!H89=\"\",\"\",INDEX([1]COUNTY!$A$2:$A$80,MATCH('AVI (Desc)'!H89,[1]!MASTER_COUNTY_NAME[#Data],0),0))","v":""},{"$f":"IF('AVI (Desc)'!I89=\"\",\"\",'AVI (Desc)'!I89)","v":""},{"$f":"IF('AVI (Desc)'!J89=\"\",\"\",INDEX([1]AVI_SENSOR_TYPE!$A$2:$A$7,MATCH('AVI (Desc)'!J89,[1]!MASTER_AVI_SENSOR_TYPE_DESC,0),0))","v":""}]
[{"$f":"IF('AVI (Desc)'!A90=\"\",\"\",'AVI (Desc)'!A90)","v":""},{"$f":"IF('AVI (Desc)'!B90=\"\",\"\",'AVI (Desc)'!B90)","v":""},{"$f":"IF('AVI (Desc)'!C90=\"\",\"\",'AVI (Desc)'!C90)","v":""},{"$f":"IF('AVI (Desc)'!D90=\"\",\"\",INDEX([1]ASSET_ID_SOURCE!$A$2:$A$50,MATCH('AVI (Desc)'!D90,[1]!MASTER_ASSET_ID_SOURCE_DESC,0),0))","v":""},{"$f":"IF('AVI (Desc)'!E90=\"\",\"\",'AVI (Desc)'!E90)","v":""},{"$f":"IF('AVI (Desc)'!F90=\"\",\"\",'AVI (Desc)'!F90)","v":""},{"$f":"IF('AVI (Desc)'!G90=\"\",\"\",INDEX([1]OWNER!$A$2:$A$100,MATCH('AVI (Desc)'!$G90,[1]!MASTER_OWNER_DESC[#Data],0),0))","v":""},{"$f":"IF('AVI (Desc)'!H90=\"\",\"\",INDEX([1]COUNTY!$A$2:$A$80,MATCH('AVI (Desc)'!H90,[1]!MASTER_COUNTY_NAME[#Data],0),0))","v":""},{"$f":"IF('AVI (Desc)'!I90=\"\",\"\",'AVI (Desc)'!I90)","v":""},{"$f":"IF('AVI (Desc)'!J90=\"\",\"\",INDEX([1]AVI_SENSOR_TYPE!$A$2:$A$7,MATCH('AVI (Desc)'!J90,[1]!MASTER_AVI_SENSOR_TYPE_DESC,0),0))","v":""}]
[{"$f":"IF('AVI (Desc)'!A91=\"\",\"\",'AVI (Desc)'!A91)","v":""},{"$f":"IF('AVI (Desc)'!B91=\"\",\"\",'AVI (Desc)'!B91)","v":""},{"$f":"IF('AVI (Desc)'!C91=\"\",\"\",'AVI (Desc)'!C91)","v":""},{"$f":"IF('AVI (Desc)'!D91=\"\",\"\",INDEX([1]ASSET_ID_SOURCE!$A$2:$A$50,MATCH('AVI (Desc)'!D91,[1]!MASTER_ASSET_ID_SOURCE_DESC,0),0))","v":""},{"$f":"IF('AVI (Desc)'!E91=\"\",\"\",'AVI (Desc)'!E91)","v":""},{"$f":"IF('AVI (Desc)'!F91=\"\",\"\",'AVI (Desc)'!F91)","v":""},{"$f":"IF('AVI (Desc)'!G91=\"\",\"\",INDEX([1]OWNER!$A$2:$A$100,MATCH('AVI (Desc)'!$G91,[1]!MASTER_OWNER_DESC[#Data],0),0))","v":""},{"$f":"IF('AVI (Desc)'!H91=\"\",\"\",INDEX([1]COUNTY!$A$2:$A$80,MATCH('AVI (Desc)'!H91,[1]!MASTER_COUNTY_NAME[#Data],0),0))","v":""},{"$f":"IF('AVI (Desc)'!I91=\"\",\"\",'AVI (Desc)'!I91)","v":""},{"$f":"IF('AVI (Desc)'!J91=\"\",\"\",INDEX([1]AVI_SENSOR_TYPE!$A$2:$A$7,MATCH('AVI (Desc)'!J91,[1]!MASTER_AVI_SENSOR_TYPE_DESC,0),0))","v":""}]
[{"$f":"IF('AVI (Desc)'!A92=\"\",\"\",'AVI (Desc)'!A92)","v":""},{"$f":"IF('AVI (Desc)'!B92=\"\",\"\",'AVI (Desc)'!B92)","v":""},{"$f":"IF('AVI (Desc)'!C92=\"\",\"\",'AVI (Desc)'!C92)","v":""},{"$f":"IF('AVI (Desc)'!D92=\"\",\"\",INDEX([1]ASSET_ID_SOURCE!$A$2:$A$50,MATCH('AVI (Desc)'!D92,[1]!MASTER_ASSET_ID_SOURCE_DESC,0),0))","v":""},{"$f":"IF('AVI (Desc)'!E92=\"\",\"\",'AVI (Desc)'!E92)","v":""},{"$f":"IF('AVI (Desc)'!F92=\"\",\"\",'AVI (Desc)'!F92)","v":""},{"$f":"IF('AVI (Desc)'!G92=\"\",\"\",INDEX([1]OWNER!$A$2:$A$100,MATCH('AVI (Desc)'!$G92,[1]!MASTER_OWNER_DESC[#Data],0),0))","v":""},{"$f":"IF('AVI (Desc)'!H92=\"\",\"\",INDEX([1]COUNTY!$A$2:$A$80,MATCH('AVI (Desc)'!H92,[1]!MASTER_COUNTY_NAME[#Data],0),0))","v":""},{"$f":"IF('AVI (Desc)'!I92=\"\",\"\",'AVI (Desc)'!I92)","v":""},{"$f":"IF('AVI (Desc)'!J92=\"\",\"\",INDEX([1]AVI_SENSOR_TYPE!$A$2:$A$7,MATCH('AVI (Desc)'!J92,[1]!MASTER_AVI_SENSOR_TYPE_DESC,0),0))","v":""}]
[{"$f":"IF('AVI (Desc)'!A93=\"\",\"\",'AVI (Desc)'!A93)","v":""},{"$f":"IF('AVI (Desc)'!B93=\"\",\"\",'AVI (Desc)'!B93)","v":""},{"$f":"IF('AVI (Desc)'!C93=\"\",\"\",'AVI (Desc)'!C93)","v":""},{"$f":"IF('AVI (Desc)'!D93=\"\",\"\",INDEX([1]ASSET_ID_SOURCE!$A$2:$A$50,MATCH('AVI (Desc)'!D93,[1]!MASTER_ASSET_ID_SOURCE_DESC,0),0))","v":""},{"$f":"IF('AVI (Desc)'!E93=\"\",\"\",'AVI (Desc)'!E93)","v":""},{"$f":"IF('AVI (Desc)'!F93=\"\",\"\",'AVI (Desc)'!F93)","v":""},{"$f":"IF('AVI (Desc)'!G93=\"\",\"\",INDEX([1]OWNER!$A$2:$A$100,MATCH('AVI (Desc)'!$G93,[1]!MASTER_OWNER_DESC[#Data],0),0))","v":""},{"$f":"IF('AVI (Desc)'!H93=\"\",\"\",INDEX([1]COUNTY!$A$2:$A$80,MATCH('AVI (Desc)'!H93,[1]!MASTER_COUNTY_NAME[#Data],0),0))","v":""},{"$f":"IF('AVI (Desc)'!I93=\"\",\"\",'AVI (Desc)'!I93)","v":""},{"$f":"IF('AVI (Desc)'!J93=\"\",\"\",INDEX([1]AVI_SENSOR_TYPE!$A$2:$A$7,MATCH('AVI (Desc)'!J93,[1]!MASTER_AVI_SENSOR_TYPE_DESC,0),0))","v":""}]
[{"$f":"IF('AVI (Desc)'!A94=\"\",\"\",'AVI (Desc)'!A94)","v":""},{"$f":"IF('AVI (Desc)'!B94=\"\",\"\",'AVI (Desc)'!B94)","v":""},{"$f":"IF('AVI (Desc)'!C94=\"\",\"\",'AVI (Desc)'!C94)","v":""},{"$f":"IF('AVI (Desc)'!D94=\"\",\"\",INDEX([1]ASSET_ID_SOURCE!$A$2:$A$50,MATCH('AVI (Desc)'!D94,[1]!MASTER_ASSET_ID_SOURCE_DESC,0),0))","v":""},{"$f":"IF('AVI (Desc)'!E94=\"\",\"\",'AVI (Desc)'!E94)","v":""},{"$f":"IF('AVI (Desc)'!F94=\"\",\"\",'AVI (Desc)'!F94)","v":""},{"$f":"IF('AVI (Desc)'!G94=\"\",\"\",INDEX([1]OWNER!$A$2:$A$100,MATCH('AVI (Desc)'!$G94,[1]!MASTER_OWNER_DESC[#Data],0),0))","v":""},{"$f":"IF('AVI (Desc)'!H94=\"\",\"\",INDEX([1]COUNTY!$A$2:$A$80,MATCH('AVI (Desc)'!H94,[1]!MASTER_COUNTY_NAME[#Data],0),0))","v":""},{"$f":"IF('AVI (Desc)'!I94=\"\",\"\",'AVI (Desc)'!I94)","v":""},{"$f":"IF('AVI (Desc)'!J94=\"\",\"\",INDEX([1]AVI_SENSOR_TYPE!$A$2:$A$7,MATCH('AVI (Desc)'!J94,[1]!MASTER_AVI_SENSOR_TYPE_DESC,0),0))","v":""}]
[{"$f":"IF('AVI (Desc)'!A95=\"\",\"\",'AVI (Desc)'!A95)","v":""},{"$f":"IF('AVI (Desc)'!B95=\"\",\"\",'AVI (Desc)'!B95)","v":""},{"$f":"IF('AVI (Desc)'!C95=\"\",\"\",'AVI (Desc)'!C95)","v":""},{"$f":"IF('AVI (Desc)'!D95=\"\",\"\",INDEX([1]ASSET_ID_SOURCE!$A$2:$A$50,MATCH('AVI (Desc)'!D95,[1]!MASTER_ASSET_ID_SOURCE_DESC,0),0))","v":""},{"$f":"IF('AVI (Desc)'!E95=\"\",\"\",'AVI (Desc)'!E95)","v":""},{"$f":"IF('AVI (Desc)'!F95=\"\",\"\",'AVI (Desc)'!F95)","v":""},{"$f":"IF('AVI (Desc)'!G95=\"\",\"\",INDEX([1]OWNER!$A$2:$A$100,MATCH('AVI (Desc)'!$G95,[1]!MASTER_OWNER_DESC[#Data],0),0))","v":""},{"$f":"IF('AVI (Desc)'!H95=\"\",\"\",INDEX([1]COUNTY!$A$2:$A$80,MATCH('AVI (Desc)'!H95,[1]!MASTER_COUNTY_NAME[#Data],0),0))","v":""},{"$f":"IF('AVI (Desc)'!I95=\"\",\"\",'AVI (Desc)'!I95)","v":""},{"$f":"IF('AVI (Desc)'!J95=\"\",\"\",INDEX([1]AVI_SENSOR_TYPE!$A$2:$A$7,MATCH('AVI (Desc)'!J95,[1]!MASTER_AVI_SENSOR_TYPE_DESC,0),0))","v":""}]
[{"$f":"IF('AVI (Desc)'!A96=\"\",\"\",'AVI (Desc)'!A96)","v":""},{"$f":"IF('AVI (Desc)'!B96=\"\",\"\",'AVI (Desc)'!B96)","v":""},{"$f":"IF('AVI (Desc)'!C96=\"\",\"\",'AVI (Desc)'!C96)","v":""},{"$f":"IF('AVI (Desc)'!D96=\"\",\"\",INDEX([1]ASSET_ID_SOURCE!$A$2:$A$50,MATCH('AVI (Desc)'!D96,[1]!MASTER_ASSET_ID_SOURCE_DESC,0),0))","v":""},{"$f":"IF('AVI (Desc)'!E96=\"\",\"\",'AVI (Desc)'!E96)","v":""},{"$f":"IF('AVI (Desc)'!F96=\"\",\"\",'AVI (Desc)'!F96)","v":""},{"$f":"IF('AVI (Desc)'!G96=\"\",\"\",INDEX([1]OWNER!$A$2:$A$100,MATCH('AVI (Desc)'!$G96,[1]!MASTER_OWNER_DESC[#Data],0),0))","v":""},{"$f":"IF('AVI (Desc)'!H96=\"\",\"\",INDEX([1]COUNTY!$A$2:$A$80,MATCH('AVI (Desc)'!H96,[1]!MASTER_COUNTY_NAME[#Data],0),0))","v":""},{"$f":"IF('AVI (Desc)'!I96=\"\",\"\",'AVI (Desc)'!I96)","v":""},{"$f":"IF('AVI (Desc)'!J96=\"\",\"\",INDEX([1]AVI_SENSOR_TYPE!$A$2:$A$7,MATCH('AVI (Desc)'!J96,[1]!MASTER_AVI_SENSOR_TYPE_DESC,0),0))","v":""}]
[{"$f":"IF('AVI (Desc)'!A97=\"\",\"\",'AVI (Desc)'!A97)","v":""},{"$f":"IF('AVI (Desc)'!B97=\"\",\"\",'AVI (Desc)'!B97)","v":""},{"$f":"IF('AVI (Desc)'!C97=\"\",\"\",'AVI (Desc)'!C97)","v":""},{"$f":"IF('AVI (Desc)'!D97=\"\",\"\",INDEX([1]ASSET_ID_SOURCE!$A$2:$A$50,MATCH('AVI (Desc)'!D97,[1]!MASTER_ASSET_ID_SOURCE_DESC,0),0))","v":""},{"$f":"IF('AVI (Desc)'!E97=\"\",\"\",'AVI (Desc)'!E97)","v":""},{"$f":"IF('AVI (Desc)'!F97=\"\",\"\",'AVI (Desc)'!F97)","v":""},{"$f":"IF('AVI (Desc)'!G97=\"\",\"\",INDEX([1]OWNER!$A$2:$A$100,MATCH('AVI (Desc)'!$G97,[1]!MASTER_OWNER_DESC[#Data],0),0))","v":""},{"$f":"IF('AVI (Desc)'!H97=\"\",\"\",INDEX([1]COUNTY!$A$2:$A$80,MATCH('AVI (Desc)'!H97,[1]!MASTER_COUNTY_NAME[#Data],0),0))","v":""},{"$f":"IF('AVI (Desc)'!I97=\"\",\"\",'AVI (Desc)'!I97)","v":""},{"$f":"IF('AVI (Desc)'!J97=\"\",\"\",INDEX([1]AVI_SENSOR_TYPE!$A$2:$A$7,MATCH('AVI (Desc)'!J97,[1]!MASTER_AVI_SENSOR_TYPE_DESC,0),0))","v":""}]
[{"$f":"IF('AVI (Desc)'!A98=\"\",\"\",'AVI (Desc)'!A98)","v":""},{"$f":"IF('AVI (Desc)'!B98=\"\",\"\",'AVI (Desc)'!B98)","v":""},{"$f":"IF('AVI (Desc)'!C98=\"\",\"\",'AVI (Desc)'!C98)","v":""},{"$f":"IF('AVI (Desc)'!D98=\"\",\"\",INDEX([1]ASSET_ID_SOURCE!$A$2:$A$50,MATCH('AVI (Desc)'!D98,[1]!MASTER_ASSET_ID_SOURCE_DESC,0),0))","v":""},{"$f":"IF('AVI (Desc)'!E98=\"\",\"\",'AVI (Desc)'!E98)","v":""},{"$f":"IF('AVI (Desc)'!F98=\"\",\"\",'AVI (Desc)'!F98)","v":""},{"$f":"IF('AVI (Desc)'!G98=\"\",\"\",INDEX([1]OWNER!$A$2:$A$100,MATCH('AVI (Desc)'!$G98,[1]!MASTER_OWNER_DESC[#Data],0),0))","v":""},{"$f":"IF('AVI (Desc)'!H98=\"\",\"\",INDEX([1]COUNTY!$A$2:$A$80,MATCH('AVI (Desc)'!H98,[1]!MASTER_COUNTY_NAME[#Data],0),0))","v":""},{"$f":"IF('AVI (Desc)'!I98=\"\",\"\",'AVI (Desc)'!I98)","v":""},{"$f":"IF('AVI (Desc)'!J98=\"\",\"\",INDEX([1]AVI_SENSOR_TYPE!$A$2:$A$7,MATCH('AVI (Desc)'!J98,[1]!MASTER_AVI_SENSOR_TYPE_DESC,0),0))","v":""}]
[{"$f":"IF('AVI (Desc)'!A99=\"\",\"\",'AVI (Desc)'!A99)","v":""},{"$f":"IF('AVI (Desc)'!B99=\"\",\"\",'AVI (Desc)'!B99)","v":""},{"$f":"IF('AVI (Desc)'!C99=\"\",\"\",'AVI (Desc)'!C99)","v":""},{"$f":"IF('AVI (Desc)'!D99=\"\",\"\",INDEX([1]ASSET_ID_SOURCE!$A$2:$A$50,MATCH('AVI (Desc)'!D99,[1]!MASTER_ASSET_ID_SOURCE_DESC,0),0))","v":""},{"$f":"IF('AVI (Desc)'!E99=\"\",\"\",'AVI (Desc)'!E99)","v":""},{"$f":"IF('AVI (Desc)'!F99=\"\",\"\",'AVI (Desc)'!F99)","v":""},{"$f":"IF('AVI (Desc)'!G99=\"\",\"\",INDEX([1]OWNER!$A$2:$A$100,MATCH('AVI (Desc)'!$G99,[1]!MASTER_OWNER_DESC[#Data],0),0))","v":""},{"$f":"IF('AVI (Desc)'!H99=\"\",\"\",INDEX([1]COUNTY!$A$2:$A$80,MATCH('AVI (Desc)'!H99,[1]!MASTER_COUNTY_NAME[#Data],0),0))","v":""},{"$f":"IF('AVI (Desc)'!I99=\"\",\"\",'AVI (Desc)'!I99)","v":""},{"$f":"IF('AVI (Desc)'!J99=\"\",\"\",INDEX([1]AVI_SENSOR_TYPE!$A$2:$A$7,MATCH('AVI (Desc)'!J99,[1]!MASTER_AVI_SENSOR_TYPE_DESC,0),0))","v":""}]
[{"$f":"IF('AVI (Desc)'!A100=\"\",\"\",'AVI (Desc)'!A100)","v":""},{"$f":"IF('AVI (Desc)'!B100=\"\",\"\",'AVI (Desc)'!B100)","v":""},{"$f":"IF('AVI (Desc)'!C100=\"\",\"\",'AVI (Desc)'!C100)","v":""},{"$f":"IF('AVI (Desc)'!D100=\"\",\"\",INDEX([1]ASSET_ID_SOURCE!$A$2:$A$50,MATCH('AVI (Desc)'!D100,[1]!MASTER_ASSET_ID_SOURCE_DESC,0),0))","v":""},{"$f":"IF('AVI (Desc)'!E100=\"\",\"\",'AVI (Desc)'!E100)","v":""},{"$f":"IF('AVI (Desc)'!F100=\"\",\"\",'AVI (Desc)'!F100)","v":""},{"$f":"IF('AVI (Desc)'!G100=\"\",\"\",INDEX([1]OWNER!$A$2:$A$100,MATCH('AVI (Desc)'!$G100,[1]!MASTER_OWNER_DESC[#Data],0),0))","v":""},{"$f":"IF('AVI (Desc)'!H100=\"\",\"\",INDEX([1]COUNTY!$A$2:$A$80,MATCH('AVI (Desc)'!H100,[1]!MASTER_COUNTY_NAME[#Data],0),0))","v":""},{"$f":"IF('AVI (Desc)'!I100=\"\",\"\",'AVI (Desc)'!I100)","v":""},{"$f":"IF('AVI (Desc)'!J100=\"\",\"\",INDEX([1]AVI_SENSOR_TYPE!$A$2:$A$7,MATCH('AVI (Desc)'!J100,[1]!MASTER_AVI_SENSOR_TYPE_DESC,0),0))","v":""}]
[{"$f":"IF('AVI (Desc)'!A101=\"\",\"\",'AVI (Desc)'!A101)","v":""},{"$f":"IF('AVI (Desc)'!B101=\"\",\"\",'AVI (Desc)'!B101)","v":""},{"$f":"IF('AVI (Desc)'!C101=\"\",\"\",'AVI (Desc)'!C101)","v":""},{"$f":"IF('AVI (Desc)'!D101=\"\",\"\",INDEX([1]ASSET_ID_SOURCE!$A$2:$A$50,MATCH('AVI (Desc)'!D101,[1]!MASTER_ASSET_ID_SOURCE_DESC,0),0))","v":""},{"$f":"IF('AVI (Desc)'!E101=\"\",\"\",'AVI (Desc)'!E101)","v":""},{"$f":"IF('AVI (Desc)'!F101=\"\",\"\",'AVI (Desc)'!F101)","v":""},{"$f":"IF('AVI (Desc)'!G101=\"\",\"\",INDEX([1]OWNER!$A$2:$A$100,MATCH('AVI (Desc)'!$G101,[1]!MASTER_OWNER_DESC[#Data],0),0))","v":""},{"$f":"IF('AVI (Desc)'!H101=\"\",\"\",INDEX([1]COUNTY!$A$2:$A$80,MATCH('AVI (Desc)'!H101,[1]!MASTER_COUNTY_NAME[#Data],0),0))","v":""},{"$f":"IF('AVI (Desc)'!I101=\"\",\"\",'AVI (Desc)'!I101)","v":""},{"$f":"IF('AVI (Desc)'!J101=\"\",\"\",INDEX([1]AVI_SENSOR_TYPE!$A$2:$A$7,MATCH('AVI (Desc)'!J101,[1]!MASTER_AVI_SENSOR_TYPE_DESC,0),0))","v":""}]
[{"$f":"IF('AVI (Desc)'!A102=\"\",\"\",'AVI (Desc)'!A102)","v":""},{"$f":"IF('AVI (Desc)'!B102=\"\",\"\",'AVI (Desc)'!B102)","v":""},{"$f":"IF('AVI (Desc)'!C102=\"\",\"\",'AVI (Desc)'!C102)","v":""},{"$f":"IF('AVI (Desc)'!D102=\"\",\"\",INDEX([1]ASSET_ID_SOURCE!$A$2:$A$50,MATCH('AVI (Desc)'!D102,[1]!MASTER_ASSET_ID_SOURCE_DESC,0),0))","v":""},{"$f":"IF('AVI (Desc)'!E102=\"\",\"\",'AVI (Desc)'!E102)","v":""},{"$f":"IF('AVI (Desc)'!F102=\"\",\"\",'AVI (Desc)'!F102)","v":""},{"$f":"IF('AVI (Desc)'!G102=\"\",\"\",INDEX([1]OWNER!$A$2:$A$100,MATCH('AVI (Desc)'!$G102,[1]!MASTER_OWNER_DESC[#Data],0),0))","v":""},{"$f":"IF('AVI (Desc)'!H102=\"\",\"\",INDEX([1]COUNTY!$A$2:$A$80,MATCH('AVI (Desc)'!H102,[1]!MASTER_COUNTY_NAME[#Data],0),0))","v":""},{"$f":"IF('AVI (Desc)'!I102=\"\",\"\",'AVI (Desc)'!I102)","v":""},{"$f":"IF('AVI (Desc)'!J102=\"\",\"\",INDEX([1]AVI_SENSOR_TYPE!$A$2:$A$7,MATCH('AVI (Desc)'!J102,[1]!MASTER_AVI_SENSOR_TYPE_DESC,0),0))","v":""}]
[{"$f":"IF('AVI (Desc)'!A103=\"\",\"\",'AVI (Desc)'!A103)","v":""},{"$f":"IF('AVI (Desc)'!B103=\"\",\"\",'AVI (Desc)'!B103)","v":""},{"$f":"IF('AVI (Desc)'!C103=\"\",\"\",'AVI (Desc)'!C103)","v":""},{"$f":"IF('AVI (Desc)'!D103=\"\",\"\",INDEX([1]ASSET_ID_SOURCE!$A$2:$A$50,MATCH('AVI (Desc)'!D103,[1]!MASTER_ASSET_ID_SOURCE_DESC,0),0))","v":""},{"$f":"IF('AVI (Desc)'!E103=\"\",\"\",'AVI (Desc)'!E103)","v":""},{"$f":"IF('AVI (Desc)'!F103=\"\",\"\",'AVI (Desc)'!F103)","v":""},{"$f":"IF('AVI (Desc)'!G103=\"\",\"\",INDEX([1]OWNER!$A$2:$A$100,MATCH('AVI (Desc)'!$G103,[1]!MASTER_OWNER_DESC[#Data],0),0))","v":""},{"$f":"IF('AVI (Desc)'!H103=\"\",\"\",INDEX([1]COUNTY!$A$2:$A$80,MATCH('AVI (Desc)'!H103,[1]!MASTER_COUNTY_NAME[#Data],0),0))","v":""},{"$f":"IF('AVI (Desc)'!I103=\"\",\"\",'AVI (Desc)'!I103)","v":""},{"$f":"IF('AVI (Desc)'!J103=\"\",\"\",INDEX([1]AVI_SENSOR_TYPE!$A$2:$A$7,MATCH('AVI (Desc)'!J103,[1]!MASTER_AVI_SENSOR_TYPE_DESC,0),0))","v":""}]
[{"$f":"IF('AVI (Desc)'!A104=\"\",\"\",'AVI (Desc)'!A104)","v":""},{"$f":"IF('AVI (Desc)'!B104=\"\",\"\",'AVI (Desc)'!B104)","v":""},{"$f":"IF('AVI (Desc)'!C104=\"\",\"\",'AVI (Desc)'!C104)","v":""},{"$f":"IF('AVI (Desc)'!D104=\"\",\"\",INDEX([1]ASSET_ID_SOURCE!$A$2:$A$50,MATCH('AVI (Desc)'!D104,[1]!MASTER_ASSET_ID_SOURCE_DESC,0),0))","v":""},{"$f":"IF('AVI (Desc)'!E104=\"\",\"\",'AVI (Desc)'!E104)","v":""},{"$f":"IF('AVI (Desc)'!F104=\"\",\"\",'AVI (Desc)'!F104)","v":""},{"$f":"IF('AVI (Desc)'!G104=\"\",\"\",INDEX([1]OWNER!$A$2:$A$100,MATCH('AVI (Desc)'!$G104,[1]!MASTER_OWNER_DESC[#Data],0),0))","v":""},{"$f":"IF('AVI (Desc)'!H104=\"\",\"\",INDEX([1]COUNTY!$A$2:$A$80,MATCH('AVI (Desc)'!H104,[1]!MASTER_COUNTY_NAME[#Data],0),0))","v":""},{"$f":"IF('AVI (Desc)'!I104=\"\",\"\",'AVI (Desc)'!I104)","v":""},{"$f":"IF('AVI (Desc)'!J104=\"\",\"\",INDEX([1]AVI_SENSOR_TYPE!$A$2:$A$7,MATCH('AVI (Desc)'!J104,[1]!MASTER_AVI_SENSOR_TYPE_DESC,0),0))","v":""}]
[{"$f":"IF('AVI (Desc)'!A105=\"\",\"\",'AVI (Desc)'!A105)","v":""},{"$f":"IF('AVI (Desc)'!B105=\"\",\"\",'AVI (Desc)'!B105)","v":""},{"$f":"IF('AVI (Desc)'!C105=\"\",\"\",'AVI (Desc)'!C105)","v":""},{"$f":"IF('AVI (Desc)'!D105=\"\",\"\",INDEX([1]ASSET_ID_SOURCE!$A$2:$A$50,MATCH('AVI (Desc)'!D105,[1]!MASTER_ASSET_ID_SOURCE_DESC,0),0))","v":""},{"$f":"IF('AVI (Desc)'!E105=\"\",\"\",'AVI (Desc)'!E105)","v":""},{"$f":"IF('AVI (Desc)'!F105=\"\",\"\",'AVI (Desc)'!F105)","v":""},{"$f":"IF('AVI (Desc)'!G105=\"\",\"\",INDEX([1]OWNER!$A$2:$A$100,MATCH('AVI (Desc)'!$G105,[1]!MASTER_OWNER_DESC[#Data],0),0))","v":""},{"$f":"IF('AVI (Desc)'!H105=\"\",\"\",INDEX([1]COUNTY!$A$2:$A$80,MATCH('AVI (Desc)'!H105,[1]!MASTER_COUNTY_NAME[#Data],0),0))","v":""},{"$f":"IF('AVI (Desc)'!I105=\"\",\"\",'AVI (Desc)'!I105)","v":""},{"$f":"IF('AVI (Desc)'!J105=\"\",\"\",INDEX([1]AVI_SENSOR_TYPE!$A$2:$A$7,MATCH('AVI (Desc)'!J105,[1]!MASTER_AVI_SENSOR_TYPE_DESC,0),0))","v":""}]
[{"$f":"IF('AVI (Desc)'!A106=\"\",\"\",'AVI (Desc)'!A106)","v":""},{"$f":"IF('AVI (Desc)'!B106=\"\",\"\",'AVI (Desc)'!B106)","v":""},{"$f":"IF('AVI (Desc)'!C106=\"\",\"\",'AVI (Desc)'!C106)","v":""},{"$f":"IF('AVI (Desc)'!D106=\"\",\"\",INDEX([1]ASSET_ID_SOURCE!$A$2:$A$50,MATCH('AVI (Desc)'!D106,[1]!MASTER_ASSET_ID_SOURCE_DESC,0),0))","v":""},{"$f":"IF('AVI (Desc)'!E106=\"\",\"\",'AVI (Desc)'!E106)","v":""},{"$f":"IF('AVI (Desc)'!F106=\"\",\"\",'AVI (Desc)'!F106)","v":""},{"$f":"IF('AVI (Desc)'!G106=\"\",\"\",INDEX([1]OWNER!$A$2:$A$100,MATCH('AVI (Desc)'!$G106,[1]!MASTER_OWNER_DESC[#Data],0),0))","v":""},{"$f":"IF('AVI (Desc)'!H106=\"\",\"\",INDEX([1]COUNTY!$A$2:$A$80,MATCH('AVI (Desc)'!H106,[1]!MASTER_COUNTY_NAME[#Data],0),0))","v":""},{"$f":"IF('AVI (Desc)'!I106=\"\",\"\",'AVI (Desc)'!I106)","v":""},{"$f":"IF('AVI (Desc)'!J106=\"\",\"\",INDEX([1]AVI_SENSOR_TYPE!$A$2:$A$7,MATCH('AVI (Desc)'!J106,[1]!MASTER_AVI_SENSOR_TYPE_DESC,0),0))","v":""}]
[{"$f":"IF('AVI (Desc)'!A107=\"\",\"\",'AVI (Desc)'!A107)","v":""},{"$f":"IF('AVI (Desc)'!B107=\"\",\"\",'AVI (Desc)'!B107)","v":""},{"$f":"IF('AVI (Desc)'!C107=\"\",\"\",'AVI (Desc)'!C107)","v":""},{"$f":"IF('AVI (Desc)'!D107=\"\",\"\",INDEX([1]ASSET_ID_SOURCE!$A$2:$A$50,MATCH('AVI (Desc)'!D107,[1]!MASTER_ASSET_ID_SOURCE_DESC,0),0))","v":""},{"$f":"IF('AVI (Desc)'!E107=\"\",\"\",'AVI (Desc)'!E107)","v":""},{"$f":"IF('AVI (Desc)'!F107=\"\",\"\",'AVI (Desc)'!F107)","v":""},{"$f":"IF('AVI (Desc)'!G107=\"\",\"\",INDEX([1]OWNER!$A$2:$A$100,MATCH('AVI (Desc)'!$G107,[1]!MASTER_OWNER_DESC[#Data],0),0))","v":""},{"$f":"IF('AVI (Desc)'!H107=\"\",\"\",INDEX([1]COUNTY!$A$2:$A$80,MATCH('AVI (Desc)'!H107,[1]!MASTER_COUNTY_NAME[#Data],0),0))","v":""},{"$f":"IF('AVI (Desc)'!I107=\"\",\"\",'AVI (Desc)'!I107)","v":""},{"$f":"IF('AVI (Desc)'!J107=\"\",\"\",INDEX([1]AVI_SENSOR_TYPE!$A$2:$A$7,MATCH('AVI (Desc)'!J107,[1]!MASTER_AVI_SENSOR_TYPE_DESC,0),0))","v":""}]
[{"$f":"IF('AVI (Desc)'!A108=\"\",\"\",'AVI (Desc)'!A108)","v":""},{"$f":"IF('AVI (Desc)'!B108=\"\",\"\",'AVI (Desc)'!B108)","v":""},{"$f":"IF('AVI (Desc)'!C108=\"\",\"\",'AVI (Desc)'!C108)","v":""},{"$f":"IF('AVI (Desc)'!D108=\"\",\"\",INDEX([1]ASSET_ID_SOURCE!$A$2:$A$50,MATCH('AVI (Desc)'!D108,[1]!MASTER_ASSET_ID_SOURCE_DESC,0),0))","v":""},{"$f":"IF('AVI (Desc)'!E108=\"\",\"\",'AVI (Desc)'!E108)","v":""},{"$f":"IF('AVI (Desc)'!F108=\"\",\"\",'AVI (Desc)'!F108)","v":""},{"$f":"IF('AVI (Desc)'!G108=\"\",\"\",INDEX([1]OWNER!$A$2:$A$100,MATCH('AVI (Desc)'!$G108,[1]!MASTER_OWNER_DESC[#Data],0),0))","v":""},{"$f":"IF('AVI (Desc)'!H108=\"\",\"\",INDEX([1]COUNTY!$A$2:$A$80,MATCH('AVI (Desc)'!H108,[1]!MASTER_COUNTY_NAME[#Data],0),0))","v":""},{"$f":"IF('AVI (Desc)'!I108=\"\",\"\",'AVI (Desc)'!I108)","v":""},{"$f":"IF('AVI (Desc)'!J108=\"\",\"\",INDEX([1]AVI_SENSOR_TYPE!$A$2:$A$7,MATCH('AVI (Desc)'!J108,[1]!MASTER_AVI_SENSOR_TYPE_DESC,0),0))","v":""}]
[{"$f":"IF('AVI (Desc)'!A109=\"\",\"\",'AVI (Desc)'!A109)","v":""},{"$f":"IF('AVI (Desc)'!B109=\"\",\"\",'AVI (Desc)'!B109)","v":""},{"$f":"IF('AVI (Desc)'!C109=\"\",\"\",'AVI (Desc)'!C109)","v":""},{"$f":"IF('AVI (Desc)'!D109=\"\",\"\",INDEX([1]ASSET_ID_SOURCE!$A$2:$A$50,MATCH('AVI (Desc)'!D109,[1]!MASTER_ASSET_ID_SOURCE_DESC,0),0))","v":""},{"$f":"IF('AVI (Desc)'!E109=\"\",\"\",'AVI (Desc)'!E109)","v":""},{"$f":"IF('AVI (Desc)'!F109=\"\",\"\",'AVI (Desc)'!F109)","v":""},{"$f":"IF('AVI (Desc)'!G109=\"\",\"\",INDEX([1]OWNER!$A$2:$A$100,MATCH('AVI (Desc)'!$G109,[1]!MASTER_OWNER_DESC[#Data],0),0))","v":""},{"$f":"IF('AVI (Desc)'!H109=\"\",\"\",INDEX([1]COUNTY!$A$2:$A$80,MATCH('AVI (Desc)'!H109,[1]!MASTER_COUNTY_NAME[#Data],0),0))","v":""},{"$f":"IF('AVI (Desc)'!I109=\"\",\"\",'AVI (Desc)'!I109)","v":""},{"$f":"IF('AVI (Desc)'!J109=\"\",\"\",INDEX([1]AVI_SENSOR_TYPE!$A$2:$A$7,MATCH('AVI (Desc)'!J109,[1]!MASTER_AVI_SENSOR_TYPE_DESC,0),0))","v":""}]
[{"$f":"IF('AVI (Desc)'!A110=\"\",\"\",'AVI (Desc)'!A110)","v":""},{"$f":"IF('AVI (Desc)'!B110=\"\",\"\",'AVI (Desc)'!B110)","v":""},{"$f":"IF('AVI (Desc)'!C110=\"\",\"\",'AVI (Desc)'!C110)","v":""},{"$f":"IF('AVI (Desc)'!D110=\"\",\"\",INDEX([1]ASSET_ID_SOURCE!$A$2:$A$50,MATCH('AVI (Desc)'!D110,[1]!MASTER_ASSET_ID_SOURCE_DESC,0),0))","v":""},{"$f":"IF('AVI (Desc)'!E110=\"\",\"\",'AVI (Desc)'!E110)","v":""},{"$f":"IF('AVI (Desc)'!F110=\"\",\"\",'AVI (Desc)'!F110)","v":""},{"$f":"IF('AVI (Desc)'!G110=\"\",\"\",INDEX([1]OWNER!$A$2:$A$100,MATCH('AVI (Desc)'!$G110,[1]!MASTER_OWNER_DESC[#Data],0),0))","v":""},{"$f":"IF('AVI (Desc)'!H110=\"\",\"\",INDEX([1]COUNTY!$A$2:$A$80,MATCH('AVI (Desc)'!H110,[1]!MASTER_COUNTY_NAME[#Data],0),0))","v":""},{"$f":"IF('AVI (Desc)'!I110=\"\",\"\",'AVI (Desc)'!I110)","v":""},{"$f":"IF('AVI (Desc)'!J110=\"\",\"\",INDEX([1]AVI_SENSOR_TYPE!$A$2:$A$7,MATCH('AVI (Desc)'!J110,[1]!MASTER_AVI_SENSOR_TYPE_DESC,0),0))","v":""}]
[{"$f":"IF('AVI (Desc)'!A111=\"\",\"\",'AVI (Desc)'!A111)","v":""},{"$f":"IF('AVI (Desc)'!B111=\"\",\"\",'AVI (Desc)'!B111)","v":""},{"$f":"IF('AVI (Desc)'!C111=\"\",\"\",'AVI (Desc)'!C111)","v":""},{"$f":"IF('AVI (Desc)'!D111=\"\",\"\",INDEX([1]ASSET_ID_SOURCE!$A$2:$A$50,MATCH('AVI (Desc)'!D111,[1]!MASTER_ASSET_ID_SOURCE_DESC,0),0))","v":""},{"$f":"IF('AVI (Desc)'!E111=\"\",\"\",'AVI (Desc)'!E111)","v":""},{"$f":"IF('AVI (Desc)'!F111=\"\",\"\",'AVI (Desc)'!F111)","v":""},{"$f":"IF('AVI (Desc)'!G111=\"\",\"\",INDEX([1]OWNER!$A$2:$A$100,MATCH('AVI (Desc)'!$G111,[1]!MASTER_OWNER_DESC[#Data],0),0))","v":""},{"$f":"IF('AVI (Desc)'!H111=\"\",\"\",INDEX([1]COUNTY!$A$2:$A$80,MATCH('AVI (Desc)'!H111,[1]!MASTER_COUNTY_NAME[#Data],0),0))","v":""},{"$f":"IF('AVI (Desc)'!I111=\"\",\"\",'AVI (Desc)'!I111)","v":""},{"$f":"IF('AVI (Desc)'!J111=\"\",\"\",INDEX([1]AVI_SENSOR_TYPE!$A$2:$A$7,MATCH('AVI (Desc)'!J111,[1]!MASTER_AVI_SENSOR_TYPE_DESC,0),0))","v":""}]
[{"$f":"IF('AVI (Desc)'!A112=\"\",\"\",'AVI (Desc)'!A112)","v":""},{"$f":"IF('AVI (Desc)'!B112=\"\",\"\",'AVI (Desc)'!B112)","v":""},{"$f":"IF('AVI (Desc)'!C112=\"\",\"\",'AVI (Desc)'!C112)","v":""},{"$f":"IF('AVI (Desc)'!D112=\"\",\"\",INDEX([1]ASSET_ID_SOURCE!$A$2:$A$50,MATCH('AVI (Desc)'!D112,[1]!MASTER_ASSET_ID_SOURCE_DESC,0),0))","v":""},{"$f":"IF('AVI (Desc)'!E112=\"\",\"\",'AVI (Desc)'!E112)","v":""},{"$f":"IF('AVI (Desc)'!F112=\"\",\"\",'AVI (Desc)'!F112)","v":""},{"$f":"IF('AVI (Desc)'!G112=\"\",\"\",INDEX([1]OWNER!$A$2:$A$100,MATCH('AVI (Desc)'!$G112,[1]!MASTER_OWNER_DESC[#Data],0),0))","v":""},{"$f":"IF('AVI (Desc)'!H112=\"\",\"\",INDEX([1]COUNTY!$A$2:$A$80,MATCH('AVI (Desc)'!H112,[1]!MASTER_COUNTY_NAME[#Data],0),0))","v":""},{"$f":"IF('AVI (Desc)'!I112=\"\",\"\",'AVI (Desc)'!I112)","v":""},{"$f":"IF('AVI (Desc)'!J112=\"\",\"\",INDEX([1]AVI_SENSOR_TYPE!$A$2:$A$7,MATCH('AVI (Desc)'!J112,[1]!MASTER_AVI_SENSOR_TYPE_DESC,0),0))","v":""}]
[{"$f":"IF('AVI (Desc)'!A113=\"\",\"\",'AVI (Desc)'!A113)","v":""},{"$f":"IF('AVI (Desc)'!B113=\"\",\"\",'AVI (Desc)'!B113)","v":""},{"$f":"IF('AVI (Desc)'!C113=\"\",\"\",'AVI (Desc)'!C113)","v":""},{"$f":"IF('AVI (Desc)'!D113=\"\",\"\",INDEX([1]ASSET_ID_SOURCE!$A$2:$A$50,MATCH('AVI (Desc)'!D113,[1]!MASTER_ASSET_ID_SOURCE_DESC,0),0))","v":""},{"$f":"IF('AVI (Desc)'!E113=\"\",\"\",'AVI (Desc)'!E113)","v":""},{"$f":"IF('AVI (Desc)'!F113=\"\",\"\",'AVI (Desc)'!F113)","v":""},{"$f":"IF('AVI (Desc)'!G113=\"\",\"\",INDEX([1]OWNER!$A$2:$A$100,MATCH('AVI (Desc)'!$G113,[1]!MASTER_OWNER_DESC[#Data],0),0))","v":""},{"$f":"IF('AVI (Desc)'!H113=\"\",\"\",INDEX([1]COUNTY!$A$2:$A$80,MATCH('AVI (Desc)'!H113,[1]!MASTER_COUNTY_NAME[#Data],0),0))","v":""},{"$f":"IF('AVI (Desc)'!I113=\"\",\"\",'AVI (Desc)'!I113)","v":""},{"$f":"IF('AVI (Desc)'!J113=\"\",\"\",INDEX([1]AVI_SENSOR_TYPE!$A$2:$A$7,MATCH('AVI (Desc)'!J113,[1]!MASTER_AVI_SENSOR_TYPE_DESC,0),0))","v":""}]
[{"$f":"IF('AVI (Desc)'!A114=\"\",\"\",'AVI (Desc)'!A114)","v":""},{"$f":"IF('AVI (Desc)'!B114=\"\",\"\",'AVI (Desc)'!B114)","v":""},{"$f":"IF('AVI (Desc)'!C114=\"\",\"\",'AVI (Desc)'!C114)","v":""},{"$f":"IF('AVI (Desc)'!D114=\"\",\"\",INDEX([1]ASSET_ID_SOURCE!$A$2:$A$50,MATCH('AVI (Desc)'!D114,[1]!MASTER_ASSET_ID_SOURCE_DESC,0),0))","v":""},{"$f":"IF('AVI (Desc)'!E114=\"\",\"\",'AVI (Desc)'!E114)","v":""},{"$f":"IF('AVI (Desc)'!F114=\"\",\"\",'AVI (Desc)'!F114)","v":""},{"$f":"IF('AVI (Desc)'!G114=\"\",\"\",INDEX([1]OWNER!$A$2:$A$100,MATCH('AVI (Desc)'!$G114,[1]!MASTER_OWNER_DESC[#Data],0),0))","v":""},{"$f":"IF('AVI (Desc)'!H114=\"\",\"\",INDEX([1]COUNTY!$A$2:$A$80,MATCH('AVI (Desc)'!H114,[1]!MASTER_COUNTY_NAME[#Data],0),0))","v":""},{"$f":"IF('AVI (Desc)'!I114=\"\",\"\",'AVI (Desc)'!I114)","v":""},{"$f":"IF('AVI (Desc)'!J114=\"\",\"\",INDEX([1]AVI_SENSOR_TYPE!$A$2:$A$7,MATCH('AVI (Desc)'!J114,[1]!MASTER_AVI_SENSOR_TYPE_DESC,0),0))","v":""}]
[{"$f":"IF('AVI (Desc)'!A115=\"\",\"\",'AVI (Desc)'!A115)","v":""},{"$f":"IF('AVI (Desc)'!B115=\"\",\"\",'AVI (Desc)'!B115)","v":""},{"$f":"IF('AVI (Desc)'!C115=\"\",\"\",'AVI (Desc)'!C115)","v":""},{"$f":"IF('AVI (Desc)'!D115=\"\",\"\",INDEX([1]ASSET_ID_SOURCE!$A$2:$A$50,MATCH('AVI (Desc)'!D115,[1]!MASTER_ASSET_ID_SOURCE_DESC,0),0))","v":""},{"$f":"IF('AVI (Desc)'!E115=\"\",\"\",'AVI (Desc)'!E115)","v":""},{"$f":"IF('AVI (Desc)'!F115=\"\",\"\",'AVI (Desc)'!F115)","v":""},{"$f":"IF('AVI (Desc)'!G115=\"\",\"\",INDEX([1]OWNER!$A$2:$A$100,MATCH('AVI (Desc)'!$G115,[1]!MASTER_OWNER_DESC[#Data],0),0))","v":""},{"$f":"IF('AVI (Desc)'!H115=\"\",\"\",INDEX([1]COUNTY!$A$2:$A$80,MATCH('AVI (Desc)'!H115,[1]!MASTER_COUNTY_NAME[#Data],0),0))","v":""},{"$f":"IF('AVI (Desc)'!I115=\"\",\"\",'AVI (Desc)'!I115)","v":""},{"$f":"IF('AVI (Desc)'!J115=\"\",\"\",INDEX([1]AVI_SENSOR_TYPE!$A$2:$A$7,MATCH('AVI (Desc)'!J115,[1]!MASTER_AVI_SENSOR_TYPE_DESC,0),0))","v":""}]
[{"$f":"IF('AVI (Desc)'!A116=\"\",\"\",'AVI (Desc)'!A116)","v":""},{"$f":"IF('AVI (Desc)'!B116=\"\",\"\",'AVI (Desc)'!B116)","v":""},{"$f":"IF('AVI (Desc)'!C116=\"\",\"\",'AVI (Desc)'!C116)","v":""},{"$f":"IF('AVI (Desc)'!D116=\"\",\"\",INDEX([1]ASSET_ID_SOURCE!$A$2:$A$50,MATCH('AVI (Desc)'!D116,[1]!MASTER_ASSET_ID_SOURCE_DESC,0),0))","v":""},{"$f":"IF('AVI (Desc)'!E116=\"\",\"\",'AVI (Desc)'!E116)","v":""},{"$f":"IF('AVI (Desc)'!F116=\"\",\"\",'AVI (Desc)'!F116)","v":""},{"$f":"IF('AVI (Desc)'!G116=\"\",\"\",INDEX([1]OWNER!$A$2:$A$100,MATCH('AVI (Desc)'!$G116,[1]!MASTER_OWNER_DESC[#Data],0),0))","v":""},{"$f":"IF('AVI (Desc)'!H116=\"\",\"\",INDEX([1]COUNTY!$A$2:$A$80,MATCH('AVI (Desc)'!H116,[1]!MASTER_COUNTY_NAME[#Data],0),0))","v":""},{"$f":"IF('AVI (Desc)'!I116=\"\",\"\",'AVI (Desc)'!I116)","v":""},{"$f":"IF('AVI (Desc)'!J116=\"\",\"\",INDEX([1]AVI_SENSOR_TYPE!$A$2:$A$7,MATCH('AVI (Desc)'!J116,[1]!MASTER_AVI_SENSOR_TYPE_DESC,0),0))","v":""}]
[{"$f":"IF('AVI (Desc)'!A117=\"\",\"\",'AVI (Desc)'!A117)","v":""},{"$f":"IF('AVI (Desc)'!B117=\"\",\"\",'AVI (Desc)'!B117)","v":""},{"$f":"IF('AVI (Desc)'!C117=\"\",\"\",'AVI (Desc)'!C117)","v":""},{"$f":"IF('AVI (Desc)'!D117=\"\",\"\",INDEX([1]ASSET_ID_SOURCE!$A$2:$A$50,MATCH('AVI (Desc)'!D117,[1]!MASTER_ASSET_ID_SOURCE_DESC,0),0))","v":""},{"$f":"IF('AVI (Desc)'!E117=\"\",\"\",'AVI (Desc)'!E117)","v":""},{"$f":"IF('AVI (Desc)'!F117=\"\",\"\",'AVI (Desc)'!F117)","v":""},{"$f":"IF('AVI (Desc)'!G117=\"\",\"\",INDEX([1]OWNER!$A$2:$A$100,MATCH('AVI (Desc)'!$G117,[1]!MASTER_OWNER_DESC[#Data],0),0))","v":""},{"$f":"IF('AVI (Desc)'!H117=\"\",\"\",INDEX([1]COUNTY!$A$2:$A$80,MATCH('AVI (Desc)'!H117,[1]!MASTER_COUNTY_NAME[#Data],0),0))","v":""},{"$f":"IF('AVI (Desc)'!I117=\"\",\"\",'AVI (Desc)'!I117)","v":""},{"$f":"IF('AVI (Desc)'!J117=\"\",\"\",INDEX([1]AVI_SENSOR_TYPE!$A$2:$A$7,MATCH('AVI (Desc)'!J117,[1]!MASTER_AVI_SENSOR_TYPE_DESC,0),0))","v":""}]
[{"$f":"IF('AVI (Desc)'!A118=\"\",\"\",'AVI (Desc)'!A118)","v":""},{"$f":"IF('AVI (Desc)'!B118=\"\",\"\",'AVI (Desc)'!B118)","v":""},{"$f":"IF('AVI (Desc)'!C118=\"\",\"\",'AVI (Desc)'!C118)","v":""},{"$f":"IF('AVI (Desc)'!D118=\"\",\"\",INDEX([1]ASSET_ID_SOURCE!$A$2:$A$50,MATCH('AVI (Desc)'!D118,[1]!MASTER_ASSET_ID_SOURCE_DESC,0),0))","v":""},{"$f":"IF('AVI (Desc)'!E118=\"\",\"\",'AVI (Desc)'!E118)","v":""},{"$f":"IF('AVI (Desc)'!F118=\"\",\"\",'AVI (Desc)'!F118)","v":""},{"$f":"IF('AVI (Desc)'!G118=\"\",\"\",INDEX([1]OWNER!$A$2:$A$100,MATCH('AVI (Desc)'!$G118,[1]!MASTER_OWNER_DESC[#Data],0),0))","v":""},{"$f":"IF('AVI (Desc)'!H118=\"\",\"\",INDEX([1]COUNTY!$A$2:$A$80,MATCH('AVI (Desc)'!H118,[1]!MASTER_COUNTY_NAME[#Data],0),0))","v":""},{"$f":"IF('AVI (Desc)'!I118=\"\",\"\",'AVI (Desc)'!I118)","v":""},{"$f":"IF('AVI (Desc)'!J118=\"\",\"\",INDEX([1]AVI_SENSOR_TYPE!$A$2:$A$7,MATCH('AVI (Desc)'!J118,[1]!MASTER_AVI_SENSOR_TYPE_DESC,0),0))","v":""}]
[{"$f":"IF('AVI (Desc)'!A119=\"\",\"\",'AVI (Desc)'!A119)","v":""},{"$f":"IF('AVI (Desc)'!B119=\"\",\"\",'AVI (Desc)'!B119)","v":""},{"$f":"IF('AVI (Desc)'!C119=\"\",\"\",'AVI (Desc)'!C119)","v":""},{"$f":"IF('AVI (Desc)'!D119=\"\",\"\",INDEX([1]ASSET_ID_SOURCE!$A$2:$A$50,MATCH('AVI (Desc)'!D119,[1]!MASTER_ASSET_ID_SOURCE_DESC,0),0))","v":""},{"$f":"IF('AVI (Desc)'!E119=\"\",\"\",'AVI (Desc)'!E119)","v":""},{"$f":"IF('AVI (Desc)'!F119=\"\",\"\",'AVI (Desc)'!F119)","v":""},{"$f":"IF('AVI (Desc)'!G119=\"\",\"\",INDEX([1]OWNER!$A$2:$A$100,MATCH('AVI (Desc)'!$G119,[1]!MASTER_OWNER_DESC[#Data],0),0))","v":""},{"$f":"IF('AVI (Desc)'!H119=\"\",\"\",INDEX([1]COUNTY!$A$2:$A$80,MATCH('AVI (Desc)'!H119,[1]!MASTER_COUNTY_NAME[#Data],0),0))","v":""},{"$f":"IF('AVI (Desc)'!I119=\"\",\"\",'AVI (Desc)'!I119)","v":""},{"$f":"IF('AVI (Desc)'!J119=\"\",\"\",INDEX([1]AVI_SENSOR_TYPE!$A$2:$A$7,MATCH('AVI (Desc)'!J119,[1]!MASTER_AVI_SENSOR_TYPE_DESC,0),0))","v":""}]
[{"$f":"IF('AVI (Desc)'!A120=\"\",\"\",'AVI (Desc)'!A120)","v":""},{"$f":"IF('AVI (Desc)'!B120=\"\",\"\",'AVI (Desc)'!B120)","v":""},{"$f":"IF('AVI (Desc)'!C120=\"\",\"\",'AVI (Desc)'!C120)","v":""},{"$f":"IF('AVI (Desc)'!D120=\"\",\"\",INDEX([1]ASSET_ID_SOURCE!$A$2:$A$50,MATCH('AVI (Desc)'!D120,[1]!MASTER_ASSET_ID_SOURCE_DESC,0),0))","v":""},{"$f":"IF('AVI (Desc)'!E120=\"\",\"\",'AVI (Desc)'!E120)","v":""},{"$f":"IF('AVI (Desc)'!F120=\"\",\"\",'AVI (Desc)'!F120)","v":""},{"$f":"IF('AVI (Desc)'!G120=\"\",\"\",INDEX([1]OWNER!$A$2:$A$100,MATCH('AVI (Desc)'!$G120,[1]!MASTER_OWNER_DESC[#Data],0),0))","v":""},{"$f":"IF('AVI (Desc)'!H120=\"\",\"\",INDEX([1]COUNTY!$A$2:$A$80,MATCH('AVI (Desc)'!H120,[1]!MASTER_COUNTY_NAME[#Data],0),0))","v":""},{"$f":"IF('AVI (Desc)'!I120=\"\",\"\",'AVI (Desc)'!I120)","v":""},{"$f":"IF('AVI (Desc)'!J120=\"\",\"\",INDEX([1]AVI_SENSOR_TYPE!$A$2:$A$7,MATCH('AVI (Desc)'!J120,[1]!MASTER_AVI_SENSOR_TYPE_DESC,0),0))","v":""}]
[{"$f":"IF('AVI (Desc)'!A121=\"\",\"\",'AVI (Desc)'!A121)","v":""},{"$f":"IF('AVI (Desc)'!B121=\"\",\"\",'AVI (Desc)'!B121)","v":""},{"$f":"IF('AVI (Desc)'!C121=\"\",\"\",'AVI (Desc)'!C121)","v":""},{"$f":"IF('AVI (Desc)'!D121=\"\",\"\",INDEX([1]ASSET_ID_SOURCE!$A$2:$A$50,MATCH('AVI (Desc)'!D121,[1]!MASTER_ASSET_ID_SOURCE_DESC,0),0))","v":""},{"$f":"IF('AVI (Desc)'!E121=\"\",\"\",'AVI (Desc)'!E121)","v":""},{"$f":"IF('AVI (Desc)'!F121=\"\",\"\",'AVI (Desc)'!F121)","v":""},{"$f":"IF('AVI (Desc)'!G121=\"\",\"\",INDEX([1]OWNER!$A$2:$A$100,MATCH('AVI (Desc)'!$G121,[1]!MASTER_OWNER_DESC[#Data],0),0))","v":""},{"$f":"IF('AVI (Desc)'!H121=\"\",\"\",INDEX([1]COUNTY!$A$2:$A$80,MATCH('AVI (Desc)'!H121,[1]!MASTER_COUNTY_NAME[#Data],0),0))","v":""},{"$f":"IF('AVI (Desc)'!I121=\"\",\"\",'AVI (Desc)'!I121)","v":""},{"$f":"IF('AVI (Desc)'!J121=\"\",\"\",INDEX([1]AVI_SENSOR_TYPE!$A$2:$A$7,MATCH('AVI (Desc)'!J121,[1]!MASTER_AVI_SENSOR_TYPE_DESC,0),0))","v":""}]
[{"$f":"IF('AVI (Desc)'!A122=\"\",\"\",'AVI (Desc)'!A122)","v":""},{"$f":"IF('AVI (Desc)'!B122=\"\",\"\",'AVI (Desc)'!B122)","v":""},{"$f":"IF('AVI (Desc)'!C122=\"\",\"\",'AVI (Desc)'!C122)","v":""},{"$f":"IF('AVI (Desc)'!D122=\"\",\"\",INDEX([1]ASSET_ID_SOURCE!$A$2:$A$50,MATCH('AVI (Desc)'!D122,[1]!MASTER_ASSET_ID_SOURCE_DESC,0),0))","v":""},{"$f":"IF('AVI (Desc)'!E122=\"\",\"\",'AVI (Desc)'!E122)","v":""},{"$f":"IF('AVI (Desc)'!F122=\"\",\"\",'AVI (Desc)'!F122)","v":""},{"$f":"IF('AVI (Desc)'!G122=\"\",\"\",INDEX([1]OWNER!$A$2:$A$100,MATCH('AVI (Desc)'!$G122,[1]!MASTER_OWNER_DESC[#Data],0),0))","v":""},{"$f":"IF('AVI (Desc)'!H122=\"\",\"\",INDEX([1]COUNTY!$A$2:$A$80,MATCH('AVI (Desc)'!H122,[1]!MASTER_COUNTY_NAME[#Data],0),0))","v":""},{"$f":"IF('AVI (Desc)'!I122=\"\",\"\",'AVI (Desc)'!I122)","v":""},{"$f":"IF('AVI (Desc)'!J122=\"\",\"\",INDEX([1]AVI_SENSOR_TYPE!$A$2:$A$7,MATCH('AVI (Desc)'!J122,[1]!MASTER_AVI_SENSOR_TYPE_DESC,0),0))","v":""}]
[{"$f":"IF('AVI (Desc)'!A123=\"\",\"\",'AVI (Desc)'!A123)","v":""},{"$f":"IF('AVI (Desc)'!B123=\"\",\"\",'AVI (Desc)'!B123)","v":""},{"$f":"IF('AVI (Desc)'!C123=\"\",\"\",'AVI (Desc)'!C123)","v":""},{"$f":"IF('AVI (Desc)'!D123=\"\",\"\",INDEX([1]ASSET_ID_SOURCE!$A$2:$A$50,MATCH('AVI (Desc)'!D123,[1]!MASTER_ASSET_ID_SOURCE_DESC,0),0))","v":""},{"$f":"IF('AVI (Desc)'!E123=\"\",\"\",'AVI (Desc)'!E123)","v":""},{"$f":"IF('AVI (Desc)'!F123=\"\",\"\",'AVI (Desc)'!F123)","v":""},{"$f":"IF('AVI (Desc)'!G123=\"\",\"\",INDEX([1]OWNER!$A$2:$A$100,MATCH('AVI (Desc)'!$G123,[1]!MASTER_OWNER_DESC[#Data],0),0))","v":""},{"$f":"IF('AVI (Desc)'!H123=\"\",\"\",INDEX([1]COUNTY!$A$2:$A$80,MATCH('AVI (Desc)'!H123,[1]!MASTER_COUNTY_NAME[#Data],0),0))","v":""},{"$f":"IF('AVI (Desc)'!I123=\"\",\"\",'AVI (Desc)'!I123)","v":""},{"$f":"IF('AVI (Desc)'!J123=\"\",\"\",INDEX([1]AVI_SENSOR_TYPE!$A$2:$A$7,MATCH('AVI (Desc)'!J123,[1]!MASTER_AVI_SENSOR_TYPE_DESC,0),0))","v":""}]
[{"$f":"IF('AVI (Desc)'!A124=\"\",\"\",'AVI (Desc)'!A124)","v":""},{"$f":"IF('AVI (Desc)'!B124=\"\",\"\",'AVI (Desc)'!B124)","v":""},{"$f":"IF('AVI (Desc)'!C124=\"\",\"\",'AVI (Desc)'!C124)","v":""},{"$f":"IF('AVI (Desc)'!D124=\"\",\"\",INDEX([1]ASSET_ID_SOURCE!$A$2:$A$50,MATCH('AVI (Desc)'!D124,[1]!MASTER_ASSET_ID_SOURCE_DESC,0),0))","v":""},{"$f":"IF('AVI (Desc)'!E124=\"\",\"\",'AVI (Desc)'!E124)","v":""},{"$f":"IF('AVI (Desc)'!F124=\"\",\"\",'AVI (Desc)'!F124)","v":""},{"$f":"IF('AVI (Desc)'!G124=\"\",\"\",INDEX([1]OWNER!$A$2:$A$100,MATCH('AVI (Desc)'!$G124,[1]!MASTER_OWNER_DESC[#Data],0),0))","v":""},{"$f":"IF('AVI (Desc)'!H124=\"\",\"\",INDEX([1]COUNTY!$A$2:$A$80,MATCH('AVI (Desc)'!H124,[1]!MASTER_COUNTY_NAME[#Data],0),0))","v":""},{"$f":"IF('AVI (Desc)'!I124=\"\",\"\",'AVI (Desc)'!I124)","v":""},{"$f":"IF('AVI (Desc)'!J124=\"\",\"\",INDEX([1]AVI_SENSOR_TYPE!$A$2:$A$7,MATCH('AVI (Desc)'!J124,[1]!MASTER_AVI_SENSOR_TYPE_DESC,0),0))","v":""}]
[{"$f":"IF('AVI (Desc)'!A125=\"\",\"\",'AVI (Desc)'!A125)","v":""},{"$f":"IF('AVI (Desc)'!B125=\"\",\"\",'AVI (Desc)'!B125)","v":""},{"$f":"IF('AVI (Desc)'!C125=\"\",\"\",'AVI (Desc)'!C125)","v":""},{"$f":"IF('AVI (Desc)'!D125=\"\",\"\",INDEX([1]ASSET_ID_SOURCE!$A$2:$A$50,MATCH('AVI (Desc)'!D125,[1]!MASTER_ASSET_ID_SOURCE_DESC,0),0))","v":""},{"$f":"IF('AVI (Desc)'!E125=\"\",\"\",'AVI (Desc)'!E125)","v":""},{"$f":"IF('AVI (Desc)'!F125=\"\",\"\",'AVI (Desc)'!F125)","v":""},{"$f":"IF('AVI (Desc)'!G125=\"\",\"\",INDEX([1]OWNER!$A$2:$A$100,MATCH('AVI (Desc)'!$G125,[1]!MASTER_OWNER_DESC[#Data],0),0))","v":""},{"$f":"IF('AVI (Desc)'!H125=\"\",\"\",INDEX([1]COUNTY!$A$2:$A$80,MATCH('AVI (Desc)'!H125,[1]!MASTER_COUNTY_NAME[#Data],0),0))","v":""},{"$f":"IF('AVI (Desc)'!I125=\"\",\"\",'AVI (Desc)'!I125)","v":""},{"$f":"IF('AVI (Desc)'!J125=\"\",\"\",INDEX([1]AVI_SENSOR_TYPE!$A$2:$A$7,MATCH('AVI (Desc)'!J125,[1]!MASTER_AVI_SENSOR_TYPE_DESC,0),0))","v":""}]
[{"$f":"IF('AVI (Desc)'!A126=\"\",\"\",'AVI (Desc)'!A126)","v":""},{"$f":"IF('AVI (Desc)'!B126=\"\",\"\",'AVI (Desc)'!B126)","v":""},{"$f":"IF('AVI (Desc)'!C126=\"\",\"\",'AVI (Desc)'!C126)","v":""},{"$f":"IF('AVI (Desc)'!D126=\"\",\"\",INDEX([1]ASSET_ID_SOURCE!$A$2:$A$50,MATCH('AVI (Desc)'!D126,[1]!MASTER_ASSET_ID_SOURCE_DESC,0),0))","v":""},{"$f":"IF('AVI (Desc)'!E126=\"\",\"\",'AVI (Desc)'!E126)","v":""},{"$f":"IF('AVI (Desc)'!F126=\"\",\"\",'AVI (Desc)'!F126)","v":""},{"$f":"IF('AVI (Desc)'!G126=\"\",\"\",INDEX([1]OWNER!$A$2:$A$100,MATCH('AVI (Desc)'!$G126,[1]!MASTER_OWNER_DESC[#Data],0),0))","v":""},{"$f":"IF('AVI (Desc)'!H126=\"\",\"\",INDEX([1]COUNTY!$A$2:$A$80,MATCH('AVI (Desc)'!H126,[1]!MASTER_COUNTY_NAME[#Data],0),0))","v":""},{"$f":"IF('AVI (Desc)'!I126=\"\",\"\",'AVI (Desc)'!I126)","v":""},{"$f":"IF('AVI (Desc)'!J126=\"\",\"\",INDEX([1]AVI_SENSOR_TYPE!$A$2:$A$7,MATCH('AVI (Desc)'!J126,[1]!MASTER_AVI_SENSOR_TYPE_DESC,0),0))","v":""}]
[{"$f":"IF('AVI (Desc)'!A127=\"\",\"\",'AVI (Desc)'!A127)","v":""},{"$f":"IF('AVI (Desc)'!B127=\"\",\"\",'AVI (Desc)'!B127)","v":""},{"$f":"IF('AVI (Desc)'!C127=\"\",\"\",'AVI (Desc)'!C127)","v":""},{"$f":"IF('AVI (Desc)'!D127=\"\",\"\",INDEX([1]ASSET_ID_SOURCE!$A$2:$A$50,MATCH('AVI (Desc)'!D127,[1]!MASTER_ASSET_ID_SOURCE_DESC,0),0))","v":""},{"$f":"IF('AVI (Desc)'!E127=\"\",\"\",'AVI (Desc)'!E127)","v":""},{"$f":"IF('AVI (Desc)'!F127=\"\",\"\",'AVI (Desc)'!F127)","v":""},{"$f":"IF('AVI (Desc)'!G127=\"\",\"\",INDEX([1]OWNER!$A$2:$A$100,MATCH('AVI (Desc)'!$G127,[1]!MASTER_OWNER_DESC[#Data],0),0))","v":""},{"$f":"IF('AVI (Desc)'!H127=\"\",\"\",INDEX([1]COUNTY!$A$2:$A$80,MATCH('AVI (Desc)'!H127,[1]!MASTER_COUNTY_NAME[#Data],0),0))","v":""},{"$f":"IF('AVI (Desc)'!I127=\"\",\"\",'AVI (Desc)'!I127)","v":""},{"$f":"IF('AVI (Desc)'!J127=\"\",\"\",INDEX([1]AVI_SENSOR_TYPE!$A$2:$A$7,MATCH('AVI (Desc)'!J127,[1]!MASTER_AVI_SENSOR_TYPE_DESC,0),0))","v":""}]
[{"$f":"IF('AVI (Desc)'!A128=\"\",\"\",'AVI (Desc)'!A128)","v":""},{"$f":"IF('AVI (Desc)'!B128=\"\",\"\",'AVI (Desc)'!B128)","v":""},{"$f":"IF('AVI (Desc)'!C128=\"\",\"\",'AVI (Desc)'!C128)","v":""},{"$f":"IF('AVI (Desc)'!D128=\"\",\"\",INDEX([1]ASSET_ID_SOURCE!$A$2:$A$50,MATCH('AVI (Desc)'!D128,[1]!MASTER_ASSET_ID_SOURCE_DESC,0),0))","v":""},{"$f":"IF('AVI (Desc)'!E128=\"\",\"\",'AVI (Desc)'!E128)","v":""},{"$f":"IF('AVI (Desc)'!F128=\"\",\"\",'AVI (Desc)'!F128)","v":""},{"$f":"IF('AVI (Desc)'!G128=\"\",\"\",INDEX([1]OWNER!$A$2:$A$100,MATCH('AVI (Desc)'!$G128,[1]!MASTER_OWNER_DESC[#Data],0),0))","v":""},{"$f":"IF('AVI (Desc)'!H128=\"\",\"\",INDEX([1]COUNTY!$A$2:$A$80,MATCH('AVI (Desc)'!H128,[1]!MASTER_COUNTY_NAME[#Data],0),0))","v":""},{"$f":"IF('AVI (Desc)'!I128=\"\",\"\",'AVI (Desc)'!I128)","v":""},{"$f":"IF('AVI (Desc)'!J128=\"\",\"\",INDEX([1]AVI_SENSOR_TYPE!$A$2:$A$7,MATCH('AVI (Desc)'!J128,[1]!MASTER_AVI_SENSOR_TYPE_DESC,0),0))","v":""}]
[{"$f":"IF('AVI (Desc)'!A129=\"\",\"\",'AVI (Desc)'!A129)","v":""},{"$f":"IF('AVI (Desc)'!B129=\"\",\"\",'AVI (Desc)'!B129)","v":""},{"$f":"IF('AVI (Desc)'!C129=\"\",\"\",'AVI (Desc)'!C129)","v":""},{"$f":"IF('AVI (Desc)'!D129=\"\",\"\",INDEX([1]ASSET_ID_SOURCE!$A$2:$A$50,MATCH('AVI (Desc)'!D129,[1]!MASTER_ASSET_ID_SOURCE_DESC,0),0))","v":""},{"$f":"IF('AVI (Desc)'!E129=\"\",\"\",'AVI (Desc)'!E129)","v":""},{"$f":"IF('AVI (Desc)'!F129=\"\",\"\",'AVI (Desc)'!F129)","v":""},{"$f":"IF('AVI (Desc)'!G129=\"\",\"\",INDEX([1]OWNER!$A$2:$A$100,MATCH('AVI (Desc)'!$G129,[1]!MASTER_OWNER_DESC[#Data],0),0))","v":""},{"$f":"IF('AVI (Desc)'!H129=\"\",\"\",INDEX([1]COUNTY!$A$2:$A$80,MATCH('AVI (Desc)'!H129,[1]!MASTER_COUNTY_NAME[#Data],0),0))","v":""},{"$f":"IF('AVI (Desc)'!I129=\"\",\"\",'AVI (Desc)'!I129)","v":""},{"$f":"IF('AVI (Desc)'!J129=\"\",\"\",INDEX([1]AVI_SENSOR_TYPE!$A$2:$A$7,MATCH('AVI (Desc)'!J129,[1]!MASTER_AVI_SENSOR_TYPE_DESC,0),0))","v":""}]
[{"$f":"IF('AVI (Desc)'!A130=\"\",\"\",'AVI (Desc)'!A130)","v":""},{"$f":"IF('AVI (Desc)'!B130=\"\",\"\",'AVI (Desc)'!B130)","v":""},{"$f":"IF('AVI (Desc)'!C130=\"\",\"\",'AVI (Desc)'!C130)","v":""},{"$f":"IF('AVI (Desc)'!D130=\"\",\"\",INDEX([1]ASSET_ID_SOURCE!$A$2:$A$50,MATCH('AVI (Desc)'!D130,[1]!MASTER_ASSET_ID_SOURCE_DESC,0),0))","v":""},{"$f":"IF('AVI (Desc)'!E130=\"\",\"\",'AVI (Desc)'!E130)","v":""},{"$f":"IF('AVI (Desc)'!F130=\"\",\"\",'AVI (Desc)'!F130)","v":""},{"$f":"IF('AVI (Desc)'!G130=\"\",\"\",INDEX([1]OWNER!$A$2:$A$100,MATCH('AVI (Desc)'!$G130,[1]!MASTER_OWNER_DESC[#Data],0),0))","v":""},{"$f":"IF('AVI (Desc)'!H130=\"\",\"\",INDEX([1]COUNTY!$A$2:$A$80,MATCH('AVI (Desc)'!H130,[1]!MASTER_COUNTY_NAME[#Data],0),0))","v":""},{"$f":"IF('AVI (Desc)'!I130=\"\",\"\",'AVI (Desc)'!I130)","v":""},{"$f":"IF('AVI (Desc)'!J130=\"\",\"\",INDEX([1]AVI_SENSOR_TYPE!$A$2:$A$7,MATCH('AVI (Desc)'!J130,[1]!MASTER_AVI_SENSOR_TYPE_DESC,0),0))","v":""}]
[{"$f":"IF('AVI (Desc)'!A131=\"\",\"\",'AVI (Desc)'!A131)","v":""},{"$f":"IF('AVI (Desc)'!B131=\"\",\"\",'AVI (Desc)'!B131)","v":""},{"$f":"IF('AVI (Desc)'!C131=\"\",\"\",'AVI (Desc)'!C131)","v":""},{"$f":"IF('AVI (Desc)'!D131=\"\",\"\",INDEX([1]ASSET_ID_SOURCE!$A$2:$A$50,MATCH('AVI (Desc)'!D131,[1]!MASTER_ASSET_ID_SOURCE_DESC,0),0))","v":""},{"$f":"IF('AVI (Desc)'!E131=\"\",\"\",'AVI (Desc)'!E131)","v":""},{"$f":"IF('AVI (Desc)'!F131=\"\",\"\",'AVI (Desc)'!F131)","v":""},{"$f":"IF('AVI (Desc)'!G131=\"\",\"\",INDEX([1]OWNER!$A$2:$A$100,MATCH('AVI (Desc)'!$G131,[1]!MASTER_OWNER_DESC[#Data],0),0))","v":""},{"$f":"IF('AVI (Desc)'!H131=\"\",\"\",INDEX([1]COUNTY!$A$2:$A$80,MATCH('AVI (Desc)'!H131,[1]!MASTER_COUNTY_NAME[#Data],0),0))","v":""},{"$f":"IF('AVI (Desc)'!I131=\"\",\"\",'AVI (Desc)'!I131)","v":""},{"$f":"IF('AVI (Desc)'!J131=\"\",\"\",INDEX([1]AVI_SENSOR_TYPE!$A$2:$A$7,MATCH('AVI (Desc)'!J131,[1]!MASTER_AVI_SENSOR_TYPE_DESC,0),0))","v":""}]
[{"$f":"IF('AVI (Desc)'!A132=\"\",\"\",'AVI (Desc)'!A132)","v":""},{"$f":"IF('AVI (Desc)'!B132=\"\",\"\",'AVI (Desc)'!B132)","v":""},{"$f":"IF('AVI (Desc)'!C132=\"\",\"\",'AVI (Desc)'!C132)","v":""},{"$f":"IF('AVI (Desc)'!D132=\"\",\"\",INDEX([1]ASSET_ID_SOURCE!$A$2:$A$50,MATCH('AVI (Desc)'!D132,[1]!MASTER_ASSET_ID_SOURCE_DESC,0),0))","v":""},{"$f":"IF('AVI (Desc)'!E132=\"\",\"\",'AVI (Desc)'!E132)","v":""},{"$f":"IF('AVI (Desc)'!F132=\"\",\"\",'AVI (Desc)'!F132)","v":""},{"$f":"IF('AVI (Desc)'!G132=\"\",\"\",INDEX([1]OWNER!$A$2:$A$100,MATCH('AVI (Desc)'!$G132,[1]!MASTER_OWNER_DESC[#Data],0),0))","v":""},{"$f":"IF('AVI (Desc)'!H132=\"\",\"\",INDEX([1]COUNTY!$A$2:$A$80,MATCH('AVI (Desc)'!H132,[1]!MASTER_COUNTY_NAME[#Data],0),0))","v":""},{"$f":"IF('AVI (Desc)'!I132=\"\",\"\",'AVI (Desc)'!I132)","v":""},{"$f":"IF('AVI (Desc)'!J132=\"\",\"\",INDEX([1]AVI_SENSOR_TYPE!$A$2:$A$7,MATCH('AVI (Desc)'!J132,[1]!MASTER_AVI_SENSOR_TYPE_DESC,0),0))","v":""}]
[{"$f":"IF('AVI (Desc)'!A133=\"\",\"\",'AVI (Desc)'!A133)","v":""},{"$f":"IF('AVI (Desc)'!B133=\"\",\"\",'AVI (Desc)'!B133)","v":""},{"$f":"IF('AVI (Desc)'!C133=\"\",\"\",'AVI (Desc)'!C133)","v":""},{"$f":"IF('AVI (Desc)'!D133=\"\",\"\",INDEX([1]ASSET_ID_SOURCE!$A$2:$A$50,MATCH('AVI (Desc)'!D133,[1]!MASTER_ASSET_ID_SOURCE_DESC,0),0))","v":""},{"$f":"IF('AVI (Desc)'!E133=\"\",\"\",'AVI (Desc)'!E133)","v":""},{"$f":"IF('AVI (Desc)'!F133=\"\",\"\",'AVI (Desc)'!F133)","v":""},{"$f":"IF('AVI (Desc)'!G133=\"\",\"\",INDEX([1]OWNER!$A$2:$A$100,MATCH('AVI (Desc)'!$G133,[1]!MASTER_OWNER_DESC[#Data],0),0))","v":""},{"$f":"IF('AVI (Desc)'!H133=\"\",\"\",INDEX([1]COUNTY!$A$2:$A$80,MATCH('AVI (Desc)'!H133,[1]!MASTER_COUNTY_NAME[#Data],0),0))","v":""},{"$f":"IF('AVI (Desc)'!I133=\"\",\"\",'AVI (Desc)'!I133)","v":""},{"$f":"IF('AVI (Desc)'!J133=\"\",\"\",INDEX([1]AVI_SENSOR_TYPE!$A$2:$A$7,MATCH('AVI (Desc)'!J133,[1]!MASTER_AVI_SENSOR_TYPE_DESC,0),0))","v":""}]
[{"$f":"IF('AVI (Desc)'!A134=\"\",\"\",'AVI (Desc)'!A134)","v":""},{"$f":"IF('AVI (Desc)'!B134=\"\",\"\",'AVI (Desc)'!B134)","v":""},{"$f":"IF('AVI (Desc)'!C134=\"\",\"\",'AVI (Desc)'!C134)","v":""},{"$f":"IF('AVI (Desc)'!D134=\"\",\"\",INDEX([1]ASSET_ID_SOURCE!$A$2:$A$50,MATCH('AVI (Desc)'!D134,[1]!MASTER_ASSET_ID_SOURCE_DESC,0),0))","v":""},{"$f":"IF('AVI (Desc)'!E134=\"\",\"\",'AVI (Desc)'!E134)","v":""},{"$f":"IF('AVI (Desc)'!F134=\"\",\"\",'AVI (Desc)'!F134)","v":""},{"$f":"IF('AVI (Desc)'!G134=\"\",\"\",INDEX([1]OWNER!$A$2:$A$100,MATCH('AVI (Desc)'!$G134,[1]!MASTER_OWNER_DESC[#Data],0),0))","v":""},{"$f":"IF('AVI (Desc)'!H134=\"\",\"\",INDEX([1]COUNTY!$A$2:$A$80,MATCH('AVI (Desc)'!H134,[1]!MASTER_COUNTY_NAME[#Data],0),0))","v":""},{"$f":"IF('AVI (Desc)'!I134=\"\",\"\",'AVI (Desc)'!I134)","v":""},{"$f":"IF('AVI (Desc)'!J134=\"\",\"\",INDEX([1]AVI_SENSOR_TYPE!$A$2:$A$7,MATCH('AVI (Desc)'!J134,[1]!MASTER_AVI_SENSOR_TYPE_DESC,0),0))","v":""}]
[{"$f":"IF('AVI (Desc)'!A135=\"\",\"\",'AVI (Desc)'!A135)","v":""},{"$f":"IF('AVI (Desc)'!B135=\"\",\"\",'AVI (Desc)'!B135)","v":""},{"$f":"IF('AVI (Desc)'!C135=\"\",\"\",'AVI (Desc)'!C135)","v":""},{"$f":"IF('AVI (Desc)'!D135=\"\",\"\",INDEX([1]ASSET_ID_SOURCE!$A$2:$A$50,MATCH('AVI (Desc)'!D135,[1]!MASTER_ASSET_ID_SOURCE_DESC,0),0))","v":""},{"$f":"IF('AVI (Desc)'!E135=\"\",\"\",'AVI (Desc)'!E135)","v":""},{"$f":"IF('AVI (Desc)'!F135=\"\",\"\",'AVI (Desc)'!F135)","v":""},{"$f":"IF('AVI (Desc)'!G135=\"\",\"\",INDEX([1]OWNER!$A$2:$A$100,MATCH('AVI (Desc)'!$G135,[1]!MASTER_OWNER_DESC[#Data],0),0))","v":""},{"$f":"IF('AVI (Desc)'!H135=\"\",\"\",INDEX([1]COUNTY!$A$2:$A$80,MATCH('AVI (Desc)'!H135,[1]!MASTER_COUNTY_NAME[#Data],0),0))","v":""},{"$f":"IF('AVI (Desc)'!I135=\"\",\"\",'AVI (Desc)'!I135)","v":""},{"$f":"IF('AVI (Desc)'!J135=\"\",\"\",INDEX([1]AVI_SENSOR_TYPE!$A$2:$A$7,MATCH('AVI (Desc)'!J135,[1]!MASTER_AVI_SENSOR_TYPE_DESC,0),0))","v":""}]
[{"$f":"IF('AVI (Desc)'!A136=\"\",\"\",'AVI (Desc)'!A136)","v":""},{"$f":"IF('AVI (Desc)'!B136=\"\",\"\",'AVI (Desc)'!B136)","v":""},{"$f":"IF('AVI (Desc)'!C136=\"\",\"\",'AVI (Desc)'!C136)","v":""},{"$f":"IF('AVI (Desc)'!D136=\"\",\"\",INDEX([1]ASSET_ID_SOURCE!$A$2:$A$50,MATCH('AVI (Desc)'!D136,[1]!MASTER_ASSET_ID_SOURCE_DESC,0),0))","v":""},{"$f":"IF('AVI (Desc)'!E136=\"\",\"\",'AVI (Desc)'!E136)","v":""},{"$f":"IF('AVI (Desc)'!F136=\"\",\"\",'AVI (Desc)'!F136)","v":""},{"$f":"IF('AVI (Desc)'!G136=\"\",\"\",INDEX([1]OWNER!$A$2:$A$100,MATCH('AVI (Desc)'!$G136,[1]!MASTER_OWNER_DESC[#Data],0),0))","v":""},{"$f":"IF('AVI (Desc)'!H136=\"\",\"\",INDEX([1]COUNTY!$A$2:$A$80,MATCH('AVI (Desc)'!H136,[1]!MASTER_COUNTY_NAME[#Data],0),0))","v":""},{"$f":"IF('AVI (Desc)'!I136=\"\",\"\",'AVI (Desc)'!I136)","v":""},{"$f":"IF('AVI (Desc)'!J136=\"\",\"\",INDEX([1]AVI_SENSOR_TYPE!$A$2:$A$7,MATCH('AVI (Desc)'!J136,[1]!MASTER_AVI_SENSOR_TYPE_DESC,0),0))","v":""}]
[{"$f":"IF('AVI (Desc)'!A137=\"\",\"\",'AVI (Desc)'!A137)","v":""},{"$f":"IF('AVI (Desc)'!B137=\"\",\"\",'AVI (Desc)'!B137)","v":""},{"$f":"IF('AVI (Desc)'!C137=\"\",\"\",'AVI (Desc)'!C137)","v":""},{"$f":"IF('AVI (Desc)'!D137=\"\",\"\",INDEX([1]ASSET_ID_SOURCE!$A$2:$A$50,MATCH('AVI (Desc)'!D137,[1]!MASTER_ASSET_ID_SOURCE_DESC,0),0))","v":""},{"$f":"IF('AVI (Desc)'!E137=\"\",\"\",'AVI (Desc)'!E137)","v":""},{"$f":"IF('AVI (Desc)'!F137=\"\",\"\",'AVI (Desc)'!F137)","v":""},{"$f":"IF('AVI (Desc)'!G137=\"\",\"\",INDEX([1]OWNER!$A$2:$A$100,MATCH('AVI (Desc)'!$G137,[1]!MASTER_OWNER_DESC[#Data],0),0))","v":""},{"$f":"IF('AVI (Desc)'!H137=\"\",\"\",INDEX([1]COUNTY!$A$2:$A$80,MATCH('AVI (Desc)'!H137,[1]!MASTER_COUNTY_NAME[#Data],0),0))","v":""},{"$f":"IF('AVI (Desc)'!I137=\"\",\"\",'AVI (Desc)'!I137)","v":""},{"$f":"IF('AVI (Desc)'!J137=\"\",\"\",INDEX([1]AVI_SENSOR_TYPE!$A$2:$A$7,MATCH('AVI (Desc)'!J137,[1]!MASTER_AVI_SENSOR_TYPE_DESC,0),0))","v":""}]
[{"$f":"IF('AVI (Desc)'!A138=\"\",\"\",'AVI (Desc)'!A138)","v":""},{"$f":"IF('AVI (Desc)'!B138=\"\",\"\",'AVI (Desc)'!B138)","v":""},{"$f":"IF('AVI (Desc)'!C138=\"\",\"\",'AVI (Desc)'!C138)","v":""},{"$f":"IF('AVI (Desc)'!D138=\"\",\"\",INDEX([1]ASSET_ID_SOURCE!$A$2:$A$50,MATCH('AVI (Desc)'!D138,[1]!MASTER_ASSET_ID_SOURCE_DESC,0),0))","v":""},{"$f":"IF('AVI (Desc)'!E138=\"\",\"\",'AVI (Desc)'!E138)","v":""},{"$f":"IF('AVI (Desc)'!F138=\"\",\"\",'AVI (Desc)'!F138)","v":""},{"$f":"IF('AVI (Desc)'!G138=\"\",\"\",INDEX([1]OWNER!$A$2:$A$100,MATCH('AVI (Desc)'!$G138,[1]!MASTER_OWNER_DESC[#Data],0),0))","v":""},{"$f":"IF('AVI (Desc)'!H138=\"\",\"\",INDEX([1]COUNTY!$A$2:$A$80,MATCH('AVI (Desc)'!H138,[1]!MASTER_COUNTY_NAME[#Data],0),0))","v":""},{"$f":"IF('AVI (Desc)'!I138=\"\",\"\",'AVI (Desc)'!I138)","v":""},{"$f":"IF('AVI (Desc)'!J138=\"\",\"\",INDEX([1]AVI_SENSOR_TYPE!$A$2:$A$7,MATCH('AVI (Desc)'!J138,[1]!MASTER_AVI_SENSOR_TYPE_DESC,0),0))","v":""}]
[{"$f":"IF('AVI (Desc)'!A139=\"\",\"\",'AVI (Desc)'!A139)","v":""},{"$f":"IF('AVI (Desc)'!B139=\"\",\"\",'AVI (Desc)'!B139)","v":""},{"$f":"IF('AVI (Desc)'!C139=\"\",\"\",'AVI (Desc)'!C139)","v":""},{"$f":"IF('AVI (Desc)'!D139=\"\",\"\",INDEX([1]ASSET_ID_SOURCE!$A$2:$A$50,MATCH('AVI (Desc)'!D139,[1]!MASTER_ASSET_ID_SOURCE_DESC,0),0))","v":""},{"$f":"IF('AVI (Desc)'!E139=\"\",\"\",'AVI (Desc)'!E139)","v":""},{"$f":"IF('AVI (Desc)'!F139=\"\",\"\",'AVI (Desc)'!F139)","v":""},{"$f":"IF('AVI (Desc)'!G139=\"\",\"\",INDEX([1]OWNER!$A$2:$A$100,MATCH('AVI (Desc)'!$G139,[1]!MASTER_OWNER_DESC[#Data],0),0))","v":""},{"$f":"IF('AVI (Desc)'!H139=\"\",\"\",INDEX([1]COUNTY!$A$2:$A$80,MATCH('AVI (Desc)'!H139,[1]!MASTER_COUNTY_NAME[#Data],0),0))","v":""},{"$f":"IF('AVI (Desc)'!I139=\"\",\"\",'AVI (Desc)'!I139)","v":""},{"$f":"IF('AVI (Desc)'!J139=\"\",\"\",INDEX([1]AVI_SENSOR_TYPE!$A$2:$A$7,MATCH('AVI (Desc)'!J139,[1]!MASTER_AVI_SENSOR_TYPE_DESC,0),0))","v":""}]
[{"$f":"IF('AVI (Desc)'!A140=\"\",\"\",'AVI (Desc)'!A140)","v":""},{"$f":"IF('AVI (Desc)'!B140=\"\",\"\",'AVI (Desc)'!B140)","v":""},{"$f":"IF('AVI (Desc)'!C140=\"\",\"\",'AVI (Desc)'!C140)","v":""},{"$f":"IF('AVI (Desc)'!D140=\"\",\"\",INDEX([1]ASSET_ID_SOURCE!$A$2:$A$50,MATCH('AVI (Desc)'!D140,[1]!MASTER_ASSET_ID_SOURCE_DESC,0),0))","v":""},{"$f":"IF('AVI (Desc)'!E140=\"\",\"\",'AVI (Desc)'!E140)","v":""},{"$f":"IF('AVI (Desc)'!F140=\"\",\"\",'AVI (Desc)'!F140)","v":""},{"$f":"IF('AVI (Desc)'!G140=\"\",\"\",INDEX([1]OWNER!$A$2:$A$100,MATCH('AVI (Desc)'!$G140,[1]!MASTER_OWNER_DESC[#Data],0),0))","v":""},{"$f":"IF('AVI (Desc)'!H140=\"\",\"\",INDEX([1]COUNTY!$A$2:$A$80,MATCH('AVI (Desc)'!H140,[1]!MASTER_COUNTY_NAME[#Data],0),0))","v":""},{"$f":"IF('AVI (Desc)'!I140=\"\",\"\",'AVI (Desc)'!I140)","v":""},{"$f":"IF('AVI (Desc)'!J140=\"\",\"\",INDEX([1]AVI_SENSOR_TYPE!$A$2:$A$7,MATCH('AVI (Desc)'!J140,[1]!MASTER_AVI_SENSOR_TYPE_DESC,0),0))","v":""}]
[{"$f":"IF('AVI (Desc)'!A141=\"\",\"\",'AVI (Desc)'!A141)","v":""},{"$f":"IF('AVI (Desc)'!B141=\"\",\"\",'AVI (Desc)'!B141)","v":""},{"$f":"IF('AVI (Desc)'!C141=\"\",\"\",'AVI (Desc)'!C141)","v":""},{"$f":"IF('AVI (Desc)'!D141=\"\",\"\",INDEX([1]ASSET_ID_SOURCE!$A$2:$A$50,MATCH('AVI (Desc)'!D141,[1]!MASTER_ASSET_ID_SOURCE_DESC,0),0))","v":""},{"$f":"IF('AVI (Desc)'!E141=\"\",\"\",'AVI (Desc)'!E141)","v":""},{"$f":"IF('AVI (Desc)'!F141=\"\",\"\",'AVI (Desc)'!F141)","v":""},{"$f":"IF('AVI (Desc)'!G141=\"\",\"\",INDEX([1]OWNER!$A$2:$A$100,MATCH('AVI (Desc)'!$G141,[1]!MASTER_OWNER_DESC[#Data],0),0))","v":""},{"$f":"IF('AVI (Desc)'!H141=\"\",\"\",INDEX([1]COUNTY!$A$2:$A$80,MATCH('AVI (Desc)'!H141,[1]!MASTER_COUNTY_NAME[#Data],0),0))","v":""},{"$f":"IF('AVI (Desc)'!I141=\"\",\"\",'AVI (Desc)'!I141)","v":""},{"$f":"IF('AVI (Desc)'!J141=\"\",\"\",INDEX([1]AVI_SENSOR_TYPE!$A$2:$A$7,MATCH('AVI (Desc)'!J141,[1]!MASTER_AVI_SENSOR_TYPE_DESC,0),0))","v":""}]
[{"$f":"IF('AVI (Desc)'!A142=\"\",\"\",'AVI (Desc)'!A142)","v":""},{"$f":"IF('AVI (Desc)'!B142=\"\",\"\",'AVI (Desc)'!B142)","v":""},{"$f":"IF('AVI (Desc)'!C142=\"\",\"\",'AVI (Desc)'!C142)","v":""},{"$f":"IF('AVI (Desc)'!D142=\"\",\"\",INDEX([1]ASSET_ID_SOURCE!$A$2:$A$50,MATCH('AVI (Desc)'!D142,[1]!MASTER_ASSET_ID_SOURCE_DESC,0),0))","v":""},{"$f":"IF('AVI (Desc)'!E142=\"\",\"\",'AVI (Desc)'!E142)","v":""},{"$f":"IF('AVI (Desc)'!F142=\"\",\"\",'AVI (Desc)'!F142)","v":""},{"$f":"IF('AVI (Desc)'!G142=\"\",\"\",INDEX([1]OWNER!$A$2:$A$100,MATCH('AVI (Desc)'!$G142,[1]!MASTER_OWNER_DESC[#Data],0),0))","v":""},{"$f":"IF('AVI (Desc)'!H142=\"\",\"\",INDEX([1]COUNTY!$A$2:$A$80,MATCH('AVI (Desc)'!H142,[1]!MASTER_COUNTY_NAME[#Data],0),0))","v":""},{"$f":"IF('AVI (Desc)'!I142=\"\",\"\",'AVI (Desc)'!I142)","v":""},{"$f":"IF('AVI (Desc)'!J142=\"\",\"\",INDEX([1]AVI_SENSOR_TYPE!$A$2:$A$7,MATCH('AVI (Desc)'!J142,[1]!MASTER_AVI_SENSOR_TYPE_DESC,0),0))","v":""}]
[{"$f":"IF('AVI (Desc)'!A143=\"\",\"\",'AVI (Desc)'!A143)","v":""},{"$f":"IF('AVI (Desc)'!B143=\"\",\"\",'AVI (Desc)'!B143)","v":""},{"$f":"IF('AVI (Desc)'!C143=\"\",\"\",'AVI (Desc)'!C143)","v":""},{"$f":"IF('AVI (Desc)'!D143=\"\",\"\",INDEX([1]ASSET_ID_SOURCE!$A$2:$A$50,MATCH('AVI (Desc)'!D143,[1]!MASTER_ASSET_ID_SOURCE_DESC,0),0))","v":""},{"$f":"IF('AVI (Desc)'!E143=\"\",\"\",'AVI (Desc)'!E143)","v":""},{"$f":"IF('AVI (Desc)'!F143=\"\",\"\",'AVI (Desc)'!F143)","v":""},{"$f":"IF('AVI (Desc)'!G143=\"\",\"\",INDEX([1]OWNER!$A$2:$A$100,MATCH('AVI (Desc)'!$G143,[1]!MASTER_OWNER_DESC[#Data],0),0))","v":""},{"$f":"IF('AVI (Desc)'!H143=\"\",\"\",INDEX([1]COUNTY!$A$2:$A$80,MATCH('AVI (Desc)'!H143,[1]!MASTER_COUNTY_NAME[#Data],0),0))","v":""},{"$f":"IF('AVI (Desc)'!I143=\"\",\"\",'AVI (Desc)'!I143)","v":""},{"$f":"IF('AVI (Desc)'!J143=\"\",\"\",INDEX([1]AVI_SENSOR_TYPE!$A$2:$A$7,MATCH('AVI (Desc)'!J143,[1]!MASTER_AVI_SENSOR_TYPE_DESC,0),0))","v":""}]
[{"$f":"IF('AVI (Desc)'!A144=\"\",\"\",'AVI (Desc)'!A144)","v":""},{"$f":"IF('AVI (Desc)'!B144=\"\",\"\",'AVI (Desc)'!B144)","v":""},{"$f":"IF('AVI (Desc)'!C144=\"\",\"\",'AVI (Desc)'!C144)","v":""},{"$f":"IF('AVI (Desc)'!D144=\"\",\"\",INDEX([1]ASSET_ID_SOURCE!$A$2:$A$50,MATCH('AVI (Desc)'!D144,[1]!MASTER_ASSET_ID_SOURCE_DESC,0),0))","v":""},{"$f":"IF('AVI (Desc)'!E144=\"\",\"\",'AVI (Desc)'!E144)","v":""},{"$f":"IF('AVI (Desc)'!F144=\"\",\"\",'AVI (Desc)'!F144)","v":""},{"$f":"IF('AVI (Desc)'!G144=\"\",\"\",INDEX([1]OWNER!$A$2:$A$100,MATCH('AVI (Desc)'!$G144,[1]!MASTER_OWNER_DESC[#Data],0),0))","v":""},{"$f":"IF('AVI (Desc)'!H144=\"\",\"\",INDEX([1]COUNTY!$A$2:$A$80,MATCH('AVI (Desc)'!H144,[1]!MASTER_COUNTY_NAME[#Data],0),0))","v":""},{"$f":"IF('AVI (Desc)'!I144=\"\",\"\",'AVI (Desc)'!I144)","v":""},{"$f":"IF('AVI (Desc)'!J144=\"\",\"\",INDEX([1]AVI_SENSOR_TYPE!$A$2:$A$7,MATCH('AVI (Desc)'!J144,[1]!MASTER_AVI_SENSOR_TYPE_DESC,0),0))","v":""}]
[{"$f":"IF('AVI (Desc)'!A145=\"\",\"\",'AVI (Desc)'!A145)","v":""},{"$f":"IF('AVI (Desc)'!B145=\"\",\"\",'AVI (Desc)'!B145)","v":""},{"$f":"IF('AVI (Desc)'!C145=\"\",\"\",'AVI (Desc)'!C145)","v":""},{"$f":"IF('AVI (Desc)'!D145=\"\",\"\",INDEX([1]ASSET_ID_SOURCE!$A$2:$A$50,MATCH('AVI (Desc)'!D145,[1]!MASTER_ASSET_ID_SOURCE_DESC,0),0))","v":""},{"$f":"IF('AVI (Desc)'!E145=\"\",\"\",'AVI (Desc)'!E145)","v":""},{"$f":"IF('AVI (Desc)'!F145=\"\",\"\",'AVI (Desc)'!F145)","v":""},{"$f":"IF('AVI (Desc)'!G145=\"\",\"\",INDEX([1]OWNER!$A$2:$A$100,MATCH('AVI (Desc)'!$G145,[1]!MASTER_OWNER_DESC[#Data],0),0))","v":""},{"$f":"IF('AVI (Desc)'!H145=\"\",\"\",INDEX([1]COUNTY!$A$2:$A$80,MATCH('AVI (Desc)'!H145,[1]!MASTER_COUNTY_NAME[#Data],0),0))","v":""},{"$f":"IF('AVI (Desc)'!I145=\"\",\"\",'AVI (Desc)'!I145)","v":""},{"$f":"IF('AVI (Desc)'!J145=\"\",\"\",INDEX([1]AVI_SENSOR_TYPE!$A$2:$A$7,MATCH('AVI (Desc)'!J145,[1]!MASTER_AVI_SENSOR_TYPE_DESC,0),0))","v":""}]
[{"$f":"IF('AVI (Desc)'!A146=\"\",\"\",'AVI (Desc)'!A146)","v":""},{"$f":"IF('AVI (Desc)'!B146=\"\",\"\",'AVI (Desc)'!B146)","v":""},{"$f":"IF('AVI (Desc)'!C146=\"\",\"\",'AVI (Desc)'!C146)","v":""},{"$f":"IF('AVI (Desc)'!D146=\"\",\"\",INDEX([1]ASSET_ID_SOURCE!$A$2:$A$50,MATCH('AVI (Desc)'!D146,[1]!MASTER_ASSET_ID_SOURCE_DESC,0),0))","v":""},{"$f":"IF('AVI (Desc)'!E146=\"\",\"\",'AVI (Desc)'!E146)","v":""},{"$f":"IF('AVI (Desc)'!F146=\"\",\"\",'AVI (Desc)'!F146)","v":""},{"$f":"IF('AVI (Desc)'!G146=\"\",\"\",INDEX([1]OWNER!$A$2:$A$100,MATCH('AVI (Desc)'!$G146,[1]!MASTER_OWNER_DESC[#Data],0),0))","v":""},{"$f":"IF('AVI (Desc)'!H146=\"\",\"\",INDEX([1]COUNTY!$A$2:$A$80,MATCH('AVI (Desc)'!H146,[1]!MASTER_COUNTY_NAME[#Data],0),0))","v":""},{"$f":"IF('AVI (Desc)'!I146=\"\",\"\",'AVI (Desc)'!I146)","v":""},{"$f":"IF('AVI (Desc)'!J146=\"\",\"\",INDEX([1]AVI_SENSOR_TYPE!$A$2:$A$7,MATCH('AVI (Desc)'!J146,[1]!MASTER_AVI_SENSOR_TYPE_DESC,0),0))","v":""}]
[{"$f":"IF('AVI (Desc)'!A147=\"\",\"\",'AVI (Desc)'!A147)","v":""},{"$f":"IF('AVI (Desc)'!B147=\"\",\"\",'AVI (Desc)'!B147)","v":""},{"$f":"IF('AVI (Desc)'!C147=\"\",\"\",'AVI (Desc)'!C147)","v":""},{"$f":"IF('AVI (Desc)'!D147=\"\",\"\",INDEX([1]ASSET_ID_SOURCE!$A$2:$A$50,MATCH('AVI (Desc)'!D147,[1]!MASTER_ASSET_ID_SOURCE_DESC,0),0))","v":""},{"$f":"IF('AVI (Desc)'!E147=\"\",\"\",'AVI (Desc)'!E147)","v":""},{"$f":"IF('AVI (Desc)'!F147=\"\",\"\",'AVI (Desc)'!F147)","v":""},{"$f":"IF('AVI (Desc)'!G147=\"\",\"\",INDEX([1]OWNER!$A$2:$A$100,MATCH('AVI (Desc)'!$G147,[1]!MASTER_OWNER_DESC[#Data],0),0))","v":""},{"$f":"IF('AVI (Desc)'!H147=\"\",\"\",INDEX([1]COUNTY!$A$2:$A$80,MATCH('AVI (Desc)'!H147,[1]!MASTER_COUNTY_NAME[#Data],0),0))","v":""},{"$f":"IF('AVI (Desc)'!I147=\"\",\"\",'AVI (Desc)'!I147)","v":""},{"$f":"IF('AVI (Desc)'!J147=\"\",\"\",INDEX([1]AVI_SENSOR_TYPE!$A$2:$A$7,MATCH('AVI (Desc)'!J147,[1]!MASTER_AVI_SENSOR_TYPE_DESC,0),0))","v":""}]
[{"$f":"IF('AVI (Desc)'!A148=\"\",\"\",'AVI (Desc)'!A148)","v":""},{"$f":"IF('AVI (Desc)'!B148=\"\",\"\",'AVI (Desc)'!B148)","v":""},{"$f":"IF('AVI (Desc)'!C148=\"\",\"\",'AVI (Desc)'!C148)","v":""},{"$f":"IF('AVI (Desc)'!D148=\"\",\"\",INDEX([1]ASSET_ID_SOURCE!$A$2:$A$50,MATCH('AVI (Desc)'!D148,[1]!MASTER_ASSET_ID_SOURCE_DESC,0),0))","v":""},{"$f":"IF('AVI (Desc)'!E148=\"\",\"\",'AVI (Desc)'!E148)","v":""},{"$f":"IF('AVI (Desc)'!F148=\"\",\"\",'AVI (Desc)'!F148)","v":""},{"$f":"IF('AVI (Desc)'!G148=\"\",\"\",INDEX([1]OWNER!$A$2:$A$100,MATCH('AVI (Desc)'!$G148,[1]!MASTER_OWNER_DESC[#Data],0),0))","v":""},{"$f":"IF('AVI (Desc)'!H148=\"\",\"\",INDEX([1]COUNTY!$A$2:$A$80,MATCH('AVI (Desc)'!H148,[1]!MASTER_COUNTY_NAME[#Data],0),0))","v":""},{"$f":"IF('AVI (Desc)'!I148=\"\",\"\",'AVI (Desc)'!I148)","v":""},{"$f":"IF('AVI (Desc)'!J148=\"\",\"\",INDEX([1]AVI_SENSOR_TYPE!$A$2:$A$7,MATCH('AVI (Desc)'!J148,[1]!MASTER_AVI_SENSOR_TYPE_DESC,0),0))","v":""}]
[{"$f":"IF('AVI (Desc)'!A149=\"\",\"\",'AVI (Desc)'!A149)","v":""},{"$f":"IF('AVI (Desc)'!B149=\"\",\"\",'AVI (Desc)'!B149)","v":""},{"$f":"IF('AVI (Desc)'!C149=\"\",\"\",'AVI (Desc)'!C149)","v":""},{"$f":"IF('AVI (Desc)'!D149=\"\",\"\",INDEX([1]ASSET_ID_SOURCE!$A$2:$A$50,MATCH('AVI (Desc)'!D149,[1]!MASTER_ASSET_ID_SOURCE_DESC,0),0))","v":""},{"$f":"IF('AVI (Desc)'!E149=\"\",\"\",'AVI (Desc)'!E149)","v":""},{"$f":"IF('AVI (Desc)'!F149=\"\",\"\",'AVI (Desc)'!F149)","v":""},{"$f":"IF('AVI (Desc)'!G149=\"\",\"\",INDEX([1]OWNER!$A$2:$A$100,MATCH('AVI (Desc)'!$G149,[1]!MASTER_OWNER_DESC[#Data],0),0))","v":""},{"$f":"IF('AVI (Desc)'!H149=\"\",\"\",INDEX([1]COUNTY!$A$2:$A$80,MATCH('AVI (Desc)'!H149,[1]!MASTER_COUNTY_NAME[#Data],0),0))","v":""},{"$f":"IF('AVI (Desc)'!I149=\"\",\"\",'AVI (Desc)'!I149)","v":""},{"$f":"IF('AVI (Desc)'!J149=\"\",\"\",INDEX([1]AVI_SENSOR_TYPE!$A$2:$A$7,MATCH('AVI (Desc)'!J149,[1]!MASTER_AVI_SENSOR_TYPE_DESC,0),0))","v":""}]
[{"$f":"IF('AVI (Desc)'!A150=\"\",\"\",'AVI (Desc)'!A150)","v":""},{"$f":"IF('AVI (Desc)'!B150=\"\",\"\",'AVI (Desc)'!B150)","v":""},{"$f":"IF('AVI (Desc)'!C150=\"\",\"\",'AVI (Desc)'!C150)","v":""},{"$f":"IF('AVI (Desc)'!D150=\"\",\"\",INDEX([1]ASSET_ID_SOURCE!$A$2:$A$50,MATCH('AVI (Desc)'!D150,[1]!MASTER_ASSET_ID_SOURCE_DESC,0),0))","v":""},{"$f":"IF('AVI (Desc)'!E150=\"\",\"\",'AVI (Desc)'!E150)","v":""},{"$f":"IF('AVI (Desc)'!F150=\"\",\"\",'AVI (Desc)'!F150)","v":""},{"$f":"IF('AVI (Desc)'!G150=\"\",\"\",INDEX([1]OWNER!$A$2:$A$100,MATCH('AVI (Desc)'!$G150,[1]!MASTER_OWNER_DESC[#Data],0),0))","v":""},{"$f":"IF('AVI (Desc)'!H150=\"\",\"\",INDEX([1]COUNTY!$A$2:$A$80,MATCH('AVI (Desc)'!H150,[1]!MASTER_COUNTY_NAME[#Data],0),0))","v":""},{"$f":"IF('AVI (Desc)'!I150=\"\",\"\",'AVI (Desc)'!I150)","v":""},{"$f":"IF('AVI (Desc)'!J150=\"\",\"\",INDEX([1]AVI_SENSOR_TYPE!$A$2:$A$7,MATCH('AVI (Desc)'!J150,[1]!MASTER_AVI_SENSOR_TYPE_DESC,0),0))","v":""}]
[{"$f":"IF('AVI (Desc)'!A151=\"\",\"\",'AVI (Desc)'!A151)","v":""},{"$f":"IF('AVI (Desc)'!B151=\"\",\"\",'AVI (Desc)'!B151)","v":""},{"$f":"IF('AVI (Desc)'!C151=\"\",\"\",'AVI (Desc)'!C151)","v":""},{"$f":"IF('AVI (Desc)'!D151=\"\",\"\",INDEX([1]ASSET_ID_SOURCE!$A$2:$A$50,MATCH('AVI (Desc)'!D151,[1]!MASTER_ASSET_ID_SOURCE_DESC,0),0))","v":""},{"$f":"IF('AVI (Desc)'!E151=\"\",\"\",'AVI (Desc)'!E151)","v":""},{"$f":"IF('AVI (Desc)'!F151=\"\",\"\",'AVI (Desc)'!F151)","v":""},{"$f":"IF('AVI (Desc)'!G151=\"\",\"\",INDEX([1]OWNER!$A$2:$A$100,MATCH('AVI (Desc)'!$G151,[1]!MASTER_OWNER_DESC[#Data],0),0))","v":""},{"$f":"IF('AVI (Desc)'!H151=\"\",\"\",INDEX([1]COUNTY!$A$2:$A$80,MATCH('AVI (Desc)'!H151,[1]!MASTER_COUNTY_NAME[#Data],0),0))","v":""},{"$f":"IF('AVI (Desc)'!I151=\"\",\"\",'AVI (Desc)'!I151)","v":""},{"$f":"IF('AVI (Desc)'!J151=\"\",\"\",INDEX([1]AVI_SENSOR_TYPE!$A$2:$A$7,MATCH('AVI (Desc)'!J151,[1]!MASTER_AVI_SENSOR_TYPE_DESC,0),0))","v":""}]
[{"$f":"IF('AVI (Desc)'!A152=\"\",\"\",'AVI (Desc)'!A152)","v":""},{"$f":"IF('AVI (Desc)'!B152=\"\",\"\",'AVI (Desc)'!B152)","v":""},{"$f":"IF('AVI (Desc)'!C152=\"\",\"\",'AVI (Desc)'!C152)","v":""},{"$f":"IF('AVI (Desc)'!D152=\"\",\"\",INDEX([1]ASSET_ID_SOURCE!$A$2:$A$50,MATCH('AVI (Desc)'!D152,[1]!MASTER_ASSET_ID_SOURCE_DESC,0),0))","v":""},{"$f":"IF('AVI (Desc)'!E152=\"\",\"\",'AVI (Desc)'!E152)","v":""},{"$f":"IF('AVI (Desc)'!F152=\"\",\"\",'AVI (Desc)'!F152)","v":""},{"$f":"IF('AVI (Desc)'!G152=\"\",\"\",INDEX([1]OWNER!$A$2:$A$100,MATCH('AVI (Desc)'!$G152,[1]!MASTER_OWNER_DESC[#Data],0),0))","v":""},{"$f":"IF('AVI (Desc)'!H152=\"\",\"\",INDEX([1]COUNTY!$A$2:$A$80,MATCH('AVI (Desc)'!H152,[1]!MASTER_COUNTY_NAME[#Data],0),0))","v":""},{"$f":"IF('AVI (Desc)'!I152=\"\",\"\",'AVI (Desc)'!I152)","v":""},{"$f":"IF('AVI (Desc)'!J152=\"\",\"\",INDEX([1]AVI_SENSOR_TYPE!$A$2:$A$7,MATCH('AVI (Desc)'!J152,[1]!MASTER_AVI_SENSOR_TYPE_DESC,0),0))","v":""}]
[{"$f":"IF('AVI (Desc)'!A153=\"\",\"\",'AVI (Desc)'!A153)","v":""},{"$f":"IF('AVI (Desc)'!B153=\"\",\"\",'AVI (Desc)'!B153)","v":""},{"$f":"IF('AVI (Desc)'!C153=\"\",\"\",'AVI (Desc)'!C153)","v":""},{"$f":"IF('AVI (Desc)'!D153=\"\",\"\",INDEX([1]ASSET_ID_SOURCE!$A$2:$A$50,MATCH('AVI (Desc)'!D153,[1]!MASTER_ASSET_ID_SOURCE_DESC,0),0))","v":""},{"$f":"IF('AVI (Desc)'!E153=\"\",\"\",'AVI (Desc)'!E153)","v":""},{"$f":"IF('AVI (Desc)'!F153=\"\",\"\",'AVI (Desc)'!F153)","v":""},{"$f":"IF('AVI (Desc)'!G153=\"\",\"\",INDEX([1]OWNER!$A$2:$A$100,MATCH('AVI (Desc)'!$G153,[1]!MASTER_OWNER_DESC[#Data],0),0))","v":""},{"$f":"IF('AVI (Desc)'!H153=\"\",\"\",INDEX([1]COUNTY!$A$2:$A$80,MATCH('AVI (Desc)'!H153,[1]!MASTER_COUNTY_NAME[#Data],0),0))","v":""},{"$f":"IF('AVI (Desc)'!I153=\"\",\"\",'AVI (Desc)'!I153)","v":""},{"$f":"IF('AVI (Desc)'!J153=\"\",\"\",INDEX([1]AVI_SENSOR_TYPE!$A$2:$A$7,MATCH('AVI (Desc)'!J153,[1]!MASTER_AVI_SENSOR_TYPE_DESC,0),0))","v":""}]
[{"$f":"IF('AVI (Desc)'!A154=\"\",\"\",'AVI (Desc)'!A154)","v":""},{"$f":"IF('AVI (Desc)'!B154=\"\",\"\",'AVI (Desc)'!B154)","v":""},{"$f":"IF('AVI (Desc)'!C154=\"\",\"\",'AVI (Desc)'!C154)","v":""},{"$f":"IF('AVI (Desc)'!D154=\"\",\"\",INDEX([1]ASSET_ID_SOURCE!$A$2:$A$50,MATCH('AVI (Desc)'!D154,[1]!MASTER_ASSET_ID_SOURCE_DESC,0),0))","v":""},{"$f":"IF('AVI (Desc)'!E154=\"\",\"\",'AVI (Desc)'!E154)","v":""},{"$f":"IF('AVI (Desc)'!F154=\"\",\"\",'AVI (Desc)'!F154)","v":""},{"$f":"IF('AVI (Desc)'!G154=\"\",\"\",INDEX([1]OWNER!$A$2:$A$100,MATCH('AVI (Desc)'!$G154,[1]!MASTER_OWNER_DESC[#Data],0),0))","v":""},{"$f":"IF('AVI (Desc)'!H154=\"\",\"\",INDEX([1]COUNTY!$A$2:$A$80,MATCH('AVI (Desc)'!H154,[1]!MASTER_COUNTY_NAME[#Data],0),0))","v":""},{"$f":"IF('AVI (Desc)'!I154=\"\",\"\",'AVI (Desc)'!I154)","v":""},{"$f":"IF('AVI (Desc)'!J154=\"\",\"\",INDEX([1]AVI_SENSOR_TYPE!$A$2:$A$7,MATCH('AVI (Desc)'!J154,[1]!MASTER_AVI_SENSOR_TYPE_DESC,0),0))","v":""}]
[{"$f":"IF('AVI (Desc)'!A155=\"\",\"\",'AVI (Desc)'!A155)","v":""},{"$f":"IF('AVI (Desc)'!B155=\"\",\"\",'AVI (Desc)'!B155)","v":""},{"$f":"IF('AVI (Desc)'!C155=\"\",\"\",'AVI (Desc)'!C155)","v":""},{"$f":"IF('AVI (Desc)'!D155=\"\",\"\",INDEX([1]ASSET_ID_SOURCE!$A$2:$A$50,MATCH('AVI (Desc)'!D155,[1]!MASTER_ASSET_ID_SOURCE_DESC,0),0))","v":""},{"$f":"IF('AVI (Desc)'!E155=\"\",\"\",'AVI (Desc)'!E155)","v":""},{"$f":"IF('AVI (Desc)'!F155=\"\",\"\",'AVI (Desc)'!F155)","v":""},{"$f":"IF('AVI (Desc)'!G155=\"\",\"\",INDEX([1]OWNER!$A$2:$A$100,MATCH('AVI (Desc)'!$G155,[1]!MASTER_OWNER_DESC[#Data],0),0))","v":""},{"$f":"IF('AVI (Desc)'!H155=\"\",\"\",INDEX([1]COUNTY!$A$2:$A$80,MATCH('AVI (Desc)'!H155,[1]!MASTER_COUNTY_NAME[#Data],0),0))","v":""},{"$f":"IF('AVI (Desc)'!I155=\"\",\"\",'AVI (Desc)'!I155)","v":""},{"$f":"IF('AVI (Desc)'!J155=\"\",\"\",INDEX([1]AVI_SENSOR_TYPE!$A$2:$A$7,MATCH('AVI (Desc)'!J155,[1]!MASTER_AVI_SENSOR_TYPE_DESC,0),0))","v":""}]
[{"$f":"IF('AVI (Desc)'!A156=\"\",\"\",'AVI (Desc)'!A156)","v":""},{"$f":"IF('AVI (Desc)'!B156=\"\",\"\",'AVI (Desc)'!B156)","v":""},{"$f":"IF('AVI (Desc)'!C156=\"\",\"\",'AVI (Desc)'!C156)","v":""},{"$f":"IF('AVI (Desc)'!D156=\"\",\"\",INDEX([1]ASSET_ID_SOURCE!$A$2:$A$50,MATCH('AVI (Desc)'!D156,[1]!MASTER_ASSET_ID_SOURCE_DESC,0),0))","v":""},{"$f":"IF('AVI (Desc)'!E156=\"\",\"\",'AVI (Desc)'!E156)","v":""},{"$f":"IF('AVI (Desc)'!F156=\"\",\"\",'AVI (Desc)'!F156)","v":""},{"$f":"IF('AVI (Desc)'!G156=\"\",\"\",INDEX([1]OWNER!$A$2:$A$100,MATCH('AVI (Desc)'!$G156,[1]!MASTER_OWNER_DESC[#Data],0),0))","v":""},{"$f":"IF('AVI (Desc)'!H156=\"\",\"\",INDEX([1]COUNTY!$A$2:$A$80,MATCH('AVI (Desc)'!H156,[1]!MASTER_COUNTY_NAME[#Data],0),0))","v":""},{"$f":"IF('AVI (Desc)'!I156=\"\",\"\",'AVI (Desc)'!I156)","v":""},{"$f":"IF('AVI (Desc)'!J156=\"\",\"\",INDEX([1]AVI_SENSOR_TYPE!$A$2:$A$7,MATCH('AVI (Desc)'!J156,[1]!MASTER_AVI_SENSOR_TYPE_DESC,0),0))","v":""}]
[{"$f":"IF('AVI (Desc)'!A157=\"\",\"\",'AVI (Desc)'!A157)","v":""},{"$f":"IF('AVI (Desc)'!B157=\"\",\"\",'AVI (Desc)'!B157)","v":""},{"$f":"IF('AVI (Desc)'!C157=\"\",\"\",'AVI (Desc)'!C157)","v":""},{"$f":"IF('AVI (Desc)'!D157=\"\",\"\",INDEX([1]ASSET_ID_SOURCE!$A$2:$A$50,MATCH('AVI (Desc)'!D157,[1]!MASTER_ASSET_ID_SOURCE_DESC,0),0))","v":""},{"$f":"IF('AVI (Desc)'!E157=\"\",\"\",'AVI (Desc)'!E157)","v":""},{"$f":"IF('AVI (Desc)'!F157=\"\",\"\",'AVI (Desc)'!F157)","v":""},{"$f":"IF('AVI (Desc)'!G157=\"\",\"\",INDEX([1]OWNER!$A$2:$A$100,MATCH('AVI (Desc)'!$G157,[1]!MASTER_OWNER_DESC[#Data],0),0))","v":""},{"$f":"IF('AVI (Desc)'!H157=\"\",\"\",INDEX([1]COUNTY!$A$2:$A$80,MATCH('AVI (Desc)'!H157,[1]!MASTER_COUNTY_NAME[#Data],0),0))","v":""},{"$f":"IF('AVI (Desc)'!I157=\"\",\"\",'AVI (Desc)'!I157)","v":""},{"$f":"IF('AVI (Desc)'!J157=\"\",\"\",INDEX([1]AVI_SENSOR_TYPE!$A$2:$A$7,MATCH('AVI (Desc)'!J157,[1]!MASTER_AVI_SENSOR_TYPE_DESC,0),0))","v":""}]
[{"$f":"IF('AVI (Desc)'!A158=\"\",\"\",'AVI (Desc)'!A158)","v":""},{"$f":"IF('AVI (Desc)'!B158=\"\",\"\",'AVI (Desc)'!B158)","v":""},{"$f":"IF('AVI (Desc)'!C158=\"\",\"\",'AVI (Desc)'!C158)","v":""},{"$f":"IF('AVI (Desc)'!D158=\"\",\"\",INDEX([1]ASSET_ID_SOURCE!$A$2:$A$50,MATCH('AVI (Desc)'!D158,[1]!MASTER_ASSET_ID_SOURCE_DESC,0),0))","v":""},{"$f":"IF('AVI (Desc)'!E158=\"\",\"\",'AVI (Desc)'!E158)","v":""},{"$f":"IF('AVI (Desc)'!F158=\"\",\"\",'AVI (Desc)'!F158)","v":""},{"$f":"IF('AVI (Desc)'!G158=\"\",\"\",INDEX([1]OWNER!$A$2:$A$100,MATCH('AVI (Desc)'!$G158,[1]!MASTER_OWNER_DESC[#Data],0),0))","v":""},{"$f":"IF('AVI (Desc)'!H158=\"\",\"\",INDEX([1]COUNTY!$A$2:$A$80,MATCH('AVI (Desc)'!H158,[1]!MASTER_COUNTY_NAME[#Data],0),0))","v":""},{"$f":"IF('AVI (Desc)'!I158=\"\",\"\",'AVI (Desc)'!I158)","v":""},{"$f":"IF('AVI (Desc)'!J158=\"\",\"\",INDEX([1]AVI_SENSOR_TYPE!$A$2:$A$7,MATCH('AVI (Desc)'!J158,[1]!MASTER_AVI_SENSOR_TYPE_DESC,0),0))","v":""}]
[{"$f":"IF('AVI (Desc)'!A159=\"\",\"\",'AVI (Desc)'!A159)","v":""},{"$f":"IF('AVI (Desc)'!B159=\"\",\"\",'AVI (Desc)'!B159)","v":""},{"$f":"IF('AVI (Desc)'!C159=\"\",\"\",'AVI (Desc)'!C159)","v":""},{"$f":"IF('AVI (Desc)'!D159=\"\",\"\",INDEX([1]ASSET_ID_SOURCE!$A$2:$A$50,MATCH('AVI (Desc)'!D159,[1]!MASTER_ASSET_ID_SOURCE_DESC,0),0))","v":""},{"$f":"IF('AVI (Desc)'!E159=\"\",\"\",'AVI (Desc)'!E159)","v":""},{"$f":"IF('AVI (Desc)'!F159=\"\",\"\",'AVI (Desc)'!F159)","v":""},{"$f":"IF('AVI (Desc)'!G159=\"\",\"\",INDEX([1]OWNER!$A$2:$A$100,MATCH('AVI (Desc)'!$G159,[1]!MASTER_OWNER_DESC[#Data],0),0))","v":""},{"$f":"IF('AVI (Desc)'!H159=\"\",\"\",INDEX([1]COUNTY!$A$2:$A$80,MATCH('AVI (Desc)'!H159,[1]!MASTER_COUNTY_NAME[#Data],0),0))","v":""},{"$f":"IF('AVI (Desc)'!I159=\"\",\"\",'AVI (Desc)'!I159)","v":""},{"$f":"IF('AVI (Desc)'!J159=\"\",\"\",INDEX([1]AVI_SENSOR_TYPE!$A$2:$A$7,MATCH('AVI (Desc)'!J159,[1]!MASTER_AVI_SENSOR_TYPE_DESC,0),0))","v":""}]
[{"$f":"IF('AVI (Desc)'!A160=\"\",\"\",'AVI (Desc)'!A160)","v":""},{"$f":"IF('AVI (Desc)'!B160=\"\",\"\",'AVI (Desc)'!B160)","v":""},{"$f":"IF('AVI (Desc)'!C160=\"\",\"\",'AVI (Desc)'!C160)","v":""},{"$f":"IF('AVI (Desc)'!D160=\"\",\"\",INDEX([1]ASSET_ID_SOURCE!$A$2:$A$50,MATCH('AVI (Desc)'!D160,[1]!MASTER_ASSET_ID_SOURCE_DESC,0),0))","v":""},{"$f":"IF('AVI (Desc)'!E160=\"\",\"\",'AVI (Desc)'!E160)","v":""},{"$f":"IF('AVI (Desc)'!F160=\"\",\"\",'AVI (Desc)'!F160)","v":""},{"$f":"IF('AVI (Desc)'!G160=\"\",\"\",INDEX([1]OWNER!$A$2:$A$100,MATCH('AVI (Desc)'!$G160,[1]!MASTER_OWNER_DESC[#Data],0),0))","v":""},{"$f":"IF('AVI (Desc)'!H160=\"\",\"\",INDEX([1]COUNTY!$A$2:$A$80,MATCH('AVI (Desc)'!H160,[1]!MASTER_COUNTY_NAME[#Data],0),0))","v":""},{"$f":"IF('AVI (Desc)'!I160=\"\",\"\",'AVI (Desc)'!I160)","v":""},{"$f":"IF('AVI (Desc)'!J160=\"\",\"\",INDEX([1]AVI_SENSOR_TYPE!$A$2:$A$7,MATCH('AVI (Desc)'!J160,[1]!MASTER_AVI_SENSOR_TYPE_DESC,0),0))","v":""}]
[{"$f":"IF('AVI (Desc)'!A161=\"\",\"\",'AVI (Desc)'!A161)","v":""},{"$f":"IF('AVI (Desc)'!B161=\"\",\"\",'AVI (Desc)'!B161)","v":""},{"$f":"IF('AVI (Desc)'!C161=\"\",\"\",'AVI (Desc)'!C161)","v":""},{"$f":"IF('AVI (Desc)'!D161=\"\",\"\",INDEX([1]ASSET_ID_SOURCE!$A$2:$A$50,MATCH('AVI (Desc)'!D161,[1]!MASTER_ASSET_ID_SOURCE_DESC,0),0))","v":""},{"$f":"IF('AVI (Desc)'!E161=\"\",\"\",'AVI (Desc)'!E161)","v":""},{"$f":"IF('AVI (Desc)'!F161=\"\",\"\",'AVI (Desc)'!F161)","v":""},{"$f":"IF('AVI (Desc)'!G161=\"\",\"\",INDEX([1]OWNER!$A$2:$A$100,MATCH('AVI (Desc)'!$G161,[1]!MASTER_OWNER_DESC[#Data],0),0))","v":""},{"$f":"IF('AVI (Desc)'!H161=\"\",\"\",INDEX([1]COUNTY!$A$2:$A$80,MATCH('AVI (Desc)'!H161,[1]!MASTER_COUNTY_NAME[#Data],0),0))","v":""},{"$f":"IF('AVI (Desc)'!I161=\"\",\"\",'AVI (Desc)'!I161)","v":""},{"$f":"IF('AVI (Desc)'!J161=\"\",\"\",INDEX([1]AVI_SENSOR_TYPE!$A$2:$A$7,MATCH('AVI (Desc)'!J161,[1]!MASTER_AVI_SENSOR_TYPE_DESC,0),0))","v":""}]
[{"$f":"IF('AVI (Desc)'!A162=\"\",\"\",'AVI (Desc)'!A162)","v":""},{"$f":"IF('AVI (Desc)'!B162=\"\",\"\",'AVI (Desc)'!B162)","v":""},{"$f":"IF('AVI (Desc)'!C162=\"\",\"\",'AVI (Desc)'!C162)","v":""},{"$f":"IF('AVI (Desc)'!D162=\"\",\"\",INDEX([1]ASSET_ID_SOURCE!$A$2:$A$50,MATCH('AVI (Desc)'!D162,[1]!MASTER_ASSET_ID_SOURCE_DESC,0),0))","v":""},{"$f":"IF('AVI (Desc)'!E162=\"\",\"\",'AVI (Desc)'!E162)","v":""},{"$f":"IF('AVI (Desc)'!F162=\"\",\"\",'AVI (Desc)'!F162)","v":""},{"$f":"IF('AVI (Desc)'!G162=\"\",\"\",INDEX([1]OWNER!$A$2:$A$100,MATCH('AVI (Desc)'!$G162,[1]!MASTER_OWNER_DESC[#Data],0),0))","v":""},{"$f":"IF('AVI (Desc)'!H162=\"\",\"\",INDEX([1]COUNTY!$A$2:$A$80,MATCH('AVI (Desc)'!H162,[1]!MASTER_COUNTY_NAME[#Data],0),0))","v":""},{"$f":"IF('AVI (Desc)'!I162=\"\",\"\",'AVI (Desc)'!I162)","v":""},{"$f":"IF('AVI (Desc)'!J162=\"\",\"\",INDEX([1]AVI_SENSOR_TYPE!$A$2:$A$7,MATCH('AVI (Desc)'!J162,[1]!MASTER_AVI_SENSOR_TYPE_DESC,0),0))","v":""}]
[{"$f":"IF('AVI (Desc)'!A163=\"\",\"\",'AVI (Desc)'!A163)","v":""},{"$f":"IF('AVI (Desc)'!B163=\"\",\"\",'AVI (Desc)'!B163)","v":""},{"$f":"IF('AVI (Desc)'!C163=\"\",\"\",'AVI (Desc)'!C163)","v":""},{"$f":"IF('AVI (Desc)'!D163=\"\",\"\",INDEX([1]ASSET_ID_SOURCE!$A$2:$A$50,MATCH('AVI (Desc)'!D163,[1]!MASTER_ASSET_ID_SOURCE_DESC,0),0))","v":""},{"$f":"IF('AVI (Desc)'!E163=\"\",\"\",'AVI (Desc)'!E163)","v":""},{"$f":"IF('AVI (Desc)'!F163=\"\",\"\",'AVI (Desc)'!F163)","v":""},{"$f":"IF('AVI (Desc)'!G163=\"\",\"\",INDEX([1]OWNER!$A$2:$A$100,MATCH('AVI (Desc)'!$G163,[1]!MASTER_OWNER_DESC[#Data],0),0))","v":""},{"$f":"IF('AVI (Desc)'!H163=\"\",\"\",INDEX([1]COUNTY!$A$2:$A$80,MATCH('AVI (Desc)'!H163,[1]!MASTER_COUNTY_NAME[#Data],0),0))","v":""},{"$f":"IF('AVI (Desc)'!I163=\"\",\"\",'AVI (Desc)'!I163)","v":""},{"$f":"IF('AVI (Desc)'!J163=\"\",\"\",INDEX([1]AVI_SENSOR_TYPE!$A$2:$A$7,MATCH('AVI (Desc)'!J163,[1]!MASTER_AVI_SENSOR_TYPE_DESC,0),0))","v":""}]
[{"$f":"IF('AVI (Desc)'!A164=\"\",\"\",'AVI (Desc)'!A164)","v":""},{"$f":"IF('AVI (Desc)'!B164=\"\",\"\",'AVI (Desc)'!B164)","v":""},{"$f":"IF('AVI (Desc)'!C164=\"\",\"\",'AVI (Desc)'!C164)","v":""},{"$f":"IF('AVI (Desc)'!D164=\"\",\"\",INDEX([1]ASSET_ID_SOURCE!$A$2:$A$50,MATCH('AVI (Desc)'!D164,[1]!MASTER_ASSET_ID_SOURCE_DESC,0),0))","v":""},{"$f":"IF('AVI (Desc)'!E164=\"\",\"\",'AVI (Desc)'!E164)","v":""},{"$f":"IF('AVI (Desc)'!F164=\"\",\"\",'AVI (Desc)'!F164)","v":""},{"$f":"IF('AVI (Desc)'!G164=\"\",\"\",INDEX([1]OWNER!$A$2:$A$100,MATCH('AVI (Desc)'!$G164,[1]!MASTER_OWNER_DESC[#Data],0),0))","v":""},{"$f":"IF('AVI (Desc)'!H164=\"\",\"\",INDEX([1]COUNTY!$A$2:$A$80,MATCH('AVI (Desc)'!H164,[1]!MASTER_COUNTY_NAME[#Data],0),0))","v":""},{"$f":"IF('AVI (Desc)'!I164=\"\",\"\",'AVI (Desc)'!I164)","v":""},{"$f":"IF('AVI (Desc)'!J164=\"\",\"\",INDEX([1]AVI_SENSOR_TYPE!$A$2:$A$7,MATCH('AVI (Desc)'!J164,[1]!MASTER_AVI_SENSOR_TYPE_DESC,0),0))","v":""}]
[{"$f":"IF('AVI (Desc)'!A165=\"\",\"\",'AVI (Desc)'!A165)","v":""},{"$f":"IF('AVI (Desc)'!B165=\"\",\"\",'AVI (Desc)'!B165)","v":""},{"$f":"IF('AVI (Desc)'!C165=\"\",\"\",'AVI (Desc)'!C165)","v":""},{"$f":"IF('AVI (Desc)'!D165=\"\",\"\",INDEX([1]ASSET_ID_SOURCE!$A$2:$A$50,MATCH('AVI (Desc)'!D165,[1]!MASTER_ASSET_ID_SOURCE_DESC,0),0))","v":""},{"$f":"IF('AVI (Desc)'!E165=\"\",\"\",'AVI (Desc)'!E165)","v":""},{"$f":"IF('AVI (Desc)'!F165=\"\",\"\",'AVI (Desc)'!F165)","v":""},{"$f":"IF('AVI (Desc)'!G165=\"\",\"\",INDEX([1]OWNER!$A$2:$A$100,MATCH('AVI (Desc)'!$G165,[1]!MASTER_OWNER_DESC[#Data],0),0))","v":""},{"$f":"IF('AVI (Desc)'!H165=\"\",\"\",INDEX([1]COUNTY!$A$2:$A$80,MATCH('AVI (Desc)'!H165,[1]!MASTER_COUNTY_NAME[#Data],0),0))","v":""},{"$f":"IF('AVI (Desc)'!I165=\"\",\"\",'AVI (Desc)'!I165)","v":""},{"$f":"IF('AVI (Desc)'!J165=\"\",\"\",INDEX([1]AVI_SENSOR_TYPE!$A$2:$A$7,MATCH('AVI (Desc)'!J165,[1]!MASTER_AVI_SENSOR_TYPE_DESC,0),0))","v":""}]
[{"$f":"IF('AVI (Desc)'!A166=\"\",\"\",'AVI (Desc)'!A166)","v":""},{"$f":"IF('AVI (Desc)'!B166=\"\",\"\",'AVI (Desc)'!B166)","v":""},{"$f":"IF('AVI (Desc)'!C166=\"\",\"\",'AVI (Desc)'!C166)","v":""},{"$f":"IF('AVI (Desc)'!D166=\"\",\"\",INDEX([1]ASSET_ID_SOURCE!$A$2:$A$50,MATCH('AVI (Desc)'!D166,[1]!MASTER_ASSET_ID_SOURCE_DESC,0),0))","v":""},{"$f":"IF('AVI (Desc)'!E166=\"\",\"\",'AVI (Desc)'!E166)","v":""},{"$f":"IF('AVI (Desc)'!F166=\"\",\"\",'AVI (Desc)'!F166)","v":""},{"$f":"IF('AVI (Desc)'!G166=\"\",\"\",INDEX([1]OWNER!$A$2:$A$100,MATCH('AVI (Desc)'!$G166,[1]!MASTER_OWNER_DESC[#Data],0),0))","v":""},{"$f":"IF('AVI (Desc)'!H166=\"\",\"\",INDEX([1]COUNTY!$A$2:$A$80,MATCH('AVI (Desc)'!H166,[1]!MASTER_COUNTY_NAME[#Data],0),0))","v":""},{"$f":"IF('AVI (Desc)'!I166=\"\",\"\",'AVI (Desc)'!I166)","v":""},{"$f":"IF('AVI (Desc)'!J166=\"\",\"\",INDEX([1]AVI_SENSOR_TYPE!$A$2:$A$7,MATCH('AVI (Desc)'!J166,[1]!MASTER_AVI_SENSOR_TYPE_DESC,0),0))","v":""}]
[{"$f":"IF('AVI (Desc)'!A167=\"\",\"\",'AVI (Desc)'!A167)","v":""},{"$f":"IF('AVI (Desc)'!B167=\"\",\"\",'AVI (Desc)'!B167)","v":""},{"$f":"IF('AVI (Desc)'!C167=\"\",\"\",'AVI (Desc)'!C167)","v":""},{"$f":"IF('AVI (Desc)'!D167=\"\",\"\",INDEX([1]ASSET_ID_SOURCE!$A$2:$A$50,MATCH('AVI (Desc)'!D167,[1]!MASTER_ASSET_ID_SOURCE_DESC,0),0))","v":""},{"$f":"IF('AVI (Desc)'!E167=\"\",\"\",'AVI (Desc)'!E167)","v":""},{"$f":"IF('AVI (Desc)'!F167=\"\",\"\",'AVI (Desc)'!F167)","v":""},{"$f":"IF('AVI (Desc)'!G167=\"\",\"\",INDEX([1]OWNER!$A$2:$A$100,MATCH('AVI (Desc)'!$G167,[1]!MASTER_OWNER_DESC[#Data],0),0))","v":""},{"$f":"IF('AVI (Desc)'!H167=\"\",\"\",INDEX([1]COUNTY!$A$2:$A$80,MATCH('AVI (Desc)'!H167,[1]!MASTER_COUNTY_NAME[#Data],0),0))","v":""},{"$f":"IF('AVI (Desc)'!I167=\"\",\"\",'AVI (Desc)'!I167)","v":""},{"$f":"IF('AVI (Desc)'!J167=\"\",\"\",INDEX([1]AVI_SENSOR_TYPE!$A$2:$A$7,MATCH('AVI (Desc)'!J167,[1]!MASTER_AVI_SENSOR_TYPE_DESC,0),0))","v":""}]
[{"$f":"IF('AVI (Desc)'!A168=\"\",\"\",'AVI (Desc)'!A168)","v":""},{"$f":"IF('AVI (Desc)'!B168=\"\",\"\",'AVI (Desc)'!B168)","v":""},{"$f":"IF('AVI (Desc)'!C168=\"\",\"\",'AVI (Desc)'!C168)","v":""},{"$f":"IF('AVI (Desc)'!D168=\"\",\"\",INDEX([1]ASSET_ID_SOURCE!$A$2:$A$50,MATCH('AVI (Desc)'!D168,[1]!MASTER_ASSET_ID_SOURCE_DESC,0),0))","v":""},{"$f":"IF('AVI (Desc)'!E168=\"\",\"\",'AVI (Desc)'!E168)","v":""},{"$f":"IF('AVI (Desc)'!F168=\"\",\"\",'AVI (Desc)'!F168)","v":""},{"$f":"IF('AVI (Desc)'!G168=\"\",\"\",INDEX([1]OWNER!$A$2:$A$100,MATCH('AVI (Desc)'!$G168,[1]!MASTER_OWNER_DESC[#Data],0),0))","v":""},{"$f":"IF('AVI (Desc)'!H168=\"\",\"\",INDEX([1]COUNTY!$A$2:$A$80,MATCH('AVI (Desc)'!H168,[1]!MASTER_COUNTY_NAME[#Data],0),0))","v":""},{"$f":"IF('AVI (Desc)'!I168=\"\",\"\",'AVI (Desc)'!I168)","v":""},{"$f":"IF('AVI (Desc)'!J168=\"\",\"\",INDEX([1]AVI_SENSOR_TYPE!$A$2:$A$7,MATCH('AVI (Desc)'!J168,[1]!MASTER_AVI_SENSOR_TYPE_DESC,0),0))","v":""}]
[{"$f":"IF('AVI (Desc)'!A169=\"\",\"\",'AVI (Desc)'!A169)","v":""},{"$f":"IF('AVI (Desc)'!B169=\"\",\"\",'AVI (Desc)'!B169)","v":""},{"$f":"IF('AVI (Desc)'!C169=\"\",\"\",'AVI (Desc)'!C169)","v":""},{"$f":"IF('AVI (Desc)'!D169=\"\",\"\",INDEX([1]ASSET_ID_SOURCE!$A$2:$A$50,MATCH('AVI (Desc)'!D169,[1]!MASTER_ASSET_ID_SOURCE_DESC,0),0))","v":""},{"$f":"IF('AVI (Desc)'!E169=\"\",\"\",'AVI (Desc)'!E169)","v":""},{"$f":"IF('AVI (Desc)'!F169=\"\",\"\",'AVI (Desc)'!F169)","v":""},{"$f":"IF('AVI (Desc)'!G169=\"\",\"\",INDEX([1]OWNER!$A$2:$A$100,MATCH('AVI (Desc)'!$G169,[1]!MASTER_OWNER_DESC[#Data],0),0))","v":""},{"$f":"IF('AVI (Desc)'!H169=\"\",\"\",INDEX([1]COUNTY!$A$2:$A$80,MATCH('AVI (Desc)'!H169,[1]!MASTER_COUNTY_NAME[#Data],0),0))","v":""},{"$f":"IF('AVI (Desc)'!I169=\"\",\"\",'AVI (Desc)'!I169)","v":""},{"$f":"IF('AVI (Desc)'!J169=\"\",\"\",INDEX([1]AVI_SENSOR_TYPE!$A$2:$A$7,MATCH('AVI (Desc)'!J169,[1]!MASTER_AVI_SENSOR_TYPE_DESC,0),0))","v":""}]
[{"$f":"IF('AVI (Desc)'!A170=\"\",\"\",'AVI (Desc)'!A170)","v":""},{"$f":"IF('AVI (Desc)'!B170=\"\",\"\",'AVI (Desc)'!B170)","v":""},{"$f":"IF('AVI (Desc)'!C170=\"\",\"\",'AVI (Desc)'!C170)","v":""},{"$f":"IF('AVI (Desc)'!D170=\"\",\"\",INDEX([1]ASSET_ID_SOURCE!$A$2:$A$50,MATCH('AVI (Desc)'!D170,[1]!MASTER_ASSET_ID_SOURCE_DESC,0),0))","v":""},{"$f":"IF('AVI (Desc)'!E170=\"\",\"\",'AVI (Desc)'!E170)","v":""},{"$f":"IF('AVI (Desc)'!F170=\"\",\"\",'AVI (Desc)'!F170)","v":""},{"$f":"IF('AVI (Desc)'!G170=\"\",\"\",INDEX([1]OWNER!$A$2:$A$100,MATCH('AVI (Desc)'!$G170,[1]!MASTER_OWNER_DESC[#Data],0),0))","v":""},{"$f":"IF('AVI (Desc)'!H170=\"\",\"\",INDEX([1]COUNTY!$A$2:$A$80,MATCH('AVI (Desc)'!H170,[1]!MASTER_COUNTY_NAME[#Data],0),0))","v":""},{"$f":"IF('AVI (Desc)'!I170=\"\",\"\",'AVI (Desc)'!I170)","v":""},{"$f":"IF('AVI (Desc)'!J170=\"\",\"\",INDEX([1]AVI_SENSOR_TYPE!$A$2:$A$7,MATCH('AVI (Desc)'!J170,[1]!MASTER_AVI_SENSOR_TYPE_DESC,0),0))","v":""}]
[{"$f":"IF('AVI (Desc)'!A171=\"\",\"\",'AVI (Desc)'!A171)","v":""},{"$f":"IF('AVI (Desc)'!B171=\"\",\"\",'AVI (Desc)'!B171)","v":""},{"$f":"IF('AVI (Desc)'!C171=\"\",\"\",'AVI (Desc)'!C171)","v":""},{"$f":"IF('AVI (Desc)'!D171=\"\",\"\",INDEX([1]ASSET_ID_SOURCE!$A$2:$A$50,MATCH('AVI (Desc)'!D171,[1]!MASTER_ASSET_ID_SOURCE_DESC,0),0))","v":""},{"$f":"IF('AVI (Desc)'!E171=\"\",\"\",'AVI (Desc)'!E171)","v":""},{"$f":"IF('AVI (Desc)'!F171=\"\",\"\",'AVI (Desc)'!F171)","v":""},{"$f":"IF('AVI (Desc)'!G171=\"\",\"\",INDEX([1]OWNER!$A$2:$A$100,MATCH('AVI (Desc)'!$G171,[1]!MASTER_OWNER_DESC[#Data],0),0))","v":""},{"$f":"IF('AVI (Desc)'!H171=\"\",\"\",INDEX([1]COUNTY!$A$2:$A$80,MATCH('AVI (Desc)'!H171,[1]!MASTER_COUNTY_NAME[#Data],0),0))","v":""},{"$f":"IF('AVI (Desc)'!I171=\"\",\"\",'AVI (Desc)'!I171)","v":""},{"$f":"IF('AVI (Desc)'!J171=\"\",\"\",INDEX([1]AVI_SENSOR_TYPE!$A$2:$A$7,MATCH('AVI (Desc)'!J171,[1]!MASTER_AVI_SENSOR_TYPE_DESC,0),0))","v":""}]
[{"$f":"IF('AVI (Desc)'!A172=\"\",\"\",'AVI (Desc)'!A172)","v":""},{"$f":"IF('AVI (Desc)'!B172=\"\",\"\",'AVI (Desc)'!B172)","v":""},{"$f":"IF('AVI (Desc)'!C172=\"\",\"\",'AVI (Desc)'!C172)","v":""},{"$f":"IF('AVI (Desc)'!D172=\"\",\"\",INDEX([1]ASSET_ID_SOURCE!$A$2:$A$50,MATCH('AVI (Desc)'!D172,[1]!MASTER_ASSET_ID_SOURCE_DESC,0),0))","v":""},{"$f":"IF('AVI (Desc)'!E172=\"\",\"\",'AVI (Desc)'!E172)","v":""},{"$f":"IF('AVI (Desc)'!F172=\"\",\"\",'AVI (Desc)'!F172)","v":""},{"$f":"IF('AVI (Desc)'!G172=\"\",\"\",INDEX([1]OWNER!$A$2:$A$100,MATCH('AVI (Desc)'!$G172,[1]!MASTER_OWNER_DESC[#Data],0),0))","v":""},{"$f":"IF('AVI (Desc)'!H172=\"\",\"\",INDEX([1]COUNTY!$A$2:$A$80,MATCH('AVI (Desc)'!H172,[1]!MASTER_COUNTY_NAME[#Data],0),0))","v":""},{"$f":"IF('AVI (Desc)'!I172=\"\",\"\",'AVI (Desc)'!I172)","v":""},{"$f":"IF('AVI (Desc)'!J172=\"\",\"\",INDEX([1]AVI_SENSOR_TYPE!$A$2:$A$7,MATCH('AVI (Desc)'!J172,[1]!MASTER_AVI_SENSOR_TYPE_DESC,0),0))","v":""}]
[{"$f":"IF('AVI (Desc)'!A173=\"\",\"\",'AVI (Desc)'!A173)","v":""},{"$f":"IF('AVI (Desc)'!B173=\"\",\"\",'AVI (Desc)'!B173)","v":""},{"$f":"IF('AVI (Desc)'!C173=\"\",\"\",'AVI (Desc)'!C173)","v":""},{"$f":"IF('AVI (Desc)'!D173=\"\",\"\",INDEX([1]ASSET_ID_SOURCE!$A$2:$A$50,MATCH('AVI (Desc)'!D173,[1]!MASTER_ASSET_ID_SOURCE_DESC,0),0))","v":""},{"$f":"IF('AVI (Desc)'!E173=\"\",\"\",'AVI (Desc)'!E173)","v":""},{"$f":"IF('AVI (Desc)'!F173=\"\",\"\",'AVI (Desc)'!F173)","v":""},{"$f":"IF('AVI (Desc)'!G173=\"\",\"\",INDEX([1]OWNER!$A$2:$A$100,MATCH('AVI (Desc)'!$G173,[1]!MASTER_OWNER_DESC[#Data],0),0))","v":""},{"$f":"IF('AVI (Desc)'!H173=\"\",\"\",INDEX([1]COUNTY!$A$2:$A$80,MATCH('AVI (Desc)'!H173,[1]!MASTER_COUNTY_NAME[#Data],0),0))","v":""},{"$f":"IF('AVI (Desc)'!I173=\"\",\"\",'AVI (Desc)'!I173)","v":""},{"$f":"IF('AVI (Desc)'!J173=\"\",\"\",INDEX([1]AVI_SENSOR_TYPE!$A$2:$A$7,MATCH('AVI (Desc)'!J173,[1]!MASTER_AVI_SENSOR_TYPE_DESC,0),0))","v":""}]
[{"$f":"IF('AVI (Desc)'!A174=\"\",\"\",'AVI (Desc)'!A174)","v":""},{"$f":"IF('AVI (Desc)'!B174=\"\",\"\",'AVI (Desc)'!B174)","v":""},{"$f":"IF('AVI (Desc)'!C174=\"\",\"\",'AVI (Desc)'!C174)","v":""},{"$f":"IF('AVI (Desc)'!D174=\"\",\"\",INDEX([1]ASSET_ID_SOURCE!$A$2:$A$50,MATCH('AVI (Desc)'!D174,[1]!MASTER_ASSET_ID_SOURCE_DESC,0),0))","v":""},{"$f":"IF('AVI (Desc)'!E174=\"\",\"\",'AVI (Desc)'!E174)","v":""},{"$f":"IF('AVI (Desc)'!F174=\"\",\"\",'AVI (Desc)'!F174)","v":""},{"$f":"IF('AVI (Desc)'!G174=\"\",\"\",INDEX([1]OWNER!$A$2:$A$100,MATCH('AVI (Desc)'!$G174,[1]!MASTER_OWNER_DESC[#Data],0),0))","v":""},{"$f":"IF('AVI (Desc)'!H174=\"\",\"\",INDEX([1]COUNTY!$A$2:$A$80,MATCH('AVI (Desc)'!H174,[1]!MASTER_COUNTY_NAME[#Data],0),0))","v":""},{"$f":"IF('AVI (Desc)'!I174=\"\",\"\",'AVI (Desc)'!I174)","v":""},{"$f":"IF('AVI (Desc)'!J174=\"\",\"\",INDEX([1]AVI_SENSOR_TYPE!$A$2:$A$7,MATCH('AVI (Desc)'!J174,[1]!MASTER_AVI_SENSOR_TYPE_DESC,0),0))","v":""}]
[{"$f":"IF('AVI (Desc)'!A175=\"\",\"\",'AVI (Desc)'!A175)","v":""},{"$f":"IF('AVI (Desc)'!B175=\"\",\"\",'AVI (Desc)'!B175)","v":""},{"$f":"IF('AVI (Desc)'!C175=\"\",\"\",'AVI (Desc)'!C175)","v":""},{"$f":"IF('AVI (Desc)'!D175=\"\",\"\",INDEX([1]ASSET_ID_SOURCE!$A$2:$A$50,MATCH('AVI (Desc)'!D175,[1]!MASTER_ASSET_ID_SOURCE_DESC,0),0))","v":""},{"$f":"IF('AVI (Desc)'!E175=\"\",\"\",'AVI (Desc)'!E175)","v":""},{"$f":"IF('AVI (Desc)'!F175=\"\",\"\",'AVI (Desc)'!F175)","v":""},{"$f":"IF('AVI (Desc)'!G175=\"\",\"\",INDEX([1]OWNER!$A$2:$A$100,MATCH('AVI (Desc)'!$G175,[1]!MASTER_OWNER_DESC[#Data],0),0))","v":""},{"$f":"IF('AVI (Desc)'!H175=\"\",\"\",INDEX([1]COUNTY!$A$2:$A$80,MATCH('AVI (Desc)'!H175,[1]!MASTER_COUNTY_NAME[#Data],0),0))","v":""},{"$f":"IF('AVI (Desc)'!I175=\"\",\"\",'AVI (Desc)'!I175)","v":""},{"$f":"IF('AVI (Desc)'!J175=\"\",\"\",INDEX([1]AVI_SENSOR_TYPE!$A$2:$A$7,MATCH('AVI (Desc)'!J175,[1]!MASTER_AVI_SENSOR_TYPE_DESC,0),0))","v":""}]
[{"$f":"IF('AVI (Desc)'!A176=\"\",\"\",'AVI (Desc)'!A176)","v":""},{"$f":"IF('AVI (Desc)'!B176=\"\",\"\",'AVI (Desc)'!B176)","v":""},{"$f":"IF('AVI (Desc)'!C176=\"\",\"\",'AVI (Desc)'!C176)","v":""},{"$f":"IF('AVI (Desc)'!D176=\"\",\"\",INDEX([1]ASSET_ID_SOURCE!$A$2:$A$50,MATCH('AVI (Desc)'!D176,[1]!MASTER_ASSET_ID_SOURCE_DESC,0),0))","v":""},{"$f":"IF('AVI (Desc)'!E176=\"\",\"\",'AVI (Desc)'!E176)","v":""},{"$f":"IF('AVI (Desc)'!F176=\"\",\"\",'AVI (Desc)'!F176)","v":""},{"$f":"IF('AVI (Desc)'!G176=\"\",\"\",INDEX([1]OWNER!$A$2:$A$100,MATCH('AVI (Desc)'!$G176,[1]!MASTER_OWNER_DESC[#Data],0),0))","v":""},{"$f":"IF('AVI (Desc)'!H176=\"\",\"\",INDEX([1]COUNTY!$A$2:$A$80,MATCH('AVI (Desc)'!H176,[1]!MASTER_COUNTY_NAME[#Data],0),0))","v":""},{"$f":"IF('AVI (Desc)'!I176=\"\",\"\",'AVI (Desc)'!I176)","v":""},{"$f":"IF('AVI (Desc)'!J176=\"\",\"\",INDEX([1]AVI_SENSOR_TYPE!$A$2:$A$7,MATCH('AVI (Desc)'!J176,[1]!MASTER_AVI_SENSOR_TYPE_DESC,0),0))","v":""}]
[{"$f":"IF('AVI (Desc)'!A177=\"\",\"\",'AVI (Desc)'!A177)","v":""},{"$f":"IF('AVI (Desc)'!B177=\"\",\"\",'AVI (Desc)'!B177)","v":""},{"$f":"IF('AVI (Desc)'!C177=\"\",\"\",'AVI (Desc)'!C177)","v":""},{"$f":"IF('AVI (Desc)'!D177=\"\",\"\",INDEX([1]ASSET_ID_SOURCE!$A$2:$A$50,MATCH('AVI (Desc)'!D177,[1]!MASTER_ASSET_ID_SOURCE_DESC,0),0))","v":""},{"$f":"IF('AVI (Desc)'!E177=\"\",\"\",'AVI (Desc)'!E177)","v":""},{"$f":"IF('AVI (Desc)'!F177=\"\",\"\",'AVI (Desc)'!F177)","v":""},{"$f":"IF('AVI (Desc)'!G177=\"\",\"\",INDEX([1]OWNER!$A$2:$A$100,MATCH('AVI (Desc)'!$G177,[1]!MASTER_OWNER_DESC[#Data],0),0))","v":""},{"$f":"IF('AVI (Desc)'!H177=\"\",\"\",INDEX([1]COUNTY!$A$2:$A$80,MATCH('AVI (Desc)'!H177,[1]!MASTER_COUNTY_NAME[#Data],0),0))","v":""},{"$f":"IF('AVI (Desc)'!I177=\"\",\"\",'AVI (Desc)'!I177)","v":""},{"$f":"IF('AVI (Desc)'!J177=\"\",\"\",INDEX([1]AVI_SENSOR_TYPE!$A$2:$A$7,MATCH('AVI (Desc)'!J177,[1]!MASTER_AVI_SENSOR_TYPE_DESC,0),0))","v":""}]
[{"$f":"IF('AVI (Desc)'!A178=\"\",\"\",'AVI (Desc)'!A178)","v":""},{"$f":"IF('AVI (Desc)'!B178=\"\",\"\",'AVI (Desc)'!B178)","v":""},{"$f":"IF('AVI (Desc)'!C178=\"\",\"\",'AVI (Desc)'!C178)","v":""},{"$f":"IF('AVI (Desc)'!D178=\"\",\"\",INDEX([1]ASSET_ID_SOURCE!$A$2:$A$50,MATCH('AVI (Desc)'!D178,[1]!MASTER_ASSET_ID_SOURCE_DESC,0),0))","v":""},{"$f":"IF('AVI (Desc)'!E178=\"\",\"\",'AVI (Desc)'!E178)","v":""},{"$f":"IF('AVI (Desc)'!F178=\"\",\"\",'AVI (Desc)'!F178)","v":""},{"$f":"IF('AVI (Desc)'!G178=\"\",\"\",INDEX([1]OWNER!$A$2:$A$100,MATCH('AVI (Desc)'!$G178,[1]!MASTER_OWNER_DESC[#Data],0),0))","v":""},{"$f":"IF('AVI (Desc)'!H178=\"\",\"\",INDEX([1]COUNTY!$A$2:$A$80,MATCH('AVI (Desc)'!H178,[1]!MASTER_COUNTY_NAME[#Data],0),0))","v":""},{"$f":"IF('AVI (Desc)'!I178=\"\",\"\",'AVI (Desc)'!I178)","v":""},{"$f":"IF('AVI (Desc)'!J178=\"\",\"\",INDEX([1]AVI_SENSOR_TYPE!$A$2:$A$7,MATCH('AVI (Desc)'!J178,[1]!MASTER_AVI_SENSOR_TYPE_DESC,0),0))","v":""}]
[{"$f":"IF('AVI (Desc)'!A179=\"\",\"\",'AVI (Desc)'!A179)","v":""},{"$f":"IF('AVI (Desc)'!B179=\"\",\"\",'AVI (Desc)'!B179)","v":""},{"$f":"IF('AVI (Desc)'!C179=\"\",\"\",'AVI (Desc)'!C179)","v":""},{"$f":"IF('AVI (Desc)'!D179=\"\",\"\",INDEX([1]ASSET_ID_SOURCE!$A$2:$A$50,MATCH('AVI (Desc)'!D179,[1]!MASTER_ASSET_ID_SOURCE_DESC,0),0))","v":""},{"$f":"IF('AVI (Desc)'!E179=\"\",\"\",'AVI (Desc)'!E179)","v":""},{"$f":"IF('AVI (Desc)'!F179=\"\",\"\",'AVI (Desc)'!F179)","v":""},{"$f":"IF('AVI (Desc)'!G179=\"\",\"\",INDEX([1]OWNER!$A$2:$A$100,MATCH('AVI (Desc)'!$G179,[1]!MASTER_OWNER_DESC[#Data],0),0))","v":""},{"$f":"IF('AVI (Desc)'!H179=\"\",\"\",INDEX([1]COUNTY!$A$2:$A$80,MATCH('AVI (Desc)'!H179,[1]!MASTER_COUNTY_NAME[#Data],0),0))","v":""},{"$f":"IF('AVI (Desc)'!I179=\"\",\"\",'AVI (Desc)'!I179)","v":""},{"$f":"IF('AVI (Desc)'!J179=\"\",\"\",INDEX([1]AVI_SENSOR_TYPE!$A$2:$A$7,MATCH('AVI (Desc)'!J179,[1]!MASTER_AVI_SENSOR_TYPE_DESC,0),0))","v":""}]
[{"$f":"IF('AVI (Desc)'!A180=\"\",\"\",'AVI (Desc)'!A180)","v":""},{"$f":"IF('AVI (Desc)'!B180=\"\",\"\",'AVI (Desc)'!B180)","v":""},{"$f":"IF('AVI (Desc)'!C180=\"\",\"\",'AVI (Desc)'!C180)","v":""},{"$f":"IF('AVI (Desc)'!D180=\"\",\"\",INDEX([1]ASSET_ID_SOURCE!$A$2:$A$50,MATCH('AVI (Desc)'!D180,[1]!MASTER_ASSET_ID_SOURCE_DESC,0),0))","v":""},{"$f":"IF('AVI (Desc)'!E180=\"\",\"\",'AVI (Desc)'!E180)","v":""},{"$f":"IF('AVI (Desc)'!F180=\"\",\"\",'AVI (Desc)'!F180)","v":""},{"$f":"IF('AVI (Desc)'!G180=\"\",\"\",INDEX([1]OWNER!$A$2:$A$100,MATCH('AVI (Desc)'!$G180,[1]!MASTER_OWNER_DESC[#Data],0),0))","v":""},{"$f":"IF('AVI (Desc)'!H180=\"\",\"\",INDEX([1]COUNTY!$A$2:$A$80,MATCH('AVI (Desc)'!H180,[1]!MASTER_COUNTY_NAME[#Data],0),0))","v":""},{"$f":"IF('AVI (Desc)'!I180=\"\",\"\",'AVI (Desc)'!I180)","v":""},{"$f":"IF('AVI (Desc)'!J180=\"\",\"\",INDEX([1]AVI_SENSOR_TYPE!$A$2:$A$7,MATCH('AVI (Desc)'!J180,[1]!MASTER_AVI_SENSOR_TYPE_DESC,0),0))","v":""}]
[{"$f":"IF('AVI (Desc)'!A181=\"\",\"\",'AVI (Desc)'!A181)","v":""},{"$f":"IF('AVI (Desc)'!B181=\"\",\"\",'AVI (Desc)'!B181)","v":""},{"$f":"IF('AVI (Desc)'!C181=\"\",\"\",'AVI (Desc)'!C181)","v":""},{"$f":"IF('AVI (Desc)'!D181=\"\",\"\",INDEX([1]ASSET_ID_SOURCE!$A$2:$A$50,MATCH('AVI (Desc)'!D181,[1]!MASTER_ASSET_ID_SOURCE_DESC,0),0))","v":""},{"$f":"IF('AVI (Desc)'!E181=\"\",\"\",'AVI (Desc)'!E181)","v":""},{"$f":"IF('AVI (Desc)'!F181=\"\",\"\",'AVI (Desc)'!F181)","v":""},{"$f":"IF('AVI (Desc)'!G181=\"\",\"\",INDEX([1]OWNER!$A$2:$A$100,MATCH('AVI (Desc)'!$G181,[1]!MASTER_OWNER_DESC[#Data],0),0))","v":""},{"$f":"IF('AVI (Desc)'!H181=\"\",\"\",INDEX([1]COUNTY!$A$2:$A$80,MATCH('AVI (Desc)'!H181,[1]!MASTER_COUNTY_NAME[#Data],0),0))","v":""},{"$f":"IF('AVI (Desc)'!I181=\"\",\"\",'AVI (Desc)'!I181)","v":""},{"$f":"IF('AVI (Desc)'!J181=\"\",\"\",INDEX([1]AVI_SENSOR_TYPE!$A$2:$A$7,MATCH('AVI (Desc)'!J181,[1]!MASTER_AVI_SENSOR_TYPE_DESC,0),0))","v":""}]
[{"$f":"IF('AVI (Desc)'!A182=\"\",\"\",'AVI (Desc)'!A182)","v":""},{"$f":"IF('AVI (Desc)'!B182=\"\",\"\",'AVI (Desc)'!B182)","v":""},{"$f":"IF('AVI (Desc)'!C182=\"\",\"\",'AVI (Desc)'!C182)","v":""},{"$f":"IF('AVI (Desc)'!D182=\"\",\"\",INDEX([1]ASSET_ID_SOURCE!$A$2:$A$50,MATCH('AVI (Desc)'!D182,[1]!MASTER_ASSET_ID_SOURCE_DESC,0),0))","v":""},{"$f":"IF('AVI (Desc)'!E182=\"\",\"\",'AVI (Desc)'!E182)","v":""},{"$f":"IF('AVI (Desc)'!F182=\"\",\"\",'AVI (Desc)'!F182)","v":""},{"$f":"IF('AVI (Desc)'!G182=\"\",\"\",INDEX([1]OWNER!$A$2:$A$100,MATCH('AVI (Desc)'!$G182,[1]!MASTER_OWNER_DESC[#Data],0),0))","v":""},{"$f":"IF('AVI (Desc)'!H182=\"\",\"\",INDEX([1]COUNTY!$A$2:$A$80,MATCH('AVI (Desc)'!H182,[1]!MASTER_COUNTY_NAME[#Data],0),0))","v":""},{"$f":"IF('AVI (Desc)'!I182=\"\",\"\",'AVI (Desc)'!I182)","v":""},{"$f":"IF('AVI (Desc)'!J182=\"\",\"\",INDEX([1]AVI_SENSOR_TYPE!$A$2:$A$7,MATCH('AVI (Desc)'!J182,[1]!MASTER_AVI_SENSOR_TYPE_DESC,0),0))","v":""}]
[{"$f":"IF('AVI (Desc)'!A183=\"\",\"\",'AVI (Desc)'!A183)","v":""},{"$f":"IF('AVI (Desc)'!B183=\"\",\"\",'AVI (Desc)'!B183)","v":""},{"$f":"IF('AVI (Desc)'!C183=\"\",\"\",'AVI (Desc)'!C183)","v":""},{"$f":"IF('AVI (Desc)'!D183=\"\",\"\",INDEX([1]ASSET_ID_SOURCE!$A$2:$A$50,MATCH('AVI (Desc)'!D183,[1]!MASTER_ASSET_ID_SOURCE_DESC,0),0))","v":""},{"$f":"IF('AVI (Desc)'!E183=\"\",\"\",'AVI (Desc)'!E183)","v":""},{"$f":"IF('AVI (Desc)'!F183=\"\",\"\",'AVI (Desc)'!F183)","v":""},{"$f":"IF('AVI (Desc)'!G183=\"\",\"\",INDEX([1]OWNER!$A$2:$A$100,MATCH('AVI (Desc)'!$G183,[1]!MASTER_OWNER_DESC[#Data],0),0))","v":""},{"$f":"IF('AVI (Desc)'!H183=\"\",\"\",INDEX([1]COUNTY!$A$2:$A$80,MATCH('AVI (Desc)'!H183,[1]!MASTER_COUNTY_NAME[#Data],0),0))","v":""},{"$f":"IF('AVI (Desc)'!I183=\"\",\"\",'AVI (Desc)'!I183)","v":""},{"$f":"IF('AVI (Desc)'!J183=\"\",\"\",INDEX([1]AVI_SENSOR_TYPE!$A$2:$A$7,MATCH('AVI (Desc)'!J183,[1]!MASTER_AVI_SENSOR_TYPE_DESC,0),0))","v":""}]
[{"$f":"IF('AVI (Desc)'!A184=\"\",\"\",'AVI (Desc)'!A184)","v":""},{"$f":"IF('AVI (Desc)'!B184=\"\",\"\",'AVI (Desc)'!B184)","v":""},{"$f":"IF('AVI (Desc)'!C184=\"\",\"\",'AVI (Desc)'!C184)","v":""},{"$f":"IF('AVI (Desc)'!D184=\"\",\"\",INDEX([1]ASSET_ID_SOURCE!$A$2:$A$50,MATCH('AVI (Desc)'!D184,[1]!MASTER_ASSET_ID_SOURCE_DESC,0),0))","v":""},{"$f":"IF('AVI (Desc)'!E184=\"\",\"\",'AVI (Desc)'!E184)","v":""},{"$f":"IF('AVI (Desc)'!F184=\"\",\"\",'AVI (Desc)'!F184)","v":""},{"$f":"IF('AVI (Desc)'!G184=\"\",\"\",INDEX([1]OWNER!$A$2:$A$100,MATCH('AVI (Desc)'!$G184,[1]!MASTER_OWNER_DESC[#Data],0),0))","v":""},{"$f":"IF('AVI (Desc)'!H184=\"\",\"\",INDEX([1]COUNTY!$A$2:$A$80,MATCH('AVI (Desc)'!H184,[1]!MASTER_COUNTY_NAME[#Data],0),0))","v":""},{"$f":"IF('AVI (Desc)'!I184=\"\",\"\",'AVI (Desc)'!I184)","v":""},{"$f":"IF('AVI (Desc)'!J184=\"\",\"\",INDEX([1]AVI_SENSOR_TYPE!$A$2:$A$7,MATCH('AVI (Desc)'!J184,[1]!MASTER_AVI_SENSOR_TYPE_DESC,0),0))","v":""}]
[{"$f":"IF('AVI (Desc)'!A185=\"\",\"\",'AVI (Desc)'!A185)","v":""},{"$f":"IF('AVI (Desc)'!B185=\"\",\"\",'AVI (Desc)'!B185)","v":""},{"$f":"IF('AVI (Desc)'!C185=\"\",\"\",'AVI (Desc)'!C185)","v":""},{"$f":"IF('AVI (Desc)'!D185=\"\",\"\",INDEX([1]ASSET_ID_SOURCE!$A$2:$A$50,MATCH('AVI (Desc)'!D185,[1]!MASTER_ASSET_ID_SOURCE_DESC,0),0))","v":""},{"$f":"IF('AVI (Desc)'!E185=\"\",\"\",'AVI (Desc)'!E185)","v":""},{"$f":"IF('AVI (Desc)'!F185=\"\",\"\",'AVI (Desc)'!F185)","v":""},{"$f":"IF('AVI (Desc)'!G185=\"\",\"\",INDEX([1]OWNER!$A$2:$A$100,MATCH('AVI (Desc)'!$G185,[1]!MASTER_OWNER_DESC[#Data],0),0))","v":""},{"$f":"IF('AVI (Desc)'!H185=\"\",\"\",INDEX([1]COUNTY!$A$2:$A$80,MATCH('AVI (Desc)'!H185,[1]!MASTER_COUNTY_NAME[#Data],0),0))","v":""},{"$f":"IF('AVI (Desc)'!I185=\"\",\"\",'AVI (Desc)'!I185)","v":""},{"$f":"IF('AVI (Desc)'!J185=\"\",\"\",INDEX([1]AVI_SENSOR_TYPE!$A$2:$A$7,MATCH('AVI (Desc)'!J185,[1]!MASTER_AVI_SENSOR_TYPE_DESC,0),0))","v":""}]
[{"$f":"IF('AVI (Desc)'!A186=\"\",\"\",'AVI (Desc)'!A186)","v":""},{"$f":"IF('AVI (Desc)'!B186=\"\",\"\",'AVI (Desc)'!B186)","v":""},{"$f":"IF('AVI (Desc)'!C186=\"\",\"\",'AVI (Desc)'!C186)","v":""},{"$f":"IF('AVI (Desc)'!D186=\"\",\"\",INDEX([1]ASSET_ID_SOURCE!$A$2:$A$50,MATCH('AVI (Desc)'!D186,[1]!MASTER_ASSET_ID_SOURCE_DESC,0),0))","v":""},{"$f":"IF('AVI (Desc)'!E186=\"\",\"\",'AVI (Desc)'!E186)","v":""},{"$f":"IF('AVI (Desc)'!F186=\"\",\"\",'AVI (Desc)'!F186)","v":""},{"$f":"IF('AVI (Desc)'!G186=\"\",\"\",INDEX([1]OWNER!$A$2:$A$100,MATCH('AVI (Desc)'!$G186,[1]!MASTER_OWNER_DESC[#Data],0),0))","v":""},{"$f":"IF('AVI (Desc)'!H186=\"\",\"\",INDEX([1]COUNTY!$A$2:$A$80,MATCH('AVI (Desc)'!H186,[1]!MASTER_COUNTY_NAME[#Data],0),0))","v":""},{"$f":"IF('AVI (Desc)'!I186=\"\",\"\",'AVI (Desc)'!I186)","v":""},{"$f":"IF('AVI (Desc)'!J186=\"\",\"\",INDEX([1]AVI_SENSOR_TYPE!$A$2:$A$7,MATCH('AVI (Desc)'!J186,[1]!MASTER_AVI_SENSOR_TYPE_DESC,0),0))","v":""}]
[{"$f":"IF('AVI (Desc)'!A187=\"\",\"\",'AVI (Desc)'!A187)","v":""},{"$f":"IF('AVI (Desc)'!B187=\"\",\"\",'AVI (Desc)'!B187)","v":""},{"$f":"IF('AVI (Desc)'!C187=\"\",\"\",'AVI (Desc)'!C187)","v":""},{"$f":"IF('AVI (Desc)'!D187=\"\",\"\",INDEX([1]ASSET_ID_SOURCE!$A$2:$A$50,MATCH('AVI (Desc)'!D187,[1]!MASTER_ASSET_ID_SOURCE_DESC,0),0))","v":""},{"$f":"IF('AVI (Desc)'!E187=\"\",\"\",'AVI (Desc)'!E187)","v":""},{"$f":"IF('AVI (Desc)'!F187=\"\",\"\",'AVI (Desc)'!F187)","v":""},{"$f":"IF('AVI (Desc)'!G187=\"\",\"\",INDEX([1]OWNER!$A$2:$A$100,MATCH('AVI (Desc)'!$G187,[1]!MASTER_OWNER_DESC[#Data],0),0))","v":""},{"$f":"IF('AVI (Desc)'!H187=\"\",\"\",INDEX([1]COUNTY!$A$2:$A$80,MATCH('AVI (Desc)'!H187,[1]!MASTER_COUNTY_NAME[#Data],0),0))","v":""},{"$f":"IF('AVI (Desc)'!I187=\"\",\"\",'AVI (Desc)'!I187)","v":""},{"$f":"IF('AVI (Desc)'!J187=\"\",\"\",INDEX([1]AVI_SENSOR_TYPE!$A$2:$A$7,MATCH('AVI (Desc)'!J187,[1]!MASTER_AVI_SENSOR_TYPE_DESC,0),0))","v":""}]
[{"$f":"IF('AVI (Desc)'!A188=\"\",\"\",'AVI (Desc)'!A188)","v":""},{"$f":"IF('AVI (Desc)'!B188=\"\",\"\",'AVI (Desc)'!B188)","v":""},{"$f":"IF('AVI (Desc)'!C188=\"\",\"\",'AVI (Desc)'!C188)","v":""},{"$f":"IF('AVI (Desc)'!D188=\"\",\"\",INDEX([1]ASSET_ID_SOURCE!$A$2:$A$50,MATCH('AVI (Desc)'!D188,[1]!MASTER_ASSET_ID_SOURCE_DESC,0),0))","v":""},{"$f":"IF('AVI (Desc)'!E188=\"\",\"\",'AVI (Desc)'!E188)","v":""},{"$f":"IF('AVI (Desc)'!F188=\"\",\"\",'AVI (Desc)'!F188)","v":""},{"$f":"IF('AVI (Desc)'!G188=\"\",\"\",INDEX([1]OWNER!$A$2:$A$100,MATCH('AVI (Desc)'!$G188,[1]!MASTER_OWNER_DESC[#Data],0),0))","v":""},{"$f":"IF('AVI (Desc)'!H188=\"\",\"\",INDEX([1]COUNTY!$A$2:$A$80,MATCH('AVI (Desc)'!H188,[1]!MASTER_COUNTY_NAME[#Data],0),0))","v":""},{"$f":"IF('AVI (Desc)'!I188=\"\",\"\",'AVI (Desc)'!I188)","v":""},{"$f":"IF('AVI (Desc)'!J188=\"\",\"\",INDEX([1]AVI_SENSOR_TYPE!$A$2:$A$7,MATCH('AVI (Desc)'!J188,[1]!MASTER_AVI_SENSOR_TYPE_DESC,0),0))","v":""}]
[{"$f":"IF('AVI (Desc)'!A189=\"\",\"\",'AVI (Desc)'!A189)","v":""},{"$f":"IF('AVI (Desc)'!B189=\"\",\"\",'AVI (Desc)'!B189)","v":""},{"$f":"IF('AVI (Desc)'!C189=\"\",\"\",'AVI (Desc)'!C189)","v":""},{"$f":"IF('AVI (Desc)'!D189=\"\",\"\",INDEX([1]ASSET_ID_SOURCE!$A$2:$A$50,MATCH('AVI (Desc)'!D189,[1]!MASTER_ASSET_ID_SOURCE_DESC,0),0))","v":""},{"$f":"IF('AVI (Desc)'!E189=\"\",\"\",'AVI (Desc)'!E189)","v":""},{"$f":"IF('AVI (Desc)'!F189=\"\",\"\",'AVI (Desc)'!F189)","v":""},{"$f":"IF('AVI (Desc)'!G189=\"\",\"\",INDEX([1]OWNER!$A$2:$A$100,MATCH('AVI (Desc)'!$G189,[1]!MASTER_OWNER_DESC[#Data],0),0))","v":""},{"$f":"IF('AVI (Desc)'!H189=\"\",\"\",INDEX([1]COUNTY!$A$2:$A$80,MATCH('AVI (Desc)'!H189,[1]!MASTER_COUNTY_NAME[#Data],0),0))","v":""},{"$f":"IF('AVI (Desc)'!I189=\"\",\"\",'AVI (Desc)'!I189)","v":""},{"$f":"IF('AVI (Desc)'!J189=\"\",\"\",INDEX([1]AVI_SENSOR_TYPE!$A$2:$A$7,MATCH('AVI (Desc)'!J189,[1]!MASTER_AVI_SENSOR_TYPE_DESC,0),0))","v":""}]
[{"$f":"IF('AVI (Desc)'!A190=\"\",\"\",'AVI (Desc)'!A190)","v":""},{"$f":"IF('AVI (Desc)'!B190=\"\",\"\",'AVI (Desc)'!B190)","v":""},{"$f":"IF('AVI (Desc)'!C190=\"\",\"\",'AVI (Desc)'!C190)","v":""},{"$f":"IF('AVI (Desc)'!D190=\"\",\"\",INDEX([1]ASSET_ID_SOURCE!$A$2:$A$50,MATCH('AVI (Desc)'!D190,[1]!MASTER_ASSET_ID_SOURCE_DESC,0),0))","v":""},{"$f":"IF('AVI (Desc)'!E190=\"\",\"\",'AVI (Desc)'!E190)","v":""},{"$f":"IF('AVI (Desc)'!F190=\"\",\"\",'AVI (Desc)'!F190)","v":""},{"$f":"IF('AVI (Desc)'!G190=\"\",\"\",INDEX([1]OWNER!$A$2:$A$100,MATCH('AVI (Desc)'!$G190,[1]!MASTER_OWNER_DESC[#Data],0),0))","v":""},{"$f":"IF('AVI (Desc)'!H190=\"\",\"\",INDEX([1]COUNTY!$A$2:$A$80,MATCH('AVI (Desc)'!H190,[1]!MASTER_COUNTY_NAME[#Data],0),0))","v":""},{"$f":"IF('AVI (Desc)'!I190=\"\",\"\",'AVI (Desc)'!I190)","v":""},{"$f":"IF('AVI (Desc)'!J190=\"\",\"\",INDEX([1]AVI_SENSOR_TYPE!$A$2:$A$7,MATCH('AVI (Desc)'!J190,[1]!MASTER_AVI_SENSOR_TYPE_DESC,0),0))","v":""}]
[{"$f":"IF('AVI (Desc)'!A191=\"\",\"\",'AVI (Desc)'!A191)","v":""},{"$f":"IF('AVI (Desc)'!B191=\"\",\"\",'AVI (Desc)'!B191)","v":""},{"$f":"IF('AVI (Desc)'!C191=\"\",\"\",'AVI (Desc)'!C191)","v":""},{"$f":"IF('AVI (Desc)'!D191=\"\",\"\",INDEX([1]ASSET_ID_SOURCE!$A$2:$A$50,MATCH('AVI (Desc)'!D191,[1]!MASTER_ASSET_ID_SOURCE_DESC,0),0))","v":""},{"$f":"IF('AVI (Desc)'!E191=\"\",\"\",'AVI (Desc)'!E191)","v":""},{"$f":"IF('AVI (Desc)'!F191=\"\",\"\",'AVI (Desc)'!F191)","v":""},{"$f":"IF('AVI (Desc)'!G191=\"\",\"\",INDEX([1]OWNER!$A$2:$A$100,MATCH('AVI (Desc)'!$G191,[1]!MASTER_OWNER_DESC[#Data],0),0))","v":""},{"$f":"IF('AVI (Desc)'!H191=\"\",\"\",INDEX([1]COUNTY!$A$2:$A$80,MATCH('AVI (Desc)'!H191,[1]!MASTER_COUNTY_NAME[#Data],0),0))","v":""},{"$f":"IF('AVI (Desc)'!I191=\"\",\"\",'AVI (Desc)'!I191)","v":""},{"$f":"IF('AVI (Desc)'!J191=\"\",\"\",INDEX([1]AVI_SENSOR_TYPE!$A$2:$A$7,MATCH('AVI (Desc)'!J191,[1]!MASTER_AVI_SENSOR_TYPE_DESC,0),0))","v":""}]
[{"$f":"IF('AVI (Desc)'!A192=\"\",\"\",'AVI (Desc)'!A192)","v":""},{"$f":"IF('AVI (Desc)'!B192=\"\",\"\",'AVI (Desc)'!B192)","v":""},{"$f":"IF('AVI (Desc)'!C192=\"\",\"\",'AVI (Desc)'!C192)","v":""},{"$f":"IF('AVI (Desc)'!D192=\"\",\"\",INDEX([1]ASSET_ID_SOURCE!$A$2:$A$50,MATCH('AVI (Desc)'!D192,[1]!MASTER_ASSET_ID_SOURCE_DESC,0),0))","v":""},{"$f":"IF('AVI (Desc)'!E192=\"\",\"\",'AVI (Desc)'!E192)","v":""},{"$f":"IF('AVI (Desc)'!F192=\"\",\"\",'AVI (Desc)'!F192)","v":""},{"$f":"IF('AVI (Desc)'!G192=\"\",\"\",INDEX([1]OWNER!$A$2:$A$100,MATCH('AVI (Desc)'!$G192,[1]!MASTER_OWNER_DESC[#Data],0),0))","v":""},{"$f":"IF('AVI (Desc)'!H192=\"\",\"\",INDEX([1]COUNTY!$A$2:$A$80,MATCH('AVI (Desc)'!H192,[1]!MASTER_COUNTY_NAME[#Data],0),0))","v":""},{"$f":"IF('AVI (Desc)'!I192=\"\",\"\",'AVI (Desc)'!I192)","v":""},{"$f":"IF('AVI (Desc)'!J192=\"\",\"\",INDEX([1]AVI_SENSOR_TYPE!$A$2:$A$7,MATCH('AVI (Desc)'!J192,[1]!MASTER_AVI_SENSOR_TYPE_DESC,0),0))","v":""}]
[{"$f":"IF('AVI (Desc)'!A193=\"\",\"\",'AVI (Desc)'!A193)","v":""},{"$f":"IF('AVI (Desc)'!B193=\"\",\"\",'AVI (Desc)'!B193)","v":""},{"$f":"IF('AVI (Desc)'!C193=\"\",\"\",'AVI (Desc)'!C193)","v":""},{"$f":"IF('AVI (Desc)'!D193=\"\",\"\",INDEX([1]ASSET_ID_SOURCE!$A$2:$A$50,MATCH('AVI (Desc)'!D193,[1]!MASTER_ASSET_ID_SOURCE_DESC,0),0))","v":""},{"$f":"IF('AVI (Desc)'!E193=\"\",\"\",'AVI (Desc)'!E193)","v":""},{"$f":"IF('AVI (Desc)'!F193=\"\",\"\",'AVI (Desc)'!F193)","v":""},{"$f":"IF('AVI (Desc)'!G193=\"\",\"\",INDEX([1]OWNER!$A$2:$A$100,MATCH('AVI (Desc)'!$G193,[1]!MASTER_OWNER_DESC[#Data],0),0))","v":""},{"$f":"IF('AVI (Desc)'!H193=\"\",\"\",INDEX([1]COUNTY!$A$2:$A$80,MATCH('AVI (Desc)'!H193,[1]!MASTER_COUNTY_NAME[#Data],0),0))","v":""},{"$f":"IF('AVI (Desc)'!I193=\"\",\"\",'AVI (Desc)'!I193)","v":""},{"$f":"IF('AVI (Desc)'!J193=\"\",\"\",INDEX([1]AVI_SENSOR_TYPE!$A$2:$A$7,MATCH('AVI (Desc)'!J193,[1]!MASTER_AVI_SENSOR_TYPE_DESC,0),0))","v":""}]
[{"$f":"IF('AVI (Desc)'!A194=\"\",\"\",'AVI (Desc)'!A194)","v":""},{"$f":"IF('AVI (Desc)'!B194=\"\",\"\",'AVI (Desc)'!B194)","v":""},{"$f":"IF('AVI (Desc)'!C194=\"\",\"\",'AVI (Desc)'!C194)","v":""},{"$f":"IF('AVI (Desc)'!D194=\"\",\"\",INDEX([1]ASSET_ID_SOURCE!$A$2:$A$50,MATCH('AVI (Desc)'!D194,[1]!MASTER_ASSET_ID_SOURCE_DESC,0),0))","v":""},{"$f":"IF('AVI (Desc)'!E194=\"\",\"\",'AVI (Desc)'!E194)","v":""},{"$f":"IF('AVI (Desc)'!F194=\"\",\"\",'AVI (Desc)'!F194)","v":""},{"$f":"IF('AVI (Desc)'!G194=\"\",\"\",INDEX([1]OWNER!$A$2:$A$100,MATCH('AVI (Desc)'!$G194,[1]!MASTER_OWNER_DESC[#Data],0),0))","v":""},{"$f":"IF('AVI (Desc)'!H194=\"\",\"\",INDEX([1]COUNTY!$A$2:$A$80,MATCH('AVI (Desc)'!H194,[1]!MASTER_COUNTY_NAME[#Data],0),0))","v":""},{"$f":"IF('AVI (Desc)'!I194=\"\",\"\",'AVI (Desc)'!I194)","v":""},{"$f":"IF('AVI (Desc)'!J194=\"\",\"\",INDEX([1]AVI_SENSOR_TYPE!$A$2:$A$7,MATCH('AVI (Desc)'!J194,[1]!MASTER_AVI_SENSOR_TYPE_DESC,0),0))","v":""}]
[{"$f":"IF('AVI (Desc)'!A195=\"\",\"\",'AVI (Desc)'!A195)","v":""},{"$f":"IF('AVI (Desc)'!B195=\"\",\"\",'AVI (Desc)'!B195)","v":""},{"$f":"IF('AVI (Desc)'!C195=\"\",\"\",'AVI (Desc)'!C195)","v":""},{"$f":"IF('AVI (Desc)'!D195=\"\",\"\",INDEX([1]ASSET_ID_SOURCE!$A$2:$A$50,MATCH('AVI (Desc)'!D195,[1]!MASTER_ASSET_ID_SOURCE_DESC,0),0))","v":""},{"$f":"IF('AVI (Desc)'!E195=\"\",\"\",'AVI (Desc)'!E195)","v":""},{"$f":"IF('AVI (Desc)'!F195=\"\",\"\",'AVI (Desc)'!F195)","v":""},{"$f":"IF('AVI (Desc)'!G195=\"\",\"\",INDEX([1]OWNER!$A$2:$A$100,MATCH('AVI (Desc)'!$G195,[1]!MASTER_OWNER_DESC[#Data],0),0))","v":""},{"$f":"IF('AVI (Desc)'!H195=\"\",\"\",INDEX([1]COUNTY!$A$2:$A$80,MATCH('AVI (Desc)'!H195,[1]!MASTER_COUNTY_NAME[#Data],0),0))","v":""},{"$f":"IF('AVI (Desc)'!I195=\"\",\"\",'AVI (Desc)'!I195)","v":""},{"$f":"IF('AVI (Desc)'!J195=\"\",\"\",INDEX([1]AVI_SENSOR_TYPE!$A$2:$A$7,MATCH('AVI (Desc)'!J195,[1]!MASTER_AVI_SENSOR_TYPE_DESC,0),0))","v":""}]
[{"$f":"IF('AVI (Desc)'!A196=\"\",\"\",'AVI (Desc)'!A196)","v":""},{"$f":"IF('AVI (Desc)'!B196=\"\",\"\",'AVI (Desc)'!B196)","v":""},{"$f":"IF('AVI (Desc)'!C196=\"\",\"\",'AVI (Desc)'!C196)","v":""},{"$f":"IF('AVI (Desc)'!D196=\"\",\"\",INDEX([1]ASSET_ID_SOURCE!$A$2:$A$50,MATCH('AVI (Desc)'!D196,[1]!MASTER_ASSET_ID_SOURCE_DESC,0),0))","v":""},{"$f":"IF('AVI (Desc)'!E196=\"\",\"\",'AVI (Desc)'!E196)","v":""},{"$f":"IF('AVI (Desc)'!F196=\"\",\"\",'AVI (Desc)'!F196)","v":""},{"$f":"IF('AVI (Desc)'!G196=\"\",\"\",INDEX([1]OWNER!$A$2:$A$100,MATCH('AVI (Desc)'!$G196,[1]!MASTER_OWNER_DESC[#Data],0),0))","v":""},{"$f":"IF('AVI (Desc)'!H196=\"\",\"\",INDEX([1]COUNTY!$A$2:$A$80,MATCH('AVI (Desc)'!H196,[1]!MASTER_COUNTY_NAME[#Data],0),0))","v":""},{"$f":"IF('AVI (Desc)'!I196=\"\",\"\",'AVI (Desc)'!I196)","v":""},{"$f":"IF('AVI (Desc)'!J196=\"\",\"\",INDEX([1]AVI_SENSOR_TYPE!$A$2:$A$7,MATCH('AVI (Desc)'!J196,[1]!MASTER_AVI_SENSOR_TYPE_DESC,0),0))","v":""}]
[{"$f":"IF('AVI (Desc)'!A197=\"\",\"\",'AVI (Desc)'!A197)","v":""},{"$f":"IF('AVI (Desc)'!B197=\"\",\"\",'AVI (Desc)'!B197)","v":""},{"$f":"IF('AVI (Desc)'!C197=\"\",\"\",'AVI (Desc)'!C197)","v":""},{"$f":"IF('AVI (Desc)'!D197=\"\",\"\",INDEX([1]ASSET_ID_SOURCE!$A$2:$A$50,MATCH('AVI (Desc)'!D197,[1]!MASTER_ASSET_ID_SOURCE_DESC,0),0))","v":""},{"$f":"IF('AVI (Desc)'!E197=\"\",\"\",'AVI (Desc)'!E197)","v":""},{"$f":"IF('AVI (Desc)'!F197=\"\",\"\",'AVI (Desc)'!F197)","v":""},{"$f":"IF('AVI (Desc)'!G197=\"\",\"\",INDEX([1]OWNER!$A$2:$A$100,MATCH('AVI (Desc)'!$G197,[1]!MASTER_OWNER_DESC[#Data],0),0))","v":""},{"$f":"IF('AVI (Desc)'!H197=\"\",\"\",INDEX([1]COUNTY!$A$2:$A$80,MATCH('AVI (Desc)'!H197,[1]!MASTER_COUNTY_NAME[#Data],0),0))","v":""},{"$f":"IF('AVI (Desc)'!I197=\"\",\"\",'AVI (Desc)'!I197)","v":""},{"$f":"IF('AVI (Desc)'!J197=\"\",\"\",INDEX([1]AVI_SENSOR_TYPE!$A$2:$A$7,MATCH('AVI (Desc)'!J197,[1]!MASTER_AVI_SENSOR_TYPE_DESC,0),0))","v":""}]
[{"$f":"IF('AVI (Desc)'!A198=\"\",\"\",'AVI (Desc)'!A198)","v":""},{"$f":"IF('AVI (Desc)'!B198=\"\",\"\",'AVI (Desc)'!B198)","v":""},{"$f":"IF('AVI (Desc)'!C198=\"\",\"\",'AVI (Desc)'!C198)","v":""},{"$f":"IF('AVI (Desc)'!D198=\"\",\"\",INDEX([1]ASSET_ID_SOURCE!$A$2:$A$50,MATCH('AVI (Desc)'!D198,[1]!MASTER_ASSET_ID_SOURCE_DESC,0),0))","v":""},{"$f":"IF('AVI (Desc)'!E198=\"\",\"\",'AVI (Desc)'!E198)","v":""},{"$f":"IF('AVI (Desc)'!F198=\"\",\"\",'AVI (Desc)'!F198)","v":""},{"$f":"IF('AVI (Desc)'!G198=\"\",\"\",INDEX([1]OWNER!$A$2:$A$100,MATCH('AVI (Desc)'!$G198,[1]!MASTER_OWNER_DESC[#Data],0),0))","v":""},{"$f":"IF('AVI (Desc)'!H198=\"\",\"\",INDEX([1]COUNTY!$A$2:$A$80,MATCH('AVI (Desc)'!H198,[1]!MASTER_COUNTY_NAME[#Data],0),0))","v":""},{"$f":"IF('AVI (Desc)'!I198=\"\",\"\",'AVI (Desc)'!I198)","v":""},{"$f":"IF('AVI (Desc)'!J198=\"\",\"\",INDEX([1]AVI_SENSOR_TYPE!$A$2:$A$7,MATCH('AVI (Desc)'!J198,[1]!MASTER_AVI_SENSOR_TYPE_DESC,0),0))","v":""}]
[{"$f":"IF('AVI (Desc)'!A199=\"\",\"\",'AVI (Desc)'!A199)","v":""},{"$f":"IF('AVI (Desc)'!B199=\"\",\"\",'AVI (Desc)'!B199)","v":""},{"$f":"IF('AVI (Desc)'!C199=\"\",\"\",'AVI (Desc)'!C199)","v":""},{"$f":"IF('AVI (Desc)'!D199=\"\",\"\",INDEX([1]ASSET_ID_SOURCE!$A$2:$A$50,MATCH('AVI (Desc)'!D199,[1]!MASTER_ASSET_ID_SOURCE_DESC,0),0))","v":""},{"$f":"IF('AVI (Desc)'!E199=\"\",\"\",'AVI (Desc)'!E199)","v":""},{"$f":"IF('AVI (Desc)'!F199=\"\",\"\",'AVI (Desc)'!F199)","v":""},{"$f":"IF('AVI (Desc)'!G199=\"\",\"\",INDEX([1]OWNER!$A$2:$A$100,MATCH('AVI (Desc)'!$G199,[1]!MASTER_OWNER_DESC[#Data],0),0))","v":""},{"$f":"IF('AVI (Desc)'!H199=\"\",\"\",INDEX([1]COUNTY!$A$2:$A$80,MATCH('AVI (Desc)'!H199,[1]!MASTER_COUNTY_NAME[#Data],0),0))","v":""},{"$f":"IF('AVI (Desc)'!I199=\"\",\"\",'AVI (Desc)'!I199)","v":""},{"$f":"IF('AVI (Desc)'!J199=\"\",\"\",INDEX([1]AVI_SENSOR_TYPE!$A$2:$A$7,MATCH('AVI (Desc)'!J199,[1]!MASTER_AVI_SENSOR_TYPE_DESC,0),0))","v":""}]
[{"$f":"IF('AVI (Desc)'!A200=\"\",\"\",'AVI (Desc)'!A200)","v":""},{"$f":"IF('AVI (Desc)'!B200=\"\",\"\",'AVI (Desc)'!B200)","v":""},{"$f":"IF('AVI (Desc)'!C200=\"\",\"\",'AVI (Desc)'!C200)","v":""},{"$f":"IF('AVI (Desc)'!D200=\"\",\"\",INDEX([1]ASSET_ID_SOURCE!$A$2:$A$50,MATCH('AVI (Desc)'!D200,[1]!MASTER_ASSET_ID_SOURCE_DESC,0),0))","v":""},{"$f":"IF('AVI (Desc)'!E200=\"\",\"\",'AVI (Desc)'!E200)","v":""},{"$f":"IF('AVI (Desc)'!F200=\"\",\"\",'AVI (Desc)'!F200)","v":""},{"$f":"IF('AVI (Desc)'!G200=\"\",\"\",INDEX([1]OWNER!$A$2:$A$100,MATCH('AVI (Desc)'!$G200,[1]!MASTER_OWNER_DESC[#Data],0),0))","v":""},{"$f":"IF('AVI (Desc)'!H200=\"\",\"\",INDEX([1]COUNTY!$A$2:$A$80,MATCH('AVI (Desc)'!H200,[1]!MASTER_COUNTY_NAME[#Data],0),0))","v":""},{"$f":"IF('AVI (Desc)'!I200=\"\",\"\",'AVI (Desc)'!I200)","v":""},{"$f":"IF('AVI (Desc)'!J200=\"\",\"\",INDEX([1]AVI_SENSOR_TYPE!$A$2:$A$7,MATCH('AVI (Desc)'!J200,[1]!MASTER_AVI_SENSOR_TYPE_DESC,0),0))","v":""}]
[{"$f":"IF('AVI (Desc)'!A201=\"\",\"\",'AVI (Desc)'!A201)","v":""},{"$f":"IF('AVI (Desc)'!B201=\"\",\"\",'AVI (Desc)'!B201)","v":""},{"$f":"IF('AVI (Desc)'!C201=\"\",\"\",'AVI (Desc)'!C201)","v":""},{"$f":"IF('AVI (Desc)'!D201=\"\",\"\",INDEX([1]ASSET_ID_SOURCE!$A$2:$A$50,MATCH('AVI (Desc)'!D201,[1]!MASTER_ASSET_ID_SOURCE_DESC,0),0))","v":""},{"$f":"IF('AVI (Desc)'!E201=\"\",\"\",'AVI (Desc)'!E201)","v":""},{"$f":"IF('AVI (Desc)'!F201=\"\",\"\",'AVI (Desc)'!F201)","v":""},{"$f":"IF('AVI (Desc)'!G201=\"\",\"\",INDEX([1]OWNER!$A$2:$A$100,MATCH('AVI (Desc)'!$G201,[1]!MASTER_OWNER_DESC[#Data],0),0))","v":""},{"$f":"IF('AVI (Desc)'!H201=\"\",\"\",INDEX([1]COUNTY!$A$2:$A$80,MATCH('AVI (Desc)'!H201,[1]!MASTER_COUNTY_NAME[#Data],0),0))","v":""},{"$f":"IF('AVI (Desc)'!I201=\"\",\"\",'AVI (Desc)'!I201)","v":""},{"$f":"IF('AVI (Desc)'!J201=\"\",\"\",INDEX([1]AVI_SENSOR_TYPE!$A$2:$A$7,MATCH('AVI (Desc)'!J201,[1]!MASTER_AVI_SENSOR_TYPE_DESC,0),0))","v":""}]
[{"$f":"IF('AVI (Desc)'!A202=\"\",\"\",'AVI (Desc)'!A202)","v":""},{"$f":"IF('AVI (Desc)'!B202=\"\",\"\",'AVI (Desc)'!B202)","v":""},{"$f":"IF('AVI (Desc)'!C202=\"\",\"\",'AVI (Desc)'!C202)","v":""},{"$f":"IF('AVI (Desc)'!D202=\"\",\"\",INDEX([1]ASSET_ID_SOURCE!$A$2:$A$50,MATCH('AVI (Desc)'!D202,[1]!MASTER_ASSET_ID_SOURCE_DESC,0),0))","v":""},{"$f":"IF('AVI (Desc)'!E202=\"\",\"\",'AVI (Desc)'!E202)","v":""},{"$f":"IF('AVI (Desc)'!F202=\"\",\"\",'AVI (Desc)'!F202)","v":""},{"$f":"IF('AVI (Desc)'!G202=\"\",\"\",INDEX([1]OWNER!$A$2:$A$100,MATCH('AVI (Desc)'!$G202,[1]!MASTER_OWNER_DESC[#Data],0),0))","v":""},{"$f":"IF('AVI (Desc)'!H202=\"\",\"\",INDEX([1]COUNTY!$A$2:$A$80,MATCH('AVI (Desc)'!H202,[1]!MASTER_COUNTY_NAME[#Data],0),0))","v":""},{"$f":"IF('AVI (Desc)'!I202=\"\",\"\",'AVI (Desc)'!I202)","v":""},{"$f":"IF('AVI (Desc)'!J202=\"\",\"\",INDEX([1]AVI_SENSOR_TYPE!$A$2:$A$7,MATCH('AVI (Desc)'!J202,[1]!MASTER_AVI_SENSOR_TYPE_DESC,0),0))","v":""}]

{"sheet":"AVI Antenna (Desc)","index":2,"n_rows":2,"n_cols":10,"rows_kept":2,"cut":false,"hidden":false,"merged":[]}
["Site Identification Name\nController/Reader Cabinet SIN","Device ID","Asset ID Number","Asset ID Source","Associated Controller/Reader","Antenna Type ","Manufacturer ","Model ","Travel Lane Number ","Travel Lane Direction "]
["This Field is for Reference Only\nDO NOT IMPORT","EQUIP_LOC_ID\nREQUIRED FIELD","ASSET_ID","ASSET_ID_SOURCE","ASSOC_READER_ID","ANTENNA_TYPE_CD ","ANTENNA_MANUF_CD ","ANTENNA _MODEL_CD ","LANE_COVERAGE_CD ","LANE_DIRECTION_CD "]

{"sheet":"AVI Antenna (Code)","index":3,"n_rows":202,"n_cols":10,"rows_kept":202,"cut":false,"hidden":false,"merged":[]}
["Parent ITS Device Entity Cd","Device ID","Asset ID Number","Asset ID Source","Associated Controller/Reader","Antenna Type ","Manufacturer","Model ","Travel Lane Number ","Travel Lane Direction "]
["ENTITY_CD                   REQUIRED FIELD","EQUIP_LOC_ID            REQUIRED FIELD","ASSET_ID","ASSET_ID_SOURCE","ASSOC_READER_ID","ANTENNA_TYPE_CD ","ANTENNA_MANUF_CD ","ANTENNA _MODEL_CD ","LANE_COVERAGE_CD ","LANE_DIRECTION_CD "]
[{"$f":"IF('AVI Antenna (Desc)'!B3=\"\",\"\",\"2007\")","v":""},{"$f":"IF('AVI Antenna (Desc)'!E3=\"\",\"\",'AVI Antenna (Desc)'!B3)","v":""},{"$f":"IF('AVI Antenna (Desc)'!C3=\"\",\"\",'AVI Antenna (Desc)'!C3)","v":""},{"$f":"IF('AVI Antenna (Desc)'!D3=\"\",\"\",INDEX([1]ASSET_ID_SOURCE!$A$2:$A$50,MATCH('AVI Antenna (Desc)'!D3,[1]!MASTER_ASSET_ID_SOURCE_DESC,0),0))","v":""},{"$f":"IF('AVI Antenna (Desc)'!F3=\"\",\"\",'AVI Antenna (Desc)'!E3)","v":""},{"$f":"IF('AVI Antenna (Desc)'!F3=\"\",\"\",INDEX([1]ANTENNA_TYPE!$A$2:$A$100,MATCH('AVI Antenna (Desc)'!$F3,[1]!MASTER_ANTENNA_TYPE_DESC[#Data],0),0))","v":""},{"$f":"IF('AVI Antenna (Desc)'!G3=\"\",\"\",INDEX([1]ANTENNA_MANUF!$A$2:$A$100,MATCH('AVI Antenna (Desc)'!$G3,[1]!MASTER_ANTENNA_MANUF_DESC[#Data],0),0))","v":""},{"$f":"IF('AVI Antenna (Desc)'!H3=\"\",\"\",INDEX([1]ANTENNA_MODEL!$A$2:$A$50,MATCH(1,([1]ANTENNA_MODEL!$C$2:$C$50='AVI Antenna (Desc)'!$G3)*([1]ANTENNA_MODEL!$D$2:$D$50='AVI Antenna (Desc)'!$H3),0),0))","v":""},{"$f":"IF('AVI Antenna (Desc)'!I3=\"\",\"\",INDEX([1]LANE_COVERAGE!$A$2:$A$100,MATCH('AVI Antenna (Desc)'!$I3,[1]!MASTER_LANE_COVERAGE_DESC[#Data],0),0))","v":""},{"$f":"IF('AVI Antenna (Desc)'!J3=\"\",\"\",INDEX([1]LANE_DIRECTION!$A$2:$A$100,MATCH('AVI Antenna (Desc)'!$J3,[1]!MASTER_LANE_DIRECTION_DESC[#Data],0),0))","v":""}]
[{"$f":"IF('AVI Antenna (Desc)'!B4=\"\",\"\",\"2007\")","v":""},{"$f":"IF('AVI Antenna (Desc)'!E4=\"\",\"\",'AVI Antenna (Desc)'!B4)","v":""},{"$f":"IF('AVI Antenna (Desc)'!C4=\"\",\"\",'AVI Antenna (Desc)'!C4)","v":""},{"$f":"IF('AVI Antenna (Desc)'!D4=\"\",\"\",INDEX([1]ASSET_ID_SOURCE!$A$2:$A$50,MATCH('AVI Antenna (Desc)'!D4,[1]!MASTER_ASSET_ID_SOURCE_DESC,0),0))","v":""},{"$f":"IF('AVI Antenna (Desc)'!F4=\"\",\"\",'AVI Antenna (Desc)'!E4)","v":""},{"$f":"IF('AVI Antenna (Desc)'!F4=\"\",\"\",INDEX([1]ANTENNA_TYPE!$A$2:$A$100,MATCH('AVI Antenna (Desc)'!$F4,[1]!MASTER_ANTENNA_TYPE_DESC[#Data],0),0))","v":""},{"$f":"IF('AVI Antenna (Desc)'!G4=\"\",\"\",INDEX([1]ANTENNA_MANUF!$A$2:$A$100,MATCH('AVI Antenna (Desc)'!$G4,[1]!MASTER_ANTENNA_MANUF_DESC[#Data],0),0))","v":""},{"$f":"IF('AVI Antenna (Desc)'!H4=\"\",\"\",INDEX([1]ANTENNA_MODEL!$A$2:$A$50,MATCH(1,([1]ANTENNA_MODEL!$C$2:$C$50='AVI Antenna (Desc)'!$G4)*([1]ANTENNA_MODEL!$D$2:$D$50='AVI Antenna (Desc)'!$H4),0),0))","v":""},{"$f":"IF('AVI Antenna (Desc)'!I4=\"\",\"\",INDEX([1]LANE_COVERAGE!$A$2:$A$100,MATCH('AVI Antenna (Desc)'!$I4,[1]!MASTER_LANE_COVERAGE_DESC[#Data],0),0))","v":""},{"$f":"IF('AVI Antenna (Desc)'!J4=\"\",\"\",INDEX([1]LANE_DIRECTION!$A$2:$A$100,MATCH('AVI Antenna (Desc)'!$J4,[1]!MASTER_LANE_DIRECTION_DESC[#Data],0),0))","v":""}]
[{"$f":"IF('AVI Antenna (Desc)'!B5=\"\",\"\",\"2007\")","v":""},{"$f":"IF('AVI Antenna (Desc)'!E5=\"\",\"\",'AVI Antenna (Desc)'!B5)","v":""},{"$f":"IF('AVI Antenna (Desc)'!C5=\"\",\"\",'AVI Antenna (Desc)'!C5)","v":""},{"$f":"IF('AVI Antenna (Desc)'!D5=\"\",\"\",INDEX([1]ASSET_ID_SOURCE!$A$2:$A$50,MATCH('AVI Antenna (Desc)'!D5,[1]!MASTER_ASSET_ID_SOURCE_DESC,0),0))","v":""},{"$f":"IF('AVI Antenna (Desc)'!F5=\"\",\"\",'AVI Antenna (Desc)'!E5)","v":""},{"$f":"IF('AVI Antenna (Desc)'!F5=\"\",\"\",INDEX([1]ANTENNA_TYPE!$A$2:$A$100,MATCH('AVI Antenna (Desc)'!$F5,[1]!MASTER_ANTENNA_TYPE_DESC[#Data],0),0))","v":""},{"$f":"IF('AVI Antenna (Desc)'!G5=\"\",\"\",INDEX([1]ANTENNA_MANUF!$A$2:$A$100,MATCH('AVI Antenna (Desc)'!$G5,[1]!MASTER_ANTENNA_MANUF_DESC[#Data],0),0))","v":""},{"$f":"IF('AVI Antenna (Desc)'!H5=\"\",\"\",INDEX([1]ANTENNA_MODEL!$A$2:$A$50,MATCH(1,([1]ANTENNA_MODEL!$C$2:$C$50='AVI Antenna (Desc)'!$G5)*([1]ANTENNA_MODEL!$D$2:$D$50='AVI Antenna (Desc)'!$H5),0),0))","v":""},{"$f":"IF('AVI Antenna (Desc)'!I5=\"\",\"\",INDEX([1]LANE_COVERAGE!$A$2:$A$100,MATCH('AVI Antenna (Desc)'!$I5,[1]!MASTER_LANE_COVERAGE_DESC[#Data],0),0))","v":""},{"$f":"IF('AVI Antenna (Desc)'!J5=\"\",\"\",INDEX([1]LANE_DIRECTION!$A$2:$A$100,MATCH('AVI Antenna (Desc)'!$J5,[1]!MASTER_LANE_DIRECTION_DESC[#Data],0),0))","v":""}]
[{"$f":"IF('AVI Antenna (Desc)'!B6=\"\",\"\",\"2007\")","v":""},{"$f":"IF('AVI Antenna (Desc)'!E6=\"\",\"\",'AVI Antenna (Desc)'!B6)","v":""},{"$f":"IF('AVI Antenna (Desc)'!C6=\"\",\"\",'AVI Antenna (Desc)'!C6)","v":""},{"$f":"IF('AVI Antenna (Desc)'!D6=\"\",\"\",INDEX([1]ASSET_ID_SOURCE!$A$2:$A$50,MATCH('AVI Antenna (Desc)'!D6,[1]!MASTER_ASSET_ID_SOURCE_DESC,0),0))","v":""},{"$f":"IF('AVI Antenna (Desc)'!F6=\"\",\"\",'AVI Antenna (Desc)'!E6)","v":""},{"$f":"IF('AVI Antenna (Desc)'!F6=\"\",\"\",INDEX([1]ANTENNA_TYPE!$A$2:$A$100,MATCH('AVI Antenna (Desc)'!$F6,[1]!MASTER_ANTENNA_TYPE_DESC[#Data],0),0))","v":""},{"$f":"IF('AVI Antenna (Desc)'!G6=\"\",\"\",INDEX([1]ANTENNA_MANUF!$A$2:$A$100,MATCH('AVI Antenna (Desc)'!$G6,[1]!MASTER_ANTENNA_MANUF_DESC[#Data],0),0))","v":""},{"$f":"IF('AVI Antenna (Desc)'!H6=\"\",\"\",INDEX([1]ANTENNA_MODEL!$A$2:$A$50,MATCH(1,([1]ANTENNA_MODEL!$C$2:$C$50='AVI Antenna (Desc)'!$G6)*([1]ANTENNA_MODEL!$D$2:$D$50='AVI Antenna (Desc)'!$H6),0),0))","v":""},{"$f":"IF('AVI Antenna (Desc)'!I6=\"\",\"\",INDEX([1]LANE_COVERAGE!$A$2:$A$100,MATCH('AVI Antenna (Desc)'!$I6,[1]!MASTER_LANE_COVERAGE_DESC[#Data],0),0))","v":""},{"$f":"IF('AVI Antenna (Desc)'!J6=\"\",\"\",INDEX([1]LANE_DIRECTION!$A$2:$A$100,MATCH('AVI Antenna (Desc)'!$J6,[1]!MASTER_LANE_DIRECTION_DESC[#Data],0),0))","v":""}]
[{"$f":"IF('AVI Antenna (Desc)'!B7=\"\",\"\",\"2007\")","v":""},{"$f":"IF('AVI Antenna (Desc)'!E7=\"\",\"\",'AVI Antenna (Desc)'!B7)","v":""},{"$f":"IF('AVI Antenna (Desc)'!C7=\"\",\"\",'AVI Antenna (Desc)'!C7)","v":""},{"$f":"IF('AVI Antenna (Desc)'!D7=\"\",\"\",INDEX([1]ASSET_ID_SOURCE!$A$2:$A$50,MATCH('AVI Antenna (Desc)'!D7,[1]!MASTER_ASSET_ID_SOURCE_DESC,0),0))","v":""},{"$f":"IF('AVI Antenna (Desc)'!F7=\"\",\"\",'AVI Antenna (Desc)'!E7)","v":""},{"$f":"IF('AVI Antenna (Desc)'!F7=\"\",\"\",INDEX([1]ANTENNA_TYPE!$A$2:$A$100,MATCH('AVI Antenna (Desc)'!$F7,[1]!MASTER_ANTENNA_TYPE_DESC[#Data],0),0))","v":""},{"$f":"IF('AVI Antenna (Desc)'!G7=\"\",\"\",INDEX([1]ANTENNA_MANUF!$A$2:$A$100,MATCH('AVI Antenna (Desc)'!$G7,[1]!MASTER_ANTENNA_MANUF_DESC[#Data],0),0))","v":""},{"$f":"IF('AVI Antenna (Desc)'!H7=\"\",\"\",INDEX([1]ANTENNA_MODEL!$A$2:$A$50,MATCH(1,([1]ANTENNA_MODEL!$C$2:$C$50='AVI Antenna (Desc)'!$G7)*([1]ANTENNA_MODEL!$D$2:$D$50='AVI Antenna (Desc)'!$H7),0),0))","v":""},{"$f":"IF('AVI Antenna (Desc)'!I7=\"\",\"\",INDEX([1]LANE_COVERAGE!$A$2:$A$100,MATCH('AVI Antenna (Desc)'!$I7,[1]!MASTER_LANE_COVERAGE_DESC[#Data],0),0))","v":""},{"$f":"IF('AVI Antenna (Desc)'!J7=\"\",\"\",INDEX([1]LANE_DIRECTION!$A$2:$A$100,MATCH('AVI Antenna (Desc)'!$J7,[1]!MASTER_LANE_DIRECTION_DESC[#Data],0),0))","v":""}]
[{"$f":"IF('AVI Antenna (Desc)'!B8=\"\",\"\",\"2007\")","v":""},{"$f":"IF('AVI Antenna (Desc)'!E8=\"\",\"\",'AVI Antenna (Desc)'!B8)","v":""},{"$f":"IF('AVI Antenna (Desc)'!C8=\"\",\"\",'AVI Antenna (Desc)'!C8)","v":""},{"$f":"IF('AVI Antenna (Desc)'!D8=\"\",\"\",INDEX([1]ASSET_ID_SOURCE!$A$2:$A$50,MATCH('AVI Antenna (Desc)'!D8,[1]!MASTER_ASSET_ID_SOURCE_DESC,0),0))","v":""},{"$f":"IF('AVI Antenna (Desc)'!F8=\"\",\"\",'AVI Antenna (Desc)'!E8)","v":""},{"$f":"IF('AVI Antenna (Desc)'!F8=\"\",\"\",INDEX([1]ANTENNA_TYPE!$A$2:$A$100,MATCH('AVI Antenna (Desc)'!$F8,[1]!MASTER_ANTENNA_TYPE_DESC[#Data],0),0))","v":""},{"$f":"IF('AVI Antenna (Desc)'!G8=\"\",\"\",INDEX([1]ANTENNA_MANUF!$A$2:$A$100,MATCH('AVI Antenna (Desc)'!$G8,[1]!MASTER_ANTENNA_MANUF_DESC[#Data],0),0))","v":""},{"$f":"IF('AVI Antenna (Desc)'!H8=\"\",\"\",INDEX([1]ANTENNA_MODEL!$A$2:$A$50,MATCH(1,([1]ANTENNA_MODEL!$C$2:$C$50='AVI Antenna (Desc)'!$G8)*([1]ANTENNA_MODEL!$D$2:$D$50='AVI Antenna (Desc)'!$H8),0),0))","v":""},{"$f":"IF('AVI Antenna (Desc)'!I8=\"\",\"\",INDEX([1]LANE_COVERAGE!$A$2:$A$100,MATCH('AVI Antenna (Desc)'!$I8,[1]!MASTER_LANE_COVERAGE_DESC[#Data],0),0))","v":""},{"$f":"IF('AVI Antenna (Desc)'!J8=\"\",\"\",INDEX([1]LANE_DIRECTION!$A$2:$A$100,MATCH('AVI Antenna (Desc)'!$J8,[1]!MASTER_LANE_DIRECTION_DESC[#Data],0),0))","v":""}]
[{"$f":"IF('AVI Antenna (Desc)'!B9=\"\",\"\",\"2007\")","v":""},{"$f":"IF('AVI Antenna (Desc)'!E9=\"\",\"\",'AVI Antenna (Desc)'!B9)","v":""},{"$f":"IF('AVI Antenna (Desc)'!C9=\"\",\"\",'AVI Antenna (Desc)'!C9)","v":""},{"$f":"IF('AVI Antenna (Desc)'!D9=\"\",\"\",INDEX([1]ASSET_ID_SOURCE!$A$2:$A$50,MATCH('AVI Antenna (Desc)'!D9,[1]!MASTER_ASSET_ID_SOURCE_DESC,0),0))","v":""},{"$f":"IF('AVI Antenna (Desc)'!F9=\"\",\"\",'AVI Antenna (Desc)'!E9)","v":""},{"$f":"IF('AVI Antenna (Desc)'!F9=\"\",\"\",INDEX([1]ANTENNA_TYPE!$A$2:$A$100,MATCH('AVI Antenna (Desc)'!$F9,[1]!MASTER_ANTENNA_TYPE_DESC[#Data],0),0))","v":""},{"$f":"IF('AVI Antenna (Desc)'!G9=\"\",\"\",INDEX([1]ANTENNA_MANUF!$A$2:$A$100,MATCH('AVI Antenna (Desc)'!$G9,[1]!MASTER_ANTENNA_MANUF_DESC[#Data],0),0))","v":""},{"$f":"IF('AVI Antenna (Desc)'!H9=\"\",\"\",INDEX([1]ANTENNA_MODEL!$A$2:$A$50,MATCH(1,([1]ANTENNA_MODEL!$C$2:$C$50='AVI Antenna (Desc)'!$G9)*([1]ANTENNA_MODEL!$D$2:$D$50='AVI Antenna (Desc)'!$H9),0),0))","v":""},{"$f":"IF('AVI Antenna (Desc)'!I9=\"\",\"\",INDEX([1]LANE_COVERAGE!$A$2:$A$100,MATCH('AVI Antenna (Desc)'!$I9,[1]!MASTER_LANE_COVERAGE_DESC[#Data],0),0))","v":""},{"$f":"IF('AVI Antenna (Desc)'!J9=\"\",\"\",INDEX([1]LANE_DIRECTION!$A$2:$A$100,MATCH('AVI Antenna (Desc)'!$J9,[1]!MASTER_LANE_DIRECTION_DESC[#Data],0),0))","v":""}]
[{"$f":"IF('AVI Antenna (Desc)'!B10=\"\",\"\",\"2007\")","v":""},{"$f":"IF('AVI Antenna (Desc)'!E10=\"\",\"\",'AVI Antenna (Desc)'!B10)","v":""},{"$f":"IF('AVI Antenna (Desc)'!C10=\"\",\"\",'AVI Antenna (Desc)'!C10)","v":""},{"$f":"IF('AVI Antenna (Desc)'!D10=\"\",\"\",INDEX([1]ASSET_ID_SOURCE!$A$2:$A$50,MATCH('AVI Antenna (Desc)'!D10,[1]!MASTER_ASSET_ID_SOURCE_DESC,0),0))","v":""},{"$f":"IF('AVI Antenna (Desc)'!F10=\"\",\"\",'AVI Antenna (Desc)'!E10)","v":""},{"$f":"IF('AVI Antenna (Desc)'!F10=\"\",\"\",INDEX([1]ANTENNA_TYPE!$A$2:$A$100,MATCH('AVI Antenna (Desc)'!$F10,[1]!MASTER_ANTENNA_TYPE_DESC[#Data],0),0))","v":""},{"$f":"IF('AVI Antenna (Desc)'!G10=\"\",\"\",INDEX([1]ANTENNA_MANUF!$A$2:$A$100,MATCH('AVI Antenna (Desc)'!$G10,[1]!MASTER_ANTENNA_MANUF_DESC[#Data],0),0))","v":""},{"$f":"IF('AVI Antenna (Desc)'!H10=\"\",\"\",INDEX([1]ANTENNA_MODEL!$A$2:$A$50,MATCH(1,([1]ANTENNA_MODEL!$C$2:$C$50='AVI Antenna (Desc)'!$G10)*([1]ANTENNA_MODEL!$D$2:$D$50='AVI Antenna (Desc)'!$H10),0),0))","v":""},{"$f":"IF('AVI Antenna (Desc)'!I10=\"\",\"\",INDEX([1]LANE_COVERAGE!$A$2:$A$100,MATCH('AVI Antenna (Desc)'!$I10,[1]!MASTER_LANE_COVERAGE_DESC[#Data],0),0))","v":""},{"$f":"IF('AVI Antenna (Desc)'!J10=\"\",\"\",INDEX([1]LANE_DIRECTION!$A$2:$A$100,MATCH('AVI Antenna (Desc)'!$J10,[1]!MASTER_LANE_DIRECTION_DESC[#Data],0),0))","v":""}]
[{"$f":"IF('AVI Antenna (Desc)'!B11=\"\",\"\",\"2007\")","v":""},{"$f":"IF('AVI Antenna (Desc)'!E11=\"\",\"\",'AVI Antenna (Desc)'!B11)","v":""},{"$f":"IF('AVI Antenna (Desc)'!C11=\"\",\"\",'AVI Antenna (Desc)'!C11)","v":""},{"$f":"IF('AVI Antenna (Desc)'!D11=\"\",\"\",INDEX([1]ASSET_ID_SOURCE!$A$2:$A$50,MATCH('AVI Antenna (Desc)'!D11,[1]!MASTER_ASSET_ID_SOURCE_DESC,0),0))","v":""},{"$f":"IF('AVI Antenna (Desc)'!F11=\"\",\"\",'AVI Antenna (Desc)'!E11)","v":""},{"$f":"IF('AVI Antenna (Desc)'!F11=\"\",\"\",INDEX([1]ANTENNA_TYPE!$A$2:$A$100,MATCH('AVI Antenna (Desc)'!$F11,[1]!MASTER_ANTENNA_TYPE_DESC[#Data],0),0))","v":""},{"$f":"IF('AVI Antenna (Desc)'!G11=\"\",\"\",INDEX([1]ANTENNA_MANUF!$A$2:$A$100,MATCH('AVI Antenna (Desc)'!$G11,[1]!MASTER_ANTENNA_MANUF_DESC[#Data],0),0))","v":""},{"$f":"IF('AVI Antenna (Desc)'!H11=\"\",\"\",INDEX([1]ANTENNA_MODEL!$A$2:$A$50,MATCH(1,([1]ANTENNA_MODEL!$C$2:$C$50='AVI Antenna (Desc)'!$G11)*([1]ANTENNA_MODEL!$D$2:$D$50='AVI Antenna (Desc)'!$H11),0),0))","v":""},{"$f":"IF('AVI Antenna (Desc)'!I11=\"\",\"\",INDEX([1]LANE_COVERAGE!$A$2:$A$100,MATCH('AVI Antenna (Desc)'!$I11,[1]!MASTER_LANE_COVERAGE_DESC[#Data],0),0))","v":""},{"$f":"IF('AVI Antenna (Desc)'!J11=\"\",\"\",INDEX([1]LANE_DIRECTION!$A$2:$A$100,MATCH('AVI Antenna (Desc)'!$J11,[1]!MASTER_LANE_DIRECTION_DESC[#Data],0),0))","v":""}]
[{"$f":"IF('AVI Antenna (Desc)'!B12=\"\",\"\",\"2007\")","v":""},{"$f":"IF('AVI Antenna (Desc)'!E12=\"\",\"\",'AVI Antenna (Desc)'!B12)","v":""},{"$f":"IF('AVI Antenna (Desc)'!C12=\"\",\"\",'AVI Antenna (Desc)'!C12)","v":""},{"$f":"IF('AVI Antenna (Desc)'!D12=\"\",\"\",INDEX([1]ASSET_ID_SOURCE!$A$2:$A$50,MATCH('AVI Antenna (Desc)'!D12,[1]!MASTER_ASSET_ID_SOURCE_DESC,0),0))","v":""},{"$f":"IF('AVI Antenna (Desc)'!F12=\"\",\"\",'AVI Antenna (Desc)'!E12)","v":""},{"$f":"IF('AVI Antenna (Desc)'!F12=\"\",\"\",INDEX([1]ANTENNA_TYPE!$A$2:$A$100,MATCH('AVI Antenna (Desc)'!$F12,[1]!MASTER_ANTENNA_TYPE_DESC[#Data],0),0))","v":""},{"$f":"IF('AVI Antenna (Desc)'!G12=\"\",\"\",INDEX([1]ANTENNA_MANUF!$A$2:$A$100,MATCH('AVI Antenna (Desc)'!$G12,[1]!MASTER_ANTENNA_MANUF_DESC[#Data],0),0))","v":""},{"$f":"IF('AVI Antenna (Desc)'!H12=\"\",\"\",INDEX([1]ANTENNA_MODEL!$A$2:$A$50,MATCH(1,([1]ANTENNA_MODEL!$C$2:$C$50='AVI Antenna (Desc)'!$G12)*([1]ANTENNA_MODEL!$D$2:$D$50='AVI Antenna (Desc)'!$H12),0),0))","v":""},{"$f":"IF('AVI Antenna (Desc)'!I12=\"\",\"\",INDEX([1]LANE_COVERAGE!$A$2:$A$100,MATCH('AVI Antenna (Desc)'!$I12,[1]!MASTER_LANE_COVERAGE_DESC[#Data],0),0))","v":""},{"$f":"IF('AVI Antenna (Desc)'!J12=\"\",\"\",INDEX([1]LANE_DIRECTION!$A$2:$A$100,MATCH('AVI Antenna (Desc)'!$J12,[1]!MASTER_LANE_DIRECTION_DESC[#Data],0),0))","v":""}]
[{"$f":"IF('AVI Antenna (Desc)'!B13=\"\",\"\",\"2007\")","v":""},{"$f":"IF('AVI Antenna (Desc)'!E13=\"\",\"\",'AVI Antenna (Desc)'!B13)","v":""},{"$f":"IF('AVI Antenna (Desc)'!C13=\"\",\"\",'AVI Antenna (Desc)'!C13)","v":""},{"$f":"IF('AVI Antenna (Desc)'!D13=\"\",\"\",INDEX([1]ASSET_ID_SOURCE!$A$2:$A$50,MATCH('AVI Antenna (Desc)'!D13,[1]!MASTER_ASSET_ID_SOURCE_DESC,0),0))","v":""},{"$f":"IF('AVI Antenna (Desc)'!F13=\"\",\"\",'AVI Antenna (Desc)'!E13)","v":""},{"$f":"IF('AVI Antenna (Desc)'!F13=\"\",\"\",INDEX([1]ANTENNA_TYPE!$A$2:$A$100,MATCH('AVI Antenna (Desc)'!$F13,[1]!MASTER_ANTENNA_TYPE_DESC[#Data],0),0))","v":""},{"$f":"IF('AVI Antenna (Desc)'!G13=\"\",\"\",INDEX([1]ANTENNA_MANUF!$A$2:$A$100,MATCH('AVI Antenna (Desc)'!$G13,[1]!MASTER_ANTENNA_MANUF_DESC[#Data],0),0))","v":""},{"$f":"IF('AVI Antenna (Desc)'!H13=\"\",\"\",INDEX([1]ANTENNA_MODEL!$A$2:$A$50,MATCH(1,([1]ANTENNA_MODEL!$C$2:$C$50='AVI Antenna (Desc)'!$G13)*([1]ANTENNA_MODEL!$D$2:$D$50='AVI Antenna (Desc)'!$H13),0),0))","v":""},{"$f":"IF('AVI Antenna (Desc)'!I13=\"\",\"\",INDEX([1]LANE_COVERAGE!$A$2:$A$100,MATCH('AVI Antenna (Desc)'!$I13,[1]!MASTER_LANE_COVERAGE_DESC[#Data],0),0))","v":""},{"$f":"IF('AVI Antenna (Desc)'!J13=\"\",\"\",INDEX([1]LANE_DIRECTION!$A$2:$A$100,MATCH('AVI Antenna (Desc)'!$J13,[1]!MASTER_LANE_DIRECTION_DESC[#Data],0),0))","v":""}]
[{"$f":"IF('AVI Antenna (Desc)'!B14=\"\",\"\",\"2007\")","v":""},{"$f":"IF('AVI Antenna (Desc)'!E14=\"\",\"\",'AVI Antenna (Desc)'!B14)","v":""},{"$f":"IF('AVI Antenna (Desc)'!C14=\"\",\"\",'AVI Antenna (Desc)'!C14)","v":""},{"$f":"IF('AVI Antenna (Desc)'!D14=\"\",\"\",INDEX([1]ASSET_ID_SOURCE!$A$2:$A$50,MATCH('AVI Antenna (Desc)'!D14,[1]!MASTER_ASSET_ID_SOURCE_DESC,0),0))","v":""},{"$f":"IF('AVI Antenna (Desc)'!F14=\"\",\"\",'AVI Antenna (Desc)'!E14)","v":""},{"$f":"IF('AVI Antenna (Desc)'!F14=\"\",\"\",INDEX([1]ANTENNA_TYPE!$A$2:$A$100,MATCH('AVI Antenna (Desc)'!$F14,[1]!MASTER_ANTENNA_TYPE_DESC[#Data],0),0))","v":""},{"$f":"IF('AVI Antenna (Desc)'!G14=\"\",\"\",INDEX([1]ANTENNA_MANUF!$A$2:$A$100,MATCH('AVI Antenna (Desc)'!$G14,[1]!MASTER_ANTENNA_MANUF_DESC[#Data],0),0))","v":""},{"$f":"IF('AVI Antenna (Desc)'!H14=\"\",\"\",INDEX([1]ANTENNA_MODEL!$A$2:$A$50,MATCH(1,([1]ANTENNA_MODEL!$C$2:$C$50='AVI Antenna (Desc)'!$G14)*([1]ANTENNA_MODEL!$D$2:$D$50='AVI Antenna (Desc)'!$H14),0),0))","v":""},{"$f":"IF('AVI Antenna (Desc)'!I14=\"\",\"\",INDEX([1]LANE_COVERAGE!$A$2:$A$100,MATCH('AVI Antenna (Desc)'!$I14,[1]!MASTER_LANE_COVERAGE_DESC[#Data],0),0))","v":""},{"$f":"IF('AVI Antenna (Desc)'!J14=\"\",\"\",INDEX([1]LANE_DIRECTION!$A$2:$A$100,MATCH('AVI Antenna (Desc)'!$J14,[1]!MASTER_LANE_DIRECTION_DESC[#Data],0),0))","v":""}]
[{"$f":"IF('AVI Antenna (Desc)'!B15=\"\",\"\",\"2007\")","v":""},{"$f":"IF('AVI Antenna (Desc)'!E15=\"\",\"\",'AVI Antenna (Desc)'!B15)","v":""},{"$f":"IF('AVI Antenna (Desc)'!C15=\"\",\"\",'AVI Antenna (Desc)'!C15)","v":""},{"$f":"IF('AVI Antenna (Desc)'!D15=\"\",\"\",INDEX([1]ASSET_ID_SOURCE!$A$2:$A$50,MATCH('AVI Antenna (Desc)'!D15,[1]!MASTER_ASSET_ID_SOURCE_DESC,0),0))","v":""},{"$f":"IF('AVI Antenna (Desc)'!F15=\"\",\"\",'AVI Antenna (Desc)'!E15)","v":""},{"$f":"IF('AVI Antenna (Desc)'!F15=\"\",\"\",INDEX([1]ANTENNA_TYPE!$A$2:$A$100,MATCH('AVI Antenna (Desc)'!$F15,[1]!MASTER_ANTENNA_TYPE_DESC[#Data],0),0))","v":""},{"$f":"IF('AVI Antenna (Desc)'!G15=\"\",\"\",INDEX([1]ANTENNA_MANUF!$A$2:$A$100,MATCH('AVI Antenna (Desc)'!$G15,[1]!MASTER_ANTENNA_MANUF_DESC[#Data],0),0))","v":""},{"$f":"IF('AVI Antenna (Desc)'!H15=\"\",\"\",INDEX([1]ANTENNA_MODEL!$A$2:$A$50,MATCH(1,([1]ANTENNA_MODEL!$C$2:$C$50='AVI Antenna (Desc)'!$G15)*([1]ANTENNA_MODEL!$D$2:$D$50='AVI Antenna (Desc)'!$H15),0),0))","v":""},{"$f":"IF('AVI Antenna (Desc)'!I15=\"\",\"\",INDEX([1]LANE_COVERAGE!$A$2:$A$100,MATCH('AVI Antenna (Desc)'!$I15,[1]!MASTER_LANE_COVERAGE_DESC[#Data],0),0))","v":""},{"$f":"IF('AVI Antenna (Desc)'!J15=\"\",\"\",INDEX([1]LANE_DIRECTION!$A$2:$A$100,MATCH('AVI Antenna (Desc)'!$J15,[1]!MASTER_LANE_DIRECTION_DESC[#Data],0),0))","v":""}]
[{"$f":"IF('AVI Antenna (Desc)'!B16=\"\",\"\",\"2007\")","v":""},{"$f":"IF('AVI Antenna (Desc)'!E16=\"\",\"\",'AVI Antenna (Desc)'!B16)","v":""},{"$f":"IF('AVI Antenna (Desc)'!C16=\"\",\"\",'AVI Antenna (Desc)'!C16)","v":""},{"$f":"IF('AVI Antenna (Desc)'!D16=\"\",\"\",INDEX([1]ASSET_ID_SOURCE!$A$2:$A$50,MATCH('AVI Antenna (Desc)'!D16,[1]!MASTER_ASSET_ID_SOURCE_DESC,0),0))","v":""},{"$f":"IF('AVI Antenna (Desc)'!F16=\"\",\"\",'AVI Antenna (Desc)'!E16)","v":""},{"$f":"IF('AVI Antenna (Desc)'!F16=\"\",\"\",INDEX([1]ANTENNA_TYPE!$A$2:$A$100,MATCH('AVI Antenna (Desc)'!$F16,[1]!MASTER_ANTENNA_TYPE_DESC[#Data],0),0))","v":""},{"$f":"IF('AVI Antenna (Desc)'!G16=\"\",\"\",INDEX([1]ANTENNA_MANUF!$A$2:$A$100,MATCH('AVI Antenna (Desc)'!$G16,[1]!MASTER_ANTENNA_MANUF_DESC[#Data],0),0))","v":""},{"$f":"IF('AVI Antenna (Desc)'!H16=\"\",\"\",INDEX([1]ANTENNA_MODEL!$A$2:$A$50,MATCH(1,([1]ANTENNA_MODEL!$C$2:$C$50='AVI Antenna (Desc)'!$G16)*([1]ANTENNA_MODEL!$D$2:$D$50='AVI Antenna (Desc)'!$H16),0),0))","v":""},{"$f":"IF('AVI Antenna (Desc)'!I16=\"\",\"\",INDEX([1]LANE_COVERAGE!$A$2:$A$100,MATCH('AVI Antenna (Desc)'!$I16,[1]!MASTER_LANE_COVERAGE_DESC[#Data],0),0))","v":""},{"$f":"IF('AVI Antenna (Desc)'!J16=\"\",\"\",INDEX([1]LANE_DIRECTION!$A$2:$A$100,MATCH('AVI Antenna (Desc)'!$J16,[1]!MASTER_LANE_DIRECTION_DESC[#Data],0),0))","v":""}]
[{"$f":"IF('AVI Antenna (Desc)'!B17=\"\",\"\",\"2007\")","v":""},{"$f":"IF('AVI Antenna (Desc)'!E17=\"\",\"\",'AVI Antenna (Desc)'!B17)","v":""},{"$f":"IF('AVI Antenna (Desc)'!C17=\"\",\"\",'AVI Antenna (Desc)'!C17)","v":""},{"$f":"IF('AVI Antenna (Desc)'!D17=\"\",\"\",INDEX([1]ASSET_ID_SOURCE!$A$2:$A$50,MATCH('AVI Antenna (Desc)'!D17,[1]!MASTER_ASSET_ID_SOURCE_DESC,0),0))","v":""},{"$f":"IF('AVI Antenna (Desc)'!F17=\"\",\"\",'AVI Antenna (Desc)'!E17)","v":""},{"$f":"IF('AVI Antenna (Desc)'!F17=\"\",\"\",INDEX([1]ANTENNA_TYPE!$A$2:$A$100,MATCH('AVI Antenna (Desc)'!$F17,[1]!MASTER_ANTENNA_TYPE_DESC[#Data],0),0))","v":""},{"$f":"IF('AVI Antenna (Desc)'!G17=\"\",\"\",INDEX([1]ANTENNA_MANUF!$A$2:$A$100,MATCH('AVI Antenna (Desc)'!$G17,[1]!MASTER_ANTENNA_MANUF_DESC[#Data],0),0))","v":""},{"$f":"IF('AVI Antenna (Desc)'!H17=\"\",\"\",INDEX([1]ANTENNA_MODEL!$A$2:$A$50,MATCH(1,([1]ANTENNA_MODEL!$C$2:$C$50='AVI Antenna (Desc)'!$G17)*([1]ANTENNA_MODEL!$D$2:$D$50='AVI Antenna (Desc)'!$H17),0),0))","v":""},{"$f":"IF('AVI Antenna (Desc)'!I17=\"\",\"\",INDEX([1]LANE_COVERAGE!$A$2:$A$100,MATCH('AVI Antenna (Desc)'!$I17,[1]!MASTER_LANE_COVERAGE_DESC[#Data],0),0))","v":""},{"$f":"IF('AVI Antenna (Desc)'!J17=\"\",\"\",INDEX([1]LANE_DIRECTION!$A$2:$A$100,MATCH('AVI Antenna (Desc)'!$J17,[1]!MASTER_LANE_DIRECTION_DESC[#Data],0),0))","v":""}]
[{"$f":"IF('AVI Antenna (Desc)'!B18=\"\",\"\",\"2007\")","v":""},{"$f":"IF('AVI Antenna (Desc)'!E18=\"\",\"\",'AVI Antenna (Desc)'!B18)","v":""},{"$f":"IF('AVI Antenna (Desc)'!C18=\"\",\"\",'AVI Antenna (Desc)'!C18)","v":""},{"$f":"IF('AVI Antenna (Desc)'!D18=\"\",\"\",INDEX([1]ASSET_ID_SOURCE!$A$2:$A$50,MATCH('AVI Antenna (Desc)'!D18,[1]!MASTER_ASSET_ID_SOURCE_DESC,0),0))","v":""},{"$f":"IF('AVI Antenna (Desc)'!F18=\"\",\"\",'AVI Antenna (Desc)'!E18)","v":""},{"$f":"IF('AVI Antenna (Desc)'!F18=\"\",\"\",INDEX([1]ANTENNA_TYPE!$A$2:$A$100,MATCH('AVI Antenna (Desc)'!$F18,[1]!MASTER_ANTENNA_TYPE_DESC[#Data],0),0))","v":""},{"$f":"IF('AVI Antenna (Desc)'!G18=\"\",\"\",INDEX([1]ANTENNA_MANUF!$A$2:$A$100,MATCH('AVI Antenna (Desc)'!$G18,[1]!MASTER_ANTENNA_MANUF_DESC[#Data],0),0))","v":""},{"$f":"IF('AVI Antenna (Desc)'!H18=\"\",\"\",INDEX([1]ANTENNA_MODEL!$A$2:$A$50,MATCH(1,([1]ANTENNA_MODEL!$C$2:$C$50='AVI Antenna (Desc)'!$G18)*([1]ANTENNA_MODEL!$D$2:$D$50='AVI Antenna (Desc)'!$H18),0),0))","v":""},{"$f":"IF('AVI Antenna (Desc)'!I18=\"\",\"\",INDEX([1]LANE_COVERAGE!$A$2:$A$100,MATCH('AVI Antenna (Desc)'!$I18,[1]!MASTER_LANE_COVERAGE_DESC[#Data],0),0))","v":""},{"$f":"IF('AVI Antenna (Desc)'!J18=\"\",\"\",INDEX([1]LANE_DIRECTION!$A$2:$A$100,MATCH('AVI Antenna (Desc)'!$J18,[1]!MASTER_LANE_DIRECTION_DESC[#Data],0),0))","v":""}]
[{"$f":"IF('AVI Antenna (Desc)'!B19=\"\",\"\",\"2007\")","v":""},{"$f":"IF('AVI Antenna (Desc)'!E19=\"\",\"\",'AVI Antenna (Desc)'!B19)","v":""},{"$f":"IF('AVI Antenna (Desc)'!C19=\"\",\"\",'AVI Antenna (Desc)'!C19)","v":""},{"$f":"IF('AVI Antenna (Desc)'!D19=\"\",\"\",INDEX([1]ASSET_ID_SOURCE!$A$2:$A$50,MATCH('AVI Antenna (Desc)'!D19,[1]!MASTER_ASSET_ID_SOURCE_DESC,0),0))","v":""},{"$f":"IF('AVI Antenna (Desc)'!F19=\"\",\"\",'AVI Antenna (Desc)'!E19)","v":""},{"$f":"IF('AVI Antenna (Desc)'!F19=\"\",\"\",INDEX([1]ANTENNA_TYPE!$A$2:$A$100,MATCH('AVI Antenna (Desc)'!$F19,[1]!MASTER_ANTENNA_TYPE_DESC[#Data],0),0))","v":""},{"$f":"IF('AVI Antenna (Desc)'!G19=\"\",\"\",INDEX([1]ANTENNA_MANUF!$A$2:$A$100,MATCH('AVI Antenna (Desc)'!$G19,[1]!MASTER_ANTENNA_MANUF_DESC[#Data],0),0))","v":""},{"$f":"IF('AVI Antenna (Desc)'!H19=\"\",\"\",INDEX([1]ANTENNA_MODEL!$A$2:$A$50,MATCH(1,([1]ANTENNA_MODEL!$C$2:$C$50='AVI Antenna (Desc)'!$G19)*([1]ANTENNA_MODEL!$D$2:$D$50='AVI Antenna (Desc)'!$H19),0),0))","v":""},{"$f":"IF('AVI Antenna (Desc)'!I19=\"\",\"\",INDEX([1]LANE_COVERAGE!$A$2:$A$100,MATCH('AVI Antenna (Desc)'!$I19,[1]!MASTER_LANE_COVERAGE_DESC[#Data],0),0))","v":""},{"$f":"IF('AVI Antenna (Desc)'!J19=\"\",\"\",INDEX([1]LANE_DIRECTION!$A$2:$A$100,MATCH('AVI Antenna (Desc)'!$J19,[1]!MASTER_LANE_DIRECTION_DESC[#Data],0),0))","v":""}]
[{"$f":"IF('AVI Antenna (Desc)'!B20=\"\",\"\",\"2007\")","v":""},{"$f":"IF('AVI Antenna (Desc)'!E20=\"\",\"\",'AVI Antenna (Desc)'!B20)","v":""},{"$f":"IF('AVI Antenna (Desc)'!C20=\"\",\"\",'AVI Antenna (Desc)'!C20)","v":""},{"$f":"IF('AVI Antenna (Desc)'!D20=\"\",\"\",INDEX([1]ASSET_ID_SOURCE!$A$2:$A$50,MATCH('AVI Antenna (Desc)'!D20,[1]!MASTER_ASSET_ID_SOURCE_DESC,0),0))","v":""},{"$f":"IF('AVI Antenna (Desc)'!F20=\"\",\"\",'AVI Antenna (Desc)'!E20)","v":""},{"$f":"IF('AVI Antenna (Desc)'!F20=\"\",\"\",INDEX([1]ANTENNA_TYPE!$A$2:$A$100,MATCH('AVI Antenna (Desc)'!$F20,[1]!MASTER_ANTENNA_TYPE_DESC[#Data],0),0))","v":""},{"$f":"IF('AVI Antenna (Desc)'!G20=\"\",\"\",INDEX([1]ANTENNA_MANUF!$A$2:$A$100,MATCH('AVI Antenna (Desc)'!$G20,[1]!MASTER_ANTENNA_MANUF_DESC[#Data],0),0))","v":""},{"$f":"IF('AVI Antenna (Desc)'!H20=\"\",\"\",INDEX([1]ANTENNA_MODEL!$A$2:$A$50,MATCH(1,([1]ANTENNA_MODEL!$C$2:$C$50='AVI Antenna (Desc)'!$G20)*([1]ANTENNA_MODEL!$D$2:$D$50='AVI Antenna (Desc)'!$H20),0),0))","v":""},{"$f":"IF('AVI Antenna (Desc)'!I20=\"\",\"\",INDEX([1]LANE_COVERAGE!$A$2:$A$100,MATCH('AVI Antenna (Desc)'!$I20,[1]!MASTER_LANE_COVERAGE_DESC[#Data],0),0))","v":""},{"$f":"IF('AVI Antenna (Desc)'!J20=\"\",\"\",INDEX([1]LANE_DIRECTION!$A$2:$A$100,MATCH('AVI Antenna (Desc)'!$J20,[1]!MASTER_LANE_DIRECTION_DESC[#Data],0),0))","v":""}]
[{"$f":"IF('AVI Antenna (Desc)'!B21=\"\",\"\",\"2007\")","v":""},{"$f":"IF('AVI Antenna (Desc)'!E21=\"\",\"\",'AVI Antenna (Desc)'!B21)","v":""},{"$f":"IF('AVI Antenna (Desc)'!C21=\"\",\"\",'AVI Antenna (Desc)'!C21)","v":""},{"$f":"IF('AVI Antenna (Desc)'!D21=\"\",\"\",INDEX([1]ASSET_ID_SOURCE!$A$2:$A$50,MATCH('AVI Antenna (Desc)'!D21,[1]!MASTER_ASSET_ID_SOURCE_DESC,0),0))","v":""},{"$f":"IF('AVI Antenna (Desc)'!F21=\"\",\"\",'AVI Antenna (Desc)'!E21)","v":""},{"$f":"IF('AVI Antenna (Desc)'!F21=\"\",\"\",INDEX([1]ANTENNA_TYPE!$A$2:$A$100,MATCH('AVI Antenna (Desc)'!$F21,[1]!MASTER_ANTENNA_TYPE_DESC[#Data],0),0))","v":""},{"$f":"IF('AVI Antenna (Desc)'!G21=\"\",\"\",INDEX([1]ANTENNA_MANUF!$A$2:$A$100,MATCH('AVI Antenna (Desc)'!$G21,[1]!MASTER_ANTENNA_MANUF_DESC[#Data],0),0))","v":""},{"$f":"IF('AVI Antenna (Desc)'!H21=\"\",\"\",INDEX([1]ANTENNA_MODEL!$A$2:$A$50,MATCH(1,([1]ANTENNA_MODEL!$C$2:$C$50='AVI Antenna (Desc)'!$G21)*([1]ANTENNA_MODEL!$D$2:$D$50='AVI Antenna (Desc)'!$H21),0),0))","v":""},{"$f":"IF('AVI Antenna (Desc)'!I21=\"\",\"\",INDEX([1]LANE_COVERAGE!$A$2:$A$100,MATCH('AVI Antenna (Desc)'!$I21,[1]!MASTER_LANE_COVERAGE_DESC[#Data],0),0))","v":""},{"$f":"IF('AVI Antenna (Desc)'!J21=\"\",\"\",INDEX([1]LANE_DIRECTION!$A$2:$A$100,MATCH('AVI Antenna (Desc)'!$J21,[1]!MASTER_LANE_DIRECTION_DESC[#Data],0),0))","v":""}]
[{"$f":"IF('AVI Antenna (Desc)'!B22=\"\",\"\",\"2007\")","v":""},{"$f":"IF('AVI Antenna (Desc)'!E22=\"\",\"\",'AVI Antenna (Desc)'!B22)","v":""},{"$f":"IF('AVI Antenna (Desc)'!C22=\"\",\"\",'AVI Antenna (Desc)'!C22)","v":""},{"$f":"IF('AVI Antenna (Desc)'!D22=\"\",\"\",INDEX([1]ASSET_ID_SOURCE!$A$2:$A$50,MATCH('AVI Antenna (Desc)'!D22,[1]!MASTER_ASSET_ID_SOURCE_DESC,0),0))","v":""},{"$f":"IF('AVI Antenna (Desc)'!F22=\"\",\"\",'AVI Antenna (Desc)'!E22)","v":""},{"$f":"IF('AVI Antenna (Desc)'!F22=\"\",\"\",INDEX([1]ANTENNA_TYPE!$A$2:$A$100,MATCH('AVI Antenna (Desc)'!$F22,[1]!MASTER_ANTENNA_TYPE_DESC[#Data],0),0))","v":""},{"$f":"IF('AVI Antenna (Desc)'!G22=\"\",\"\",INDEX([1]ANTENNA_MANUF!$A$2:$A$100,MATCH('AVI Antenna (Desc)'!$G22,[1]!MASTER_ANTENNA_MANUF_DESC[#Data],0),0))","v":""},{"$f":"IF('AVI Antenna (Desc)'!H22=\"\",\"\",INDEX([1]ANTENNA_MODEL!$A$2:$A$50,MATCH(1,([1]ANTENNA_MODEL!$C$2:$C$50='AVI Antenna (Desc)'!$G22)*([1]ANTENNA_MODEL!$D$2:$D$50='AVI Antenna (Desc)'!$H22),0),0))","v":""},{"$f":"IF('AVI Antenna (Desc)'!I22=\"\",\"\",INDEX([1]LANE_COVERAGE!$A$2:$A$100,MATCH('AVI Antenna (Desc)'!$I22,[1]!MASTER_LANE_COVERAGE_DESC[#Data],0),0))","v":""},{"$f":"IF('AVI Antenna (Desc)'!J22=\"\",\"\",INDEX([1]LANE_DIRECTION!$A$2:$A$100,MATCH('AVI Antenna (Desc)'!$J22,[1]!MASTER_LANE_DIRECTION_DESC[#Data],0),0))","v":""}]
[{"$f":"IF('AVI Antenna (Desc)'!B23=\"\",\"\",\"2007\")","v":""},{"$f":"IF('AVI Antenna (Desc)'!E23=\"\",\"\",'AVI Antenna (Desc)'!B23)","v":""},{"$f":"IF('AVI Antenna (Desc)'!C23=\"\",\"\",'AVI Antenna (Desc)'!C23)","v":""},{"$f":"IF('AVI Antenna (Desc)'!D23=\"\",\"\",INDEX([1]ASSET_ID_SOURCE!$A$2:$A$50,MATCH('AVI Antenna (Desc)'!D23,[1]!MASTER_ASSET_ID_SOURCE_DESC,0),0))","v":""},{"$f":"IF('AVI Antenna (Desc)'!F23=\"\",\"\",'AVI Antenna (Desc)'!E23)","v":""},{"$f":"IF('AVI Antenna (Desc)'!F23=\"\",\"\",INDEX([1]ANTENNA_TYPE!$A$2:$A$100,MATCH('AVI Antenna (Desc)'!$F23,[1]!MASTER_ANTENNA_TYPE_DESC[#Data],0),0))","v":""},{"$f":"IF('AVI Antenna (Desc)'!G23=\"\",\"\",INDEX([1]ANTENNA_MANUF!$A$2:$A$100,MATCH('AVI Antenna (Desc)'!$G23,[1]!MASTER_ANTENNA_MANUF_DESC[#Data],0),0))","v":""},{"$f":"IF('AVI Antenna (Desc)'!H23=\"\",\"\",INDEX([1]ANTENNA_MODEL!$A$2:$A$50,MATCH(1,([1]ANTENNA_MODEL!$C$2:$C$50='AVI Antenna (Desc)'!$G23)*([1]ANTENNA_MODEL!$D$2:$D$50='AVI Antenna (Desc)'!$H23),0),0))","v":""},{"$f":"IF('AVI Antenna (Desc)'!I23=\"\",\"\",INDEX([1]LANE_COVERAGE!$A$2:$A$100,MATCH('AVI Antenna (Desc)'!$I23,[1]!MASTER_LANE_COVERAGE_DESC[#Data],0),0))","v":""},{"$f":"IF('AVI Antenna (Desc)'!J23=\"\",\"\",INDEX([1]LANE_DIRECTION!$A$2:$A$100,MATCH('AVI Antenna (Desc)'!$J23,[1]!MASTER_LANE_DIRECTION_DESC[#Data],0),0))","v":""}]
[{"$f":"IF('AVI Antenna (Desc)'!B24=\"\",\"\",\"2007\")","v":""},{"$f":"IF('AVI Antenna (Desc)'!E24=\"\",\"\",'AVI Antenna (Desc)'!B24)","v":""},{"$f":"IF('AVI Antenna (Desc)'!C24=\"\",\"\",'AVI Antenna (Desc)'!C24)","v":""},{"$f":"IF('AVI Antenna (Desc)'!D24=\"\",\"\",INDEX([1]ASSET_ID_SOURCE!$A$2:$A$50,MATCH('AVI Antenna (Desc)'!D24,[1]!MASTER_ASSET_ID_SOURCE_DESC,0),0))","v":""},{"$f":"IF('AVI Antenna (Desc)'!F24=\"\",\"\",'AVI Antenna (Desc)'!E24)","v":""},{"$f":"IF('AVI Antenna (Desc)'!F24=\"\",\"\",INDEX([1]ANTENNA_TYPE!$A$2:$A$100,MATCH('AVI Antenna (Desc)'!$F24,[1]!MASTER_ANTENNA_TYPE_DESC[#Data],0),0))","v":""},{"$f":"IF('AVI Antenna (Desc)'!G24=\"\",\"\",INDEX([1]ANTENNA_MANUF!$A$2:$A$100,MATCH('AVI Antenna (Desc)'!$G24,[1]!MASTER_ANTENNA_MANUF_DESC[#Data],0),0))","v":""},{"$f":"IF('AVI Antenna (Desc)'!H24=\"\",\"\",INDEX([1]ANTENNA_MODEL!$A$2:$A$50,MATCH(1,([1]ANTENNA_MODEL!$C$2:$C$50='AVI Antenna (Desc)'!$G24)*([1]ANTENNA_MODEL!$D$2:$D$50='AVI Antenna (Desc)'!$H24),0),0))","v":""},{"$f":"IF('AVI Antenna (Desc)'!I24=\"\",\"\",INDEX([1]LANE_COVERAGE!$A$2:$A$100,MATCH('AVI Antenna (Desc)'!$I24,[1]!MASTER_LANE_COVERAGE_DESC[#Data],0),0))","v":""},{"$f":"IF('AVI Antenna (Desc)'!J24=\"\",\"\",INDEX([1]LANE_DIRECTION!$A$2:$A$100,MATCH('AVI Antenna (Desc)'!$J24,[1]!MASTER_LANE_DIRECTION_DESC[#Data],0),0))","v":""}]
[{"$f":"IF('AVI Antenna (Desc)'!B25=\"\",\"\",\"2007\")","v":""},{"$f":"IF('AVI Antenna (Desc)'!E25=\"\",\"\",'AVI Antenna (Desc)'!B25)","v":""},{"$f":"IF('AVI Antenna (Desc)'!C25=\"\",\"\",'AVI Antenna (Desc)'!C25)","v":""},{"$f":"IF('AVI Antenna (Desc)'!D25=\"\",\"\",INDEX([1]ASSET_ID_SOURCE!$A$2:$A$50,MATCH('AVI Antenna (Desc)'!D25,[1]!MASTER_ASSET_ID_SOURCE_DESC,0),0))","v":""},{"$f":"IF('AVI Antenna (Desc)'!F25=\"\",\"\",'AVI Antenna (Desc)'!E25)","v":""},{"$f":"IF('AVI Antenna (Desc)'!F25=\"\",\"\",INDEX([1]ANTENNA_TYPE!$A$2:$A$100,MATCH('AVI Antenna (Desc)'!$F25,[1]!MASTER_ANTENNA_TYPE_DESC[#Data],0),0))","v":""},{"$f":"IF('AVI Antenna (Desc)'!G25=\"\",\"\",INDEX([1]ANTENNA_MANUF!$A$2:$A$100,MATCH('AVI Antenna (Desc)'!$G25,[1]!MASTER_ANTENNA_MANUF_DESC[#Data],0),0))","v":""},{"$f":"IF('AVI Antenna (Desc)'!H25=\"\",\"\",INDEX([1]ANTENNA_MODEL!$A$2:$A$50,MATCH(1,([1]ANTENNA_MODEL!$C$2:$C$50='AVI Antenna (Desc)'!$G25)*([1]ANTENNA_MODEL!$D$2:$D$50='AVI Antenna (Desc)'!$H25),0),0))","v":""},{"$f":"IF('AVI Antenna (Desc)'!I25=\"\",\"\",INDEX([1]LANE_COVERAGE!$A$2:$A$100,MATCH('AVI Antenna (Desc)'!$I25,[1]!MASTER_LANE_COVERAGE_DESC[#Data],0),0))","v":""},{"$f":"IF('AVI Antenna (Desc)'!J25=\"\",\"\",INDEX([1]LANE_DIRECTION!$A$2:$A$100,MATCH('AVI Antenna (Desc)'!$J25,[1]!MASTER_LANE_DIRECTION_DESC[#Data],0),0))","v":""}]
[{"$f":"IF('AVI Antenna (Desc)'!B26=\"\",\"\",\"2007\")","v":""},{"$f":"IF('AVI Antenna (Desc)'!E26=\"\",\"\",'AVI Antenna (Desc)'!B26)","v":""},{"$f":"IF('AVI Antenna (Desc)'!C26=\"\",\"\",'AVI Antenna (Desc)'!C26)","v":""},{"$f":"IF('AVI Antenna (Desc)'!D26=\"\",\"\",INDEX([1]ASSET_ID_SOURCE!$A$2:$A$50,MATCH('AVI Antenna (Desc)'!D26,[1]!MASTER_ASSET_ID_SOURCE_DESC,0),0))","v":""},{"$f":"IF('AVI Antenna (Desc)'!F26=\"\",\"\",'AVI Antenna (Desc)'!E26)","v":""},{"$f":"IF('AVI Antenna (Desc)'!F26=\"\",\"\",INDEX([1]ANTENNA_TYPE!$A$2:$A$100,MATCH('AVI Antenna (Desc)'!$F26,[1]!MASTER_ANTENNA_TYPE_DESC[#Data],0),0))","v":""},{"$f":"IF('AVI Antenna (Desc)'!G26=\"\",\"\",INDEX([1]ANTENNA_MANUF!$A$2:$A$100,MATCH('AVI Antenna (Desc)'!$G26,[1]!MASTER_ANTENNA_MANUF_DESC[#Data],0),0))","v":""},{"$f":"IF('AVI Antenna (Desc)'!H26=\"\",\"\",INDEX([1]ANTENNA_MODEL!$A$2:$A$50,MATCH(1,([1]ANTENNA_MODEL!$C$2:$C$50='AVI Antenna (Desc)'!$G26)*([1]ANTENNA_MODEL!$D$2:$D$50='AVI Antenna (Desc)'!$H26),0),0))","v":""},{"$f":"IF('AVI Antenna (Desc)'!I26=\"\",\"\",INDEX([1]LANE_COVERAGE!$A$2:$A$100,MATCH('AVI Antenna (Desc)'!$I26,[1]!MASTER_LANE_COVERAGE_DESC[#Data],0),0))","v":""},{"$f":"IF('AVI Antenna (Desc)'!J26=\"\",\"\",INDEX([1]LANE_DIRECTION!$A$2:$A$100,MATCH('AVI Antenna (Desc)'!$J26,[1]!MASTER_LANE_DIRECTION_DESC[#Data],0),0))","v":""}]
[{"$f":"IF('AVI Antenna (Desc)'!B27=\"\",\"\",\"2007\")","v":""},{"$f":"IF('AVI Antenna (Desc)'!E27=\"\",\"\",'AVI Antenna (Desc)'!B27)","v":""},{"$f":"IF('AVI Antenna (Desc)'!C27=\"\",\"\",'AVI Antenna (Desc)'!C27)","v":""},{"$f":"IF('AVI Antenna (Desc)'!D27=\"\",\"\",INDEX([1]ASSET_ID_SOURCE!$A$2:$A$50,MATCH('AVI Antenna (Desc)'!D27,[1]!MASTER_ASSET_ID_SOURCE_DESC,0),0))","v":""},{"$f":"IF('AVI Antenna (Desc)'!F27=\"\",\"\",'AVI Antenna (Desc)'!E27)","v":""},{"$f":"IF('AVI Antenna (Desc)'!F27=\"\",\"\",INDEX([1]ANTENNA_TYPE!$A$2:$A$100,MATCH('AVI Antenna (Desc)'!$F27,[1]!MASTER_ANTENNA_TYPE_DESC[#Data],0),0))","v":""},{"$f":"IF('AVI Antenna (Desc)'!G27=\"\",\"\",INDEX([1]ANTENNA_MANUF!$A$2:$A$100,MATCH('AVI Antenna (Desc)'!$G27,[1]!MASTER_ANTENNA_MANUF_DESC[#Data],0),0))","v":""},{"$f":"IF('AVI Antenna (Desc)'!H27=\"\",\"\",INDEX([1]ANTENNA_MODEL!$A$2:$A$50,MATCH(1,([1]ANTENNA_MODEL!$C$2:$C$50='AVI Antenna (Desc)'!$G27)*([1]ANTENNA_MODEL!$D$2:$D$50='AVI Antenna (Desc)'!$H27),0),0))","v":""},{"$f":"IF('AVI Antenna (Desc)'!I27=\"\",\"\",INDEX([1]LANE_COVERAGE!$A$2:$A$100,MATCH('AVI Antenna (Desc)'!$I27,[1]!MASTER_LANE_COVERAGE_DESC[#Data],0),0))","v":""},{"$f":"IF('AVI Antenna (Desc)'!J27=\"\",\"\",INDEX([1]LANE_DIRECTION!$A$2:$A$100,MATCH('AVI Antenna (Desc)'!$J27,[1]!MASTER_LANE_DIRECTION_DESC[#Data],0),0))","v":""}]
[{"$f":"IF('AVI Antenna (Desc)'!B28=\"\",\"\",\"2007\")","v":""},{"$f":"IF('AVI Antenna (Desc)'!E28=\"\",\"\",'AVI Antenna (Desc)'!B28)","v":""},{"$f":"IF('AVI Antenna (Desc)'!C28=\"\",\"\",'AVI Antenna (Desc)'!C28)","v":""},{"$f":"IF('AVI Antenna (Desc)'!D28=\"\",\"\",INDEX([1]ASSET_ID_SOURCE!$A$2:$A$50,MATCH('AVI Antenna (Desc)'!D28,[1]!MASTER_ASSET_ID_SOURCE_DESC,0),0))","v":""},{"$f":"IF('AVI Antenna (Desc)'!F28=\"\",\"\",'AVI Antenna (Desc)'!E28)","v":""},{"$f":"IF('AVI Antenna (Desc)'!F28=\"\",\"\",INDEX([1]ANTENNA_TYPE!$A$2:$A$100,MATCH('AVI Antenna (Desc)'!$F28,[1]!MASTER_ANTENNA_TYPE_DESC[#Data],0),0))","v":""},{"$f":"IF('AVI Antenna (Desc)'!G28=\"\",\"\",INDEX([1]ANTENNA_MANUF!$A$2:$A$100,MATCH('AVI Antenna (Desc)'!$G28,[1]!MASTER_ANTENNA_MANUF_DESC[#Data],0),0))","v":""},{"$f":"IF('AVI Antenna (Desc)'!H28=\"\",\"\",INDEX([1]ANTENNA_MODEL!$A$2:$A$50,MATCH(1,([1]ANTENNA_MODEL!$C$2:$C$50='AVI Antenna (Desc)'!$G28)*([1]ANTENNA_MODEL!$D$2:$D$50='AVI Antenna (Desc)'!$H28),0),0))","v":""},{"$f":"IF('AVI Antenna (Desc)'!I28=\"\",\"\",INDEX([1]LANE_COVERAGE!$A$2:$A$100,MATCH('AVI Antenna (Desc)'!$I28,[1]!MASTER_LANE_COVERAGE_DESC[#Data],0),0))","v":""},{"$f":"IF('AVI Antenna (Desc)'!J28=\"\",\"\",INDEX([1]LANE_DIRECTION!$A$2:$A$100,MATCH('AVI Antenna (Desc)'!$J28,[1]!MASTER_LANE_DIRECTION_DESC[#Data],0),0))","v":""}]
[{"$f":"IF('AVI Antenna (Desc)'!B29=\"\",\"\",\"2007\")","v":""},{"$f":"IF('AVI Antenna (Desc)'!E29=\"\",\"\",'AVI Antenna (Desc)'!B29)","v":""},{"$f":"IF('AVI Antenna (Desc)'!C29=\"\",\"\",'AVI Antenna (Desc)'!C29)","v":""},{"$f":"IF('AVI Antenna (Desc)'!D29=\"\",\"\",INDEX([1]ASSET_ID_SOURCE!$A$2:$A$50,MATCH('AVI Antenna (Desc)'!D29,[1]!MASTER_ASSET_ID_SOURCE_DESC,0),0))","v":""},{"$f":"IF('AVI Antenna (Desc)'!F29=\"\",\"\",'AVI Antenna (Desc)'!E29)","v":""},{"$f":"IF('AVI Antenna (Desc)'!F29=\"\",\"\",INDEX([1]ANTENNA_TYPE!$A$2:$A$100,MATCH('AVI Antenna (Desc)'!$F29,[1]!MASTER_ANTENNA_TYPE_DESC[#Data],0),0))","v":""},{"$f":"IF('AVI Antenna (Desc)'!G29=\"\",\"\",INDEX([1]ANTENNA_MANUF!$A$2:$A$100,MATCH('AVI Antenna (Desc)'!$G29,[1]!MASTER_ANTENNA_MANUF_DESC[#Data],0),0))","v":""},{"$f":"IF('AVI Antenna (Desc)'!H29=\"\",\"\",INDEX([1]ANTENNA_MODEL!$A$2:$A$50,MATCH(1,([1]ANTENNA_MODEL!$C$2:$C$50='AVI Antenna (Desc)'!$G29)*([1]ANTENNA_MODEL!$D$2:$D$50='AVI Antenna (Desc)'!$H29),0),0))","v":""},{"$f":"IF('AVI Antenna (Desc)'!I29=\"\",\"\",INDEX([1]LANE_COVERAGE!$A$2:$A$100,MATCH('AVI Antenna (Desc)'!$I29,[1]!MASTER_LANE_COVERAGE_DESC[#Data],0),0))","v":""},{"$f":"IF('AVI Antenna (Desc)'!J29=\"\",\"\",INDEX([1]LANE_DIRECTION!$A$2:$A$100,MATCH('AVI Antenna (Desc)'!$J29,[1]!MASTER_LANE_DIRECTION_DESC[#Data],0),0))","v":""}]
[{"$f":"IF('AVI Antenna (Desc)'!B30=\"\",\"\",\"2007\")","v":""},{"$f":"IF('AVI Antenna (Desc)'!E30=\"\",\"\",'AVI Antenna (Desc)'!B30)","v":""},{"$f":"IF('AVI Antenna (Desc)'!C30=\"\",\"\",'AVI Antenna (Desc)'!C30)","v":""},{"$f":"IF('AVI Antenna (Desc)'!D30=\"\",\"\",INDEX([1]ASSET_ID_SOURCE!$A$2:$A$50,MATCH('AVI Antenna (Desc)'!D30,[1]!MASTER_ASSET_ID_SOURCE_DESC,0),0))","v":""},{"$f":"IF('AVI Antenna (Desc)'!F30=\"\",\"\",'AVI Antenna (Desc)'!E30)","v":""},{"$f":"IF('AVI Antenna (Desc)'!F30=\"\",\"\",INDEX([1]ANTENNA_TYPE!$A$2:$A$100,MATCH('AVI Antenna (Desc)'!$F30,[1]!MASTER_ANTENNA_TYPE_DESC[#Data],0),0))","v":""},{"$f":"IF('AVI Antenna (Desc)'!G30=\"\",\"\",INDEX([1]ANTENNA_MANUF!$A$2:$A$100,MATCH('AVI Antenna (Desc)'!$G30,[1]!MASTER_ANTENNA_MANUF_DESC[#Data],0),0))","v":""},{"$f":"IF('AVI Antenna (Desc)'!H30=\"\",\"\",INDEX([1]ANTENNA_MODEL!$A$2:$A$50,MATCH(1,([1]ANTENNA_MODEL!$C$2:$C$50='AVI Antenna (Desc)'!$G30)*([1]ANTENNA_MODEL!$D$2:$D$50='AVI Antenna (Desc)'!$H30),0),0))","v":""},{"$f":"IF('AVI Antenna (Desc)'!I30=\"\",\"\",INDEX([1]LANE_COVERAGE!$A$2:$A$100,MATCH('AVI Antenna (Desc)'!$I30,[1]!MASTER_LANE_COVERAGE_DESC[#Data],0),0))","v":""},{"$f":"IF('AVI Antenna (Desc)'!J30=\"\",\"\",INDEX([1]LANE_DIRECTION!$A$2:$A$100,MATCH('AVI Antenna (Desc)'!$J30,[1]!MASTER_LANE_DIRECTION_DESC[#Data],0),0))","v":""}]
[{"$f":"IF('AVI Antenna (Desc)'!B31=\"\",\"\",\"2007\")","v":""},{"$f":"IF('AVI Antenna (Desc)'!E31=\"\",\"\",'AVI Antenna (Desc)'!B31)","v":""},{"$f":"IF('AVI Antenna (Desc)'!C31=\"\",\"\",'AVI Antenna (Desc)'!C31)","v":""},{"$f":"IF('AVI Antenna (Desc)'!D31=\"\",\"\",INDEX([1]ASSET_ID_SOURCE!$A$2:$A$50,MATCH('AVI Antenna (Desc)'!D31,[1]!MASTER_ASSET_ID_SOURCE_DESC,0),0))","v":""},{"$f":"IF('AVI Antenna (Desc)'!F31=\"\",\"\",'AVI Antenna (Desc)'!E31)","v":""},{"$f":"IF('AVI Antenna (Desc)'!F31=\"\",\"\",INDEX([1]ANTENNA_TYPE!$A$2:$A$100,MATCH('AVI Antenna (Desc)'!$F31,[1]!MASTER_ANTENNA_TYPE_DESC[#Data],0),0))","v":""},{"$f":"IF('AVI Antenna (Desc)'!G31=\"\",\"\",INDEX([1]ANTENNA_MANUF!$A$2:$A$100,MATCH('AVI Antenna (Desc)'!$G31,[1]!MASTER_ANTENNA_MANUF_DESC[#Data],0),0))","v":""},{"$f":"IF('AVI Antenna (Desc)'!H31=\"\",\"\",INDEX([1]ANTENNA_MODEL!$A$2:$A$50,MATCH(1,([1]ANTENNA_MODEL!$C$2:$C$50='AVI Antenna (Desc)'!$G31)*([1]ANTENNA_MODEL!$D$2:$D$50='AVI Antenna (Desc)'!$H31),0),0))","v":""},{"$f":"IF('AVI Antenna (Desc)'!I31=\"\",\"\",INDEX([1]LANE_COVERAGE!$A$2:$A$100,MATCH('AVI Antenna (Desc)'!$I31,[1]!MASTER_LANE_COVERAGE_DESC[#Data],0),0))","v":""},{"$f":"IF('AVI Antenna (Desc)'!J31=\"\",\"\",INDEX([1]LANE_DIRECTION!$A$2:$A$100,MATCH('AVI Antenna (Desc)'!$J31,[1]!MASTER_LANE_DIRECTION_DESC[#Data],0),0))","v":""}]
[{"$f":"IF('AVI Antenna (Desc)'!B32=\"\",\"\",\"2007\")","v":""},{"$f":"IF('AVI Antenna (Desc)'!E32=\"\",\"\",'AVI Antenna (Desc)'!B32)","v":""},{"$f":"IF('AVI Antenna (Desc)'!C32=\"\",\"\",'AVI Antenna (Desc)'!C32)","v":""},{"$f":"IF('AVI Antenna (Desc)'!D32=\"\",\"\",INDEX([1]ASSET_ID_SOURCE!$A$2:$A$50,MATCH('AVI Antenna (Desc)'!D32,[1]!MASTER_ASSET_ID_SOURCE_DESC,0),0))","v":""},{"$f":"IF('AVI Antenna (Desc)'!F32=\"\",\"\",'AVI Antenna (Desc)'!E32)","v":""},{"$f":"IF('AVI Antenna (Desc)'!F32=\"\",\"\",INDEX([1]ANTENNA_TYPE!$A$2:$A$100,MATCH('AVI Antenna (Desc)'!$F32,[1]!MASTER_ANTENNA_TYPE_DESC[#Data],0),0))","v":""},{"$f":"IF('AVI Antenna (Desc)'!G32=\"\",\"\",INDEX([1]ANTENNA_MANUF!$A$2:$A$100,MATCH('AVI Antenna (Desc)'!$G32,[1]!MASTER_ANTENNA_MANUF_DESC[#Data],0),0))","v":""},{"$f":"IF('AVI Antenna (Desc)'!H32=\"\",\"\",INDEX([1]ANTENNA_MODEL!$A$2:$A$50,MATCH(1,([1]ANTENNA_MODEL!$C$2:$C$50='AVI Antenna (Desc)'!$G32)*([1]ANTENNA_MODEL!$D$2:$D$50='AVI Antenna (Desc)'!$H32),0),0))","v":""},{"$f":"IF('AVI Antenna (Desc)'!I32=\"\",\"\",INDEX([1]LANE_COVERAGE!$A$2:$A$100,MATCH('AVI Antenna (Desc)'!$I32,[1]!MASTER_LANE_COVERAGE_DESC[#Data],0),0))","v":""},{"$f":"IF('AVI Antenna (Desc)'!J32=\"\",\"\",INDEX([1]LANE_DIRECTION!$A$2:$A$100,MATCH('AVI Antenna (Desc)'!$J32,[1]!MASTER_LANE_DIRECTION_DESC[#Data],0),0))","v":""}]
[{"$f":"IF('AVI Antenna (Desc)'!B33=\"\",\"\",\"2007\")","v":""},{"$f":"IF('AVI Antenna (Desc)'!E33=\"\",\"\",'AVI Antenna (Desc)'!B33)","v":""},{"$f":"IF('AVI Antenna (Desc)'!C33=\"\",\"\",'AVI Antenna (Desc)'!C33)","v":""},{"$f":"IF('AVI Antenna (Desc)'!D33=\"\",\"\",INDEX([1]ASSET_ID_SOURCE!$A$2:$A$50,MATCH('AVI Antenna (Desc)'!D33,[1]!MASTER_ASSET_ID_SOURCE_DESC,0),0))","v":""},{"$f":"IF('AVI Antenna (Desc)'!F33=\"\",\"\",'AVI Antenna (Desc)'!E33)","v":""},{"$f":"IF('AVI Antenna (Desc)'!F33=\"\",\"\",INDEX([1]ANTENNA_TYPE!$A$2:$A$100,MATCH('AVI Antenna (Desc)'!$F33,[1]!MASTER_ANTENNA_TYPE_DESC[#Data],0),0))","v":""},{"$f":"IF('AVI Antenna (Desc)'!G33=\"\",\"\",INDEX([1]ANTENNA_MANUF!$A$2:$A$100,MATCH('AVI Antenna (Desc)'!$G33,[1]!MASTER_ANTENNA_MANUF_DESC[#Data],0),0))","v":""},{"$f":"IF('AVI Antenna (Desc)'!H33=\"\",\"\",INDEX([1]ANTENNA_MODEL!$A$2:$A$50,MATCH(1,([1]ANTENNA_MODEL!$C$2:$C$50='AVI Antenna (Desc)'!$G33)*([1]ANTENNA_MODEL!$D$2:$D$50='AVI Antenna (Desc)'!$H33),0),0))","v":""},{"$f":"IF('AVI Antenna (Desc)'!I33=\"\",\"\",INDEX([1]LANE_COVERAGE!$A$2:$A$100,MATCH('AVI Antenna (Desc)'!$I33,[1]!MASTER_LANE_COVERAGE_DESC[#Data],0),0))","v":""},{"$f":"IF('AVI Antenna (Desc)'!J33=\"\",\"\",INDEX([1]LANE_DIRECTION!$A$2:$A$100,MATCH('AVI Antenna (Desc)'!$J33,[1]!MASTER_LANE_DIRECTION_DESC[#Data],0),0))","v":""}]
[{"$f":"IF('AVI Antenna (Desc)'!B34=\"\",\"\",\"2007\")","v":""},{"$f":"IF('AVI Antenna (Desc)'!E34=\"\",\"\",'AVI Antenna (Desc)'!B34)","v":""},{"$f":"IF('AVI Antenna (Desc)'!C34=\"\",\"\",'AVI Antenna (Desc)'!C34)","v":""},{"$f":"IF('AVI Antenna (Desc)'!D34=\"\",\"\",INDEX([1]ASSET_ID_SOURCE!$A$2:$A$50,MATCH('AVI Antenna (Desc)'!D34,[1]!MASTER_ASSET_ID_SOURCE_DESC,0),0))","v":""},{"$f":"IF('AVI Antenna (Desc)'!F34=\"\",\"\",'AVI Antenna (Desc)'!E34)","v":""},{"$f":"IF('AVI Antenna (Desc)'!F34=\"\",\"\",INDEX([1]ANTENNA_TYPE!$A$2:$A$100,MATCH('AVI Antenna (Desc)'!$F34,[1]!MASTER_ANTENNA_TYPE_DESC[#Data],0),0))","v":""},{"$f":"IF('AVI Antenna (Desc)'!G34=\"\",\"\",INDEX([1]ANTENNA_MANUF!$A$2:$A$100,MATCH('AVI Antenna (Desc)'!$G34,[1]!MASTER_ANTENNA_MANUF_DESC[#Data],0),0))","v":""},{"$f":"IF('AVI Antenna (Desc)'!H34=\"\",\"\",INDEX([1]ANTENNA_MODEL!$A$2:$A$50,MATCH(1,([1]ANTENNA_MODEL!$C$2:$C$50='AVI Antenna (Desc)'!$G34)*([1]ANTENNA_MODEL!$D$2:$D$50='AVI Antenna (Desc)'!$H34),0),0))","v":""},{"$f":"IF('AVI Antenna (Desc)'!I34=\"\",\"\",INDEX([1]LANE_COVERAGE!$A$2:$A$100,MATCH('AVI Antenna (Desc)'!$I34,[1]!MASTER_LANE_COVERAGE_DESC[#Data],0),0))","v":""},{"$f":"IF('AVI Antenna (Desc)'!J34=\"\",\"\",INDEX([1]LANE_DIRECTION!$A$2:$A$100,MATCH('AVI Antenna (Desc)'!$J34,[1]!MASTER_LANE_DIRECTION_DESC[#Data],0),0))","v":""}]
[{"$f":"IF('AVI Antenna (Desc)'!B35=\"\",\"\",\"2007\")","v":""},{"$f":"IF('AVI Antenna (Desc)'!E35=\"\",\"\",'AVI Antenna (Desc)'!B35)","v":""},{"$f":"IF('AVI Antenna (Desc)'!C35=\"\",\"\",'AVI Antenna (Desc)'!C35)","v":""},{"$f":"IF('AVI Antenna (Desc)'!D35=\"\",\"\",INDEX([1]ASSET_ID_SOURCE!$A$2:$A$50,MATCH('AVI Antenna (Desc)'!D35,[1]!MASTER_ASSET_ID_SOURCE_DESC,0),0))","v":""},{"$f":"IF('AVI Antenna (Desc)'!F35=\"\",\"\",'AVI Antenna (Desc)'!E35)","v":""},{"$f":"IF('AVI Antenna (Desc)'!F35=\"\",\"\",INDEX([1]ANTENNA_TYPE!$A$2:$A$100,MATCH('AVI Antenna (Desc)'!$F35,[1]!MASTER_ANTENNA_TYPE_DESC[#Data],0),0))","v":""},{"$f":"IF('AVI Antenna (Desc)'!G35=\"\",\"\",INDEX([1]ANTENNA_MANUF!$A$2:$A$100,MATCH('AVI Antenna (Desc)'!$G35,[1]!MASTER_ANTENNA_MANUF_DESC[#Data],0),0))","v":""},{"$f":"IF('AVI Antenna (Desc)'!H35=\"\",\"\",INDEX([1]ANTENNA_MODEL!$A$2:$A$50,MATCH(1,([1]ANTENNA_MODEL!$C$2:$C$50='AVI Antenna (Desc)'!$G35)*([1]ANTENNA_MODEL!$D$2:$D$50='AVI Antenna (Desc)'!$H35),0),0))","v":""},{"$f":"IF('AVI Antenna (Desc)'!I35=\"\",\"\",INDEX([1]LANE_COVERAGE!$A$2:$A$100,MATCH('AVI Antenna (Desc)'!$I35,[1]!MASTER_LANE_COVERAGE_DESC[#Data],0),0))","v":""},{"$f":"IF('AVI Antenna (Desc)'!J35=\"\",\"\",INDEX([1]LANE_DIRECTION!$A$2:$A$100,MATCH('AVI Antenna (Desc)'!$J35,[1]!MASTER_LANE_DIRECTION_DESC[#Data],0),0))","v":""}]
[{"$f":"IF('AVI Antenna (Desc)'!B36=\"\",\"\",\"2007\")","v":""},{"$f":"IF('AVI Antenna (Desc)'!E36=\"\",\"\",'AVI Antenna (Desc)'!B36)","v":""},{"$f":"IF('AVI Antenna (Desc)'!C36=\"\",\"\",'AVI Antenna (Desc)'!C36)","v":""},{"$f":"IF('AVI Antenna (Desc)'!D36=\"\",\"\",INDEX([1]ASSET_ID_SOURCE!$A$2:$A$50,MATCH('AVI Antenna (Desc)'!D36,[1]!MASTER_ASSET_ID_SOURCE_DESC,0),0))","v":""},{"$f":"IF('AVI Antenna (Desc)'!F36=\"\",\"\",'AVI Antenna (Desc)'!E36)","v":""},{"$f":"IF('AVI Antenna (Desc)'!F36=\"\",\"\",INDEX([1]ANTENNA_TYPE!$A$2:$A$100,MATCH('AVI Antenna (Desc)'!$F36,[1]!MASTER_ANTENNA_TYPE_DESC[#Data],0),0))","v":""},{"$f":"IF('AVI Antenna (Desc)'!G36=\"\",\"\",INDEX([1]ANTENNA_MANUF!$A$2:$A$100,MATCH('AVI Antenna (Desc)'!$G36,[1]!MASTER_ANTENNA_MANUF_DESC[#Data],0),0))","v":""},{"$f":"IF('AVI Antenna (Desc)'!H36=\"\",\"\",INDEX([1]ANTENNA_MODEL!$A$2:$A$50,MATCH(1,([1]ANTENNA_MODEL!$C$2:$C$50='AVI Antenna (Desc)'!$G36)*([1]ANTENNA_MODEL!$D$2:$D$50='AVI Antenna (Desc)'!$H36),0),0))","v":""},{"$f":"IF('AVI Antenna (Desc)'!I36=\"\",\"\",INDEX([1]LANE_COVERAGE!$A$2:$A$100,MATCH('AVI Antenna (Desc)'!$I36,[1]!MASTER_LANE_COVERAGE_DESC[#Data],0),0))","v":""},{"$f":"IF('AVI Antenna (Desc)'!J36=\"\",\"\",INDEX([1]LANE_DIRECTION!$A$2:$A$100,MATCH('AVI Antenna (Desc)'!$J36,[1]!MASTER_LANE_DIRECTION_DESC[#Data],0),0))","v":""}]
[{"$f":"IF('AVI Antenna (Desc)'!B37=\"\",\"\",\"2007\")","v":""},{"$f":"IF('AVI Antenna (Desc)'!E37=\"\",\"\",'AVI Antenna (Desc)'!B37)","v":""},{"$f":"IF('AVI Antenna (Desc)'!C37=\"\",\"\",'AVI Antenna (Desc)'!C37)","v":""},{"$f":"IF('AVI Antenna (Desc)'!D37=\"\",\"\",INDEX([1]ASSET_ID_SOURCE!$A$2:$A$50,MATCH('AVI Antenna (Desc)'!D37,[1]!MASTER_ASSET_ID_SOURCE_DESC,0),0))","v":""},{"$f":"IF('AVI Antenna (Desc)'!F37=\"\",\"\",'AVI Antenna (Desc)'!E37)","v":""},{"$f":"IF('AVI Antenna (Desc)'!F37=\"\",\"\",INDEX([1]ANTENNA_TYPE!$A$2:$A$100,MATCH('AVI Antenna (Desc)'!$F37,[1]!MASTER_ANTENNA_TYPE_DESC[#Data],0),0))","v":""},{"$f":"IF('AVI Antenna (Desc)'!G37=\"\",\"\",INDEX([1]ANTENNA_MANUF!$A$2:$A$100,MATCH('AVI Antenna (Desc)'!$G37,[1]!MASTER_ANTENNA_MANUF_DESC[#Data],0),0))","v":""},{"$f":"IF('AVI Antenna (Desc)'!H37=\"\",\"\",INDEX([1]ANTENNA_MODEL!$A$2:$A$50,MATCH(1,([1]ANTENNA_MODEL!$C$2:$C$50='AVI Antenna (Desc)'!$G37)*([1]ANTENNA_MODEL!$D$2:$D$50='AVI Antenna (Desc)'!$H37),0),0))","v":""},{"$f":"IF('AVI Antenna (Desc)'!I37=\"\",\"\",INDEX([1]LANE_COVERAGE!$A$2:$A$100,MATCH('AVI Antenna (Desc)'!$I37,[1]!MASTER_LANE_COVERAGE_DESC[#Data],0),0))","v":""},{"$f":"IF('AVI Antenna (Desc)'!J37=\"\",\"\",INDEX([1]LANE_DIRECTION!$A$2:$A$100,MATCH('AVI Antenna (Desc)'!$J37,[1]!MASTER_LANE_DIRECTION_DESC[#Data],0),0))","v":""}]
[{"$f":"IF('AVI Antenna (Desc)'!B38=\"\",\"\",\"2007\")","v":""},{"$f":"IF('AVI Antenna (Desc)'!E38=\"\",\"\",'AVI Antenna (Desc)'!B38)","v":""},{"$f":"IF('AVI Antenna (Desc)'!C38=\"\",\"\",'AVI Antenna (Desc)'!C38)","v":""},{"$f":"IF('AVI Antenna (Desc)'!D38=\"\",\"\",INDEX([1]ASSET_ID_SOURCE!$A$2:$A$50,MATCH('AVI Antenna (Desc)'!D38,[1]!MASTER_ASSET_ID_SOURCE_DESC,0),0))","v":""},{"$f":"IF('AVI Antenna (Desc)'!F38=\"\",\"\",'AVI Antenna (Desc)'!E38)","v":""},{"$f":"IF('AVI Antenna (Desc)'!F38=\"\",\"\",INDEX([1]ANTENNA_TYPE!$A$2:$A$100,MATCH('AVI Antenna (Desc)'!$F38,[1]!MASTER_ANTENNA_TYPE_DESC[#Data],0),0))","v":""},{"$f":"IF('AVI Antenna (Desc)'!G38=\"\",\"\",INDEX([1]ANTENNA_MANUF!$A$2:$A$100,MATCH('AVI Antenna (Desc)'!$G38,[1]!MASTER_ANTENNA_MANUF_DESC[#Data],0),0))","v":""},{"$f":"IF('AVI Antenna (Desc)'!H38=\"\",\"\",INDEX([1]ANTENNA_MODEL!$A$2:$A$50,MATCH(1,([1]ANTENNA_MODEL!$C$2:$C$50='AVI Antenna (Desc)'!$G38)*([1]ANTENNA_MODEL!$D$2:$D$50='AVI Antenna (Desc)'!$H38),0),0))","v":""},{"$f":"IF('AVI Antenna (Desc)'!I38=\"\",\"\",INDEX([1]LANE_COVERAGE!$A$2:$A$100,MATCH('AVI Antenna (Desc)'!$I38,[1]!MASTER_LANE_COVERAGE_DESC[#Data],0),0))","v":""},{"$f":"IF('AVI Antenna (Desc)'!J38=\"\",\"\",INDEX([1]LANE_DIRECTION!$A$2:$A$100,MATCH('AVI Antenna (Desc)'!$J38,[1]!MASTER_LANE_DIRECTION_DESC[#Data],0),0))","v":""}]
[{"$f":"IF('AVI Antenna (Desc)'!B39=\"\",\"\",\"2007\")","v":""},{"$f":"IF('AVI Antenna (Desc)'!E39=\"\",\"\",'AVI Antenna (Desc)'!B39)","v":""},{"$f":"IF('AVI Antenna (Desc)'!C39=\"\",\"\",'AVI Antenna (Desc)'!C39)","v":""},{"$f":"IF('AVI Antenna (Desc)'!D39=\"\",\"\",INDEX([1]ASSET_ID_SOURCE!$A$2:$A$50,MATCH('AVI Antenna (Desc)'!D39,[1]!MASTER_ASSET_ID_SOURCE_DESC,0),0))","v":""},{"$f":"IF('AVI Antenna (Desc)'!F39=\"\",\"\",'AVI Antenna (Desc)'!E39)","v":""},{"$f":"IF('AVI Antenna (Desc)'!F39=\"\",\"\",INDEX([1]ANTENNA_TYPE!$A$2:$A$100,MATCH('AVI Antenna (Desc)'!$F39,[1]!MASTER_ANTENNA_TYPE_DESC[#Data],0),0))","v":""},{"$f":"IF('AVI Antenna (Desc)'!G39=\"\",\"\",INDEX([1]ANTENNA_MANUF!$A$2:$A$100,MATCH('AVI Antenna (Desc)'!$G39,[1]!MASTER_ANTENNA_MANUF_DESC[#Data],0),0))","v":""},{"$f":"IF('AVI Antenna (Desc)'!H39=\"\",\"\",INDEX([1]ANTENNA_MODEL!$A$2:$A$50,MATCH(1,([1]ANTENNA_MODEL!$C$2:$C$50='AVI Antenna (Desc)'!$G39)*([1]ANTENNA_MODEL!$D$2:$D$50='AVI Antenna (Desc)'!$H39),0),0))","v":""},{"$f":"IF('AVI Antenna (Desc)'!I39=\"\",\"\",INDEX([1]LANE_COVERAGE!$A$2:$A$100,MATCH('AVI Antenna (Desc)'!$I39,[1]!MASTER_LANE_COVERAGE_DESC[#Data],0),0))","v":""},{"$f":"IF('AVI Antenna (Desc)'!J39=\"\",\"\",INDEX([1]LANE_DIRECTION!$A$2:$A$100,MATCH('AVI Antenna (Desc)'!$J39,[1]!MASTER_LANE_DIRECTION_DESC[#Data],0),0))","v":""}]
[{"$f":"IF('AVI Antenna (Desc)'!B40=\"\",\"\",\"2007\")","v":""},{"$f":"IF('AVI Antenna (Desc)'!E40=\"\",\"\",'AVI Antenna (Desc)'!B40)","v":""},{"$f":"IF('AVI Antenna (Desc)'!C40=\"\",\"\",'AVI Antenna (Desc)'!C40)","v":""},{"$f":"IF('AVI Antenna (Desc)'!D40=\"\",\"\",INDEX([1]ASSET_ID_SOURCE!$A$2:$A$50,MATCH('AVI Antenna (Desc)'!D40,[1]!MASTER_ASSET_ID_SOURCE_DESC,0),0))","v":""},{"$f":"IF('AVI Antenna (Desc)'!F40=\"\",\"\",'AVI Antenna (Desc)'!E40)","v":""},{"$f":"IF('AVI Antenna (Desc)'!F40=\"\",\"\",INDEX([1]ANTENNA_TYPE!$A$2:$A$100,MATCH('AVI Antenna (Desc)'!$F40,[1]!MASTER_ANTENNA_TYPE_DESC[#Data],0),0))","v":""},{"$f":"IF('AVI Antenna (Desc)'!G40=\"\",\"\",INDEX([1]ANTENNA_MANUF!$A$2:$A$100,MATCH('AVI Antenna (Desc)'!$G40,[1]!MASTER_ANTENNA_MANUF_DESC[#Data],0),0))","v":""},{"$f":"IF('AVI Antenna (Desc)'!H40=\"\",\"\",INDEX([1]ANTENNA_MODEL!$A$2:$A$50,MATCH(1,([1]ANTENNA_MODEL!$C$2:$C$50='AVI Antenna (Desc)'!$G40)*([1]ANTENNA_MODEL!$D$2:$D$50='AVI Antenna (Desc)'!$H40),0),0))","v":""},{"$f":"IF('AVI Antenna (Desc)'!I40=\"\",\"\",INDEX([1]LANE_COVERAGE!$A$2:$A$100,MATCH('AVI Antenna (Desc)'!$I40,[1]!MASTER_LANE_COVERAGE_DESC[#Data],0),0))","v":""},{"$f":"IF('AVI Antenna (Desc)'!J40=\"\",\"\",INDEX([1]LANE_DIRECTION!$A$2:$A$100,MATCH('AVI Antenna (Desc)'!$J40,[1]!MASTER_LANE_DIRECTION_DESC[#Data],0),0))","v":""}]
[{"$f":"IF('AVI Antenna (Desc)'!B41=\"\",\"\",\"2007\")","v":""},{"$f":"IF('AVI Antenna (Desc)'!E41=\"\",\"\",'AVI Antenna (Desc)'!B41)","v":""},{"$f":"IF('AVI Antenna (Desc)'!C41=\"\",\"\",'AVI Antenna (Desc)'!C41)","v":""},{"$f":"IF('AVI Antenna (Desc)'!D41=\"\",\"\",INDEX([1]ASSET_ID_SOURCE!$A$2:$A$50,MATCH('AVI Antenna (Desc)'!D41,[1]!MASTER_ASSET_ID_SOURCE_DESC,0),0))","v":""},{"$f":"IF('AVI Antenna (Desc)'!F41=\"\",\"\",'AVI Antenna (Desc)'!E41)","v":""},{"$f":"IF('AVI Antenna (Desc)'!F41=\"\",\"\",INDEX([1]ANTENNA_TYPE!$A$2:$A$100,MATCH('AVI Antenna (Desc)'!$F41,[1]!MASTER_ANTENNA_TYPE_DESC[#Data],0),0))","v":""},{"$f":"IF('AVI Antenna (Desc)'!G41=\"\",\"\",INDEX([1]ANTENNA_MANUF!$A$2:$A$100,MATCH('AVI Antenna (Desc)'!$G41,[1]!MASTER_ANTENNA_MANUF_DESC[#Data],0),0))","v":""},{"$f":"IF('AVI Antenna (Desc)'!H41=\"\",\"\",INDEX([1]ANTENNA_MODEL!$A$2:$A$50,MATCH(1,([1]ANTENNA_MODEL!$C$2:$C$50='AVI Antenna (Desc)'!$G41)*([1]ANTENNA_MODEL!$D$2:$D$50='AVI Antenna (Desc)'!$H41),0),0))","v":""},{"$f":"IF('AVI Antenna (Desc)'!I41=\"\",\"\",INDEX([1]LANE_COVERAGE!$A$2:$A$100,MATCH('AVI Antenna (Desc)'!$I41,[1]!MASTER_LANE_COVERAGE_DESC[#Data],0),0))","v":""},{"$f":"IF('AVI Antenna (Desc)'!J41=\"\",\"\",INDEX([1]LANE_DIRECTION!$A$2:$A$100,MATCH('AVI Antenna (Desc)'!$J41,[1]!MASTER_LANE_DIRECTION_DESC[#Data],0),0))","v":""}]
[{"$f":"IF('AVI Antenna (Desc)'!B42=\"\",\"\",\"2007\")","v":""},{"$f":"IF('AVI Antenna (Desc)'!E42=\"\",\"\",'AVI Antenna (Desc)'!B42)","v":""},{"$f":"IF('AVI Antenna (Desc)'!C42=\"\",\"\",'AVI Antenna (Desc)'!C42)","v":""},{"$f":"IF('AVI Antenna (Desc)'!D42=\"\",\"\",INDEX([1]ASSET_ID_SOURCE!$A$2:$A$50,MATCH('AVI Antenna (Desc)'!D42,[1]!MASTER_ASSET_ID_SOURCE_DESC,0),0))","v":""},{"$f":"IF('AVI Antenna (Desc)'!F42=\"\",\"\",'AVI Antenna (Desc)'!E42)","v":""},{"$f":"IF('AVI Antenna (Desc)'!F42=\"\",\"\",INDEX([1]ANTENNA_TYPE!$A$2:$A$100,MATCH('AVI Antenna (Desc)'!$F42,[1]!MASTER_ANTENNA_TYPE_DESC[#Data],0),0))","v":""},{"$f":"IF('AVI Antenna (Desc)'!G42=\"\",\"\",INDEX([1]ANTENNA_MANUF!$A$2:$A$100,MATCH('AVI Antenna (Desc)'!$G42,[1]!MASTER_ANTENNA_MANUF_DESC[#Data],0),0))","v":""},{"$f":"IF('AVI Antenna (Desc)'!H42=\"\",\"\",INDEX([1]ANTENNA_MODEL!$A$2:$A$50,MATCH(1,([1]ANTENNA_MODEL!$C$2:$C$50='AVI Antenna (Desc)'!$G42)*([1]ANTENNA_MODEL!$D$2:$D$50='AVI Antenna (Desc)'!$H42),0),0))","v":""},{"$f":"IF('AVI Antenna (Desc)'!I42=\"\",\"\",INDEX([1]LANE_COVERAGE!$A$2:$A$100,MATCH('AVI Antenna (Desc)'!$I42,[1]!MASTER_LANE_COVERAGE_DESC[#Data],0),0))","v":""},{"$f":"IF('AVI Antenna (Desc)'!J42=\"\",\"\",INDEX([1]LANE_DIRECTION!$A$2:$A$100,MATCH('AVI Antenna (Desc)'!$J42,[1]!MASTER_LANE_DIRECTION_DESC[#Data],0),0))","v":""}]
[{"$f":"IF('AVI Antenna (Desc)'!B43=\"\",\"\",\"2007\")","v":""},{"$f":"IF('AVI Antenna (Desc)'!E43=\"\",\"\",'AVI Antenna (Desc)'!B43)","v":""},{"$f":"IF('AVI Antenna (Desc)'!C43=\"\",\"\",'AVI Antenna (Desc)'!C43)","v":""},{"$f":"IF('AVI Antenna (Desc)'!D43=\"\",\"\",INDEX([1]ASSET_ID_SOURCE!$A$2:$A$50,MATCH('AVI Antenna (Desc)'!D43,[1]!MASTER_ASSET_ID_SOURCE_DESC,0),0))","v":""},{"$f":"IF('AVI Antenna (Desc)'!F43=\"\",\"\",'AVI Antenna (Desc)'!E43)","v":""},{"$f":"IF('AVI Antenna (Desc)'!F43=\"\",\"\",INDEX([1]ANTENNA_TYPE!$A$2:$A$100,MATCH('AVI Antenna (Desc)'!$F43,[1]!MASTER_ANTENNA_TYPE_DESC[#Data],0),0))","v":""},{"$f":"IF('AVI Antenna (Desc)'!G43=\"\",\"\",INDEX([1]ANTENNA_MANUF!$A$2:$A$100,MATCH('AVI Antenna (Desc)'!$G43,[1]!MASTER_ANTENNA_MANUF_DESC[#Data],0),0))","v":""},{"$f":"IF('AVI Antenna (Desc)'!H43=\"\",\"\",INDEX([1]ANTENNA_MODEL!$A$2:$A$50,MATCH(1,([1]ANTENNA_MODEL!$C$2:$C$50='AVI Antenna (Desc)'!$G43)*([1]ANTENNA_MODEL!$D$2:$D$50='AVI Antenna (Desc)'!$H43),0),0))","v":""},{"$f":"IF('AVI Antenna (Desc)'!I43=\"\",\"\",INDEX([1]LANE_COVERAGE!$A$2:$A$100,MATCH('AVI Antenna (Desc)'!$I43,[1]!MASTER_LANE_COVERAGE_DESC[#Data],0),0))","v":""},{"$f":"IF('AVI Antenna (Desc)'!J43=\"\",\"\",INDEX([1]LANE_DIRECTION!$A$2:$A$100,MATCH('AVI Antenna (Desc)'!$J43,[1]!MASTER_LANE_DIRECTION_DESC[#Data],0),0))","v":""}]
[{"$f":"IF('AVI Antenna (Desc)'!B44=\"\",\"\",\"2007\")","v":""},{"$f":"IF('AVI Antenna (Desc)'!E44=\"\",\"\",'AVI Antenna (Desc)'!B44)","v":""},{"$f":"IF('AVI Antenna (Desc)'!C44=\"\",\"\",'AVI Antenna (Desc)'!C44)","v":""},{"$f":"IF('AVI Antenna (Desc)'!D44=\"\",\"\",INDEX([1]ASSET_ID_SOURCE!$A$2:$A$50,MATCH('AVI Antenna (Desc)'!D44,[1]!MASTER_ASSET_ID_SOURCE_DESC,0),0))","v":""},{"$f":"IF('AVI Antenna (Desc)'!F44=\"\",\"\",'AVI Antenna (Desc)'!E44)","v":""},{"$f":"IF('AVI Antenna (Desc)'!F44=\"\",\"\",INDEX([1]ANTENNA_TYPE!$A$2:$A$100,MATCH('AVI Antenna (Desc)'!$F44,[1]!MASTER_ANTENNA_TYPE_DESC[#Data],0),0))","v":""},{"$f":"IF('AVI Antenna (Desc)'!G44=\"\",\"\",INDEX([1]ANTENNA_MANUF!$A$2:$A$100,MATCH('AVI Antenna (Desc)'!$G44,[1]!MASTER_ANTENNA_MANUF_DESC[#Data],0),0))","v":""},{"$f":"IF('AVI Antenna (Desc)'!H44=\"\",\"\",INDEX([1]ANTENNA_MODEL!$A$2:$A$50,MATCH(1,([1]ANTENNA_MODEL!$C$2:$C$50='AVI Antenna (Desc)'!$G44)*([1]ANTENNA_MODEL!$D$2:$D$50='AVI Antenna (Desc)'!$H44),0),0))","v":""},{"$f":"IF('AVI Antenna (Desc)'!I44=\"\",\"\",INDEX([1]LANE_COVERAGE!$A$2:$A$100,MATCH('AVI Antenna (Desc)'!$I44,[1]!MASTER_LANE_COVERAGE_DESC[#Data],0),0))","v":""},{"$f":"IF('AVI Antenna (Desc)'!J44=\"\",\"\",INDEX([1]LANE_DIRECTION!$A$2:$A$100,MATCH('AVI Antenna (Desc)'!$J44,[1]!MASTER_LANE_DIRECTION_DESC[#Data],0),0))","v":""}]
[{"$f":"IF('AVI Antenna (Desc)'!B45=\"\",\"\",\"2007\")","v":""},{"$f":"IF('AVI Antenna (Desc)'!E45=\"\",\"\",'AVI Antenna (Desc)'!B45)","v":""},{"$f":"IF('AVI Antenna (Desc)'!C45=\"\",\"\",'AVI Antenna (Desc)'!C45)","v":""},{"$f":"IF('AVI Antenna (Desc)'!D45=\"\",\"\",INDEX([1]ASSET_ID_SOURCE!$A$2:$A$50,MATCH('AVI Antenna (Desc)'!D45,[1]!MASTER_ASSET_ID_SOURCE_DESC,0),0))","v":""},{"$f":"IF('AVI Antenna (Desc)'!F45=\"\",\"\",'AVI Antenna (Desc)'!E45)","v":""},{"$f":"IF('AVI Antenna (Desc)'!F45=\"\",\"\",INDEX([1]ANTENNA_TYPE!$A$2:$A$100,MATCH('AVI Antenna (Desc)'!$F45,[1]!MASTER_ANTENNA_TYPE_DESC[#Data],0),0))","v":""},{"$f":"IF('AVI Antenna (Desc)'!G45=\"\",\"\",INDEX([1]ANTENNA_MANUF!$A$2:$A$100,MATCH('AVI Antenna (Desc)'!$G45,[1]!MASTER_ANTENNA_MANUF_DESC[#Data],0),0))","v":""},{"$f":"IF('AVI Antenna (Desc)'!H45=\"\",\"\",INDEX([1]ANTENNA_MODEL!$A$2:$A$50,MATCH(1,([1]ANTENNA_MODEL!$C$2:$C$50='AVI Antenna (Desc)'!$G45)*([1]ANTENNA_MODEL!$D$2:$D$50='AVI Antenna (Desc)'!$H45),0),0))","v":""},{"$f":"IF('AVI Antenna (Desc)'!I45=\"\",\"\",INDEX([1]LANE_COVERAGE!$A$2:$A$100,MATCH('AVI Antenna (Desc)'!$I45,[1]!MASTER_LANE_COVERAGE_DESC[#Data],0),0))","v":""},{"$f":"IF('AVI Antenna (Desc)'!J45=\"\",\"\",INDEX([1]LANE_DIRECTION!$A$2:$A$100,MATCH('AVI Antenna (Desc)'!$J45,[1]!MASTER_LANE_DIRECTION_DESC[#Data],0),0))","v":""}]
[{"$f":"IF('AVI Antenna (Desc)'!B46=\"\",\"\",\"2007\")","v":""},{"$f":"IF('AVI Antenna (Desc)'!E46=\"\",\"\",'AVI Antenna (Desc)'!B46)","v":""},{"$f":"IF('AVI Antenna (Desc)'!C46=\"\",\"\",'AVI Antenna (Desc)'!C46)","v":""},{"$f":"IF('AVI Antenna (Desc)'!D46=\"\",\"\",INDEX([1]ASSET_ID_SOURCE!$A$2:$A$50,MATCH('AVI Antenna (Desc)'!D46,[1]!MASTER_ASSET_ID_SOURCE_DESC,0),0))","v":""},{"$f":"IF('AVI Antenna (Desc)'!F46=\"\",\"\",'AVI Antenna (Desc)'!E46)","v":""},{"$f":"IF('AVI Antenna (Desc)'!F46=\"\",\"\",INDEX([1]ANTENNA_TYPE!$A$2:$A$100,MATCH('AVI Antenna (Desc)'!$F46,[1]!MASTER_ANTENNA_TYPE_DESC[#Data],0),0))","v":""},{"$f":"IF('AVI Antenna (Desc)'!G46=\"\",\"\",INDEX([1]ANTENNA_MANUF!$A$2:$A$100,MATCH('AVI Antenna (Desc)'!$G46,[1]!MASTER_ANTENNA_MANUF_DESC[#Data],0),0))","v":""},{"$f":"IF('AVI Antenna (Desc)'!H46=\"\",\"\",INDEX([1]ANTENNA_MODEL!$A$2:$A$50,MATCH(1,([1]ANTENNA_MODEL!$C$2:$C$50='AVI Antenna (Desc)'!$G46)*([1]ANTENNA_MODEL!$D$2:$D$50='AVI Antenna (Desc)'!$H46),0),0))","v":""},{"$f":"IF('AVI Antenna (Desc)'!I46=\"\",\"\",INDEX([1]LANE_COVERAGE!$A$2:$A$100,MATCH('AVI Antenna (Desc)'!$I46,[1]!MASTER_LANE_COVERAGE_DESC[#Data],0),0))","v":""},{"$f":"IF('AVI Antenna (Desc)'!J46=\"\",\"\",INDEX([1]LANE_DIRECTION!$A$2:$A$100,MATCH('AVI Antenna (Desc)'!$J46,[1]!MASTER_LANE_DIRECTION_DESC[#Data],0),0))","v":""}]
[{"$f":"IF('AVI Antenna (Desc)'!B47=\"\",\"\",\"2007\")","v":""},{"$f":"IF('AVI Antenna (Desc)'!E47=\"\",\"\",'AVI Antenna (Desc)'!B47)","v":""},{"$f":"IF('AVI Antenna (Desc)'!C47=\"\",\"\",'AVI Antenna (Desc)'!C47)","v":""},{"$f":"IF('AVI Antenna (Desc)'!D47=\"\",\"\",INDEX([1]ASSET_ID_SOURCE!$A$2:$A$50,MATCH('AVI Antenna (Desc)'!D47,[1]!MASTER_ASSET_ID_SOURCE_DESC,0),0))","v":""},{"$f":"IF('AVI Antenna (Desc)'!F47=\"\",\"\",'AVI Antenna (Desc)'!E47)","v":""},{"$f":"IF('AVI Antenna (Desc)'!F47=\"\",\"\",INDEX([1]ANTENNA_TYPE!$A$2:$A$100,MATCH('AVI Antenna (Desc)'!$F47,[1]!MASTER_ANTENNA_TYPE_DESC[#Data],0),0))","v":""},{"$f":"IF('AVI Antenna (Desc)'!G47=\"\",\"\",INDEX([1]ANTENNA_MANUF!$A$2:$A$100,MATCH('AVI Antenna (Desc)'!$G47,[1]!MASTER_ANTENNA_MANUF_DESC[#Data],0),0))","v":""},{"$f":"IF('AVI Antenna (Desc)'!H47=\"\",\"\",INDEX([1]ANTENNA_MODEL!$A$2:$A$50,MATCH(1,([1]ANTENNA_MODEL!$C$2:$C$50='AVI Antenna (Desc)'!$G47)*([1]ANTENNA_MODEL!$D$2:$D$50='AVI Antenna (Desc)'!$H47),0),0))","v":""},{"$f":"IF('AVI Antenna (Desc)'!I47=\"\",\"\",INDEX([1]LANE_COVERAGE!$A$2:$A$100,MATCH('AVI Antenna (Desc)'!$I47,[1]!MASTER_LANE_COVERAGE_DESC[#Data],0),0))","v":""},{"$f":"IF('AVI Antenna (Desc)'!J47=\"\",\"\",INDEX([1]LANE_DIRECTION!$A$2:$A$100,MATCH('AVI Antenna (Desc)'!$J47,[1]!MASTER_LANE_DIRECTION_DESC[#Data],0),0))","v":""}]
[{"$f":"IF('AVI Antenna (Desc)'!B48=\"\",\"\",\"2007\")","v":""},{"$f":"IF('AVI Antenna (Desc)'!E48=\"\",\"\",'AVI Antenna (Desc)'!B48)","v":""},{"$f":"IF('AVI Antenna (Desc)'!C48=\"\",\"\",'AVI Antenna (Desc)'!C48)","v":""},{"$f":"IF('AVI Antenna (Desc)'!D48=\"\",\"\",INDEX([1]ASSET_ID_SOURCE!$A$2:$A$50,MATCH('AVI Antenna (Desc)'!D48,[1]!MASTER_ASSET_ID_SOURCE_DESC,0),0))","v":""},{"$f":"IF('AVI Antenna (Desc)'!F48=\"\",\"\",'AVI Antenna (Desc)'!E48)","v":""},{"$f":"IF('AVI Antenna (Desc)'!F48=\"\",\"\",INDEX([1]ANTENNA_TYPE!$A$2:$A$100,MATCH('AVI Antenna (Desc)'!$F48,[1]!MASTER_ANTENNA_TYPE_DESC[#Data],0),0))","v":""},{"$f":"IF('AVI Antenna (Desc)'!G48=\"\",\"\",INDEX([1]ANTENNA_MANUF!$A$2:$A$100,MATCH('AVI Antenna (Desc)'!$G48,[1]!MASTER_ANTENNA_MANUF_DESC[#Data],0),0))","v":""},{"$f":"IF('AVI Antenna (Desc)'!H48=\"\",\"\",INDEX([1]ANTENNA_MODEL!$A$2:$A$50,MATCH(1,([1]ANTENNA_MODEL!$C$2:$C$50='AVI Antenna (Desc)'!$G48)*([1]ANTENNA_MODEL!$D$2:$D$50='AVI Antenna (Desc)'!$H48),0),0))","v":""},{"$f":"IF('AVI Antenna (Desc)'!I48=\"\",\"\",INDEX([1]LANE_COVERAGE!$A$2:$A$100,MATCH('AVI Antenna (Desc)'!$I48,[1]!MASTER_LANE_COVERAGE_DESC[#Data],0),0))","v":""},{"$f":"IF('AVI Antenna (Desc)'!J48=\"\",\"\",INDEX([1]LANE_DIRECTION!$A$2:$A$100,MATCH('AVI Antenna (Desc)'!$J48,[1]!MASTER_LANE_DIRECTION_DESC[#Data],0),0))","v":""}]
[{"$f":"IF('AVI Antenna (Desc)'!B49=\"\",\"\",\"2007\")","v":""},{"$f":"IF('AVI Antenna (Desc)'!E49=\"\",\"\",'AVI Antenna (Desc)'!B49)","v":""},{"$f":"IF('AVI Antenna (Desc)'!C49=\"\",\"\",'AVI Antenna (Desc)'!C49)","v":""},{"$f":"IF('AVI Antenna (Desc)'!D49=\"\",\"\",INDEX([1]ASSET_ID_SOURCE!$A$2:$A$50,MATCH('AVI Antenna (Desc)'!D49,[1]!MASTER_ASSET_ID_SOURCE_DESC,0),0))","v":""},{"$f":"IF('AVI Antenna (Desc)'!F49=\"\",\"\",'AVI Antenna (Desc)'!E49)","v":""},{"$f":"IF('AVI Antenna (Desc)'!F49=\"\",\"\",INDEX([1]ANTENNA_TYPE!$A$2:$A$100,MATCH('AVI Antenna (Desc)'!$F49,[1]!MASTER_ANTENNA_TYPE_DESC[#Data],0),0))","v":""},{"$f":"IF('AVI Antenna (Desc)'!G49=\"\",\"\",INDEX([1]ANTENNA_MANUF!$A$2:$A$100,MATCH('AVI Antenna (Desc)'!$G49,[1]!MASTER_ANTENNA_MANUF_DESC[#Data],0),0))","v":""},{"$f":"IF('AVI Antenna (Desc)'!H49=\"\",\"\",INDEX([1]ANTENNA_MODEL!$A$2:$A$50,MATCH(1,([1]ANTENNA_MODEL!$C$2:$C$50='AVI Antenna (Desc)'!$G49)*([1]ANTENNA_MODEL!$D$2:$D$50='AVI Antenna (Desc)'!$H49),0),0))","v":""},{"$f":"IF('AVI Antenna (Desc)'!I49=\"\",\"\",INDEX([1]LANE_COVERAGE!$A$2:$A$100,MATCH('AVI Antenna (Desc)'!$I49,[1]!MASTER_LANE_COVERAGE_DESC[#Data],0),0))","v":""},{"$f":"IF('AVI Antenna (Desc)'!J49=\"\",\"\",INDEX([1]LANE_DIRECTION!$A$2:$A$100,MATCH('AVI Antenna (Desc)'!$J49,[1]!MASTER_LANE_DIRECTION_DESC[#Data],0),0))","v":""}]
[{"$f":"IF('AVI Antenna (Desc)'!B50=\"\",\"\",\"2007\")","v":""},{"$f":"IF('AVI Antenna (Desc)'!E50=\"\",\"\",'AVI Antenna (Desc)'!B50)","v":""},{"$f":"IF('AVI Antenna (Desc)'!C50=\"\",\"\",'AVI Antenna (Desc)'!C50)","v":""},{"$f":"IF('AVI Antenna (Desc)'!D50=\"\",\"\",INDEX([1]ASSET_ID_SOURCE!$A$2:$A$50,MATCH('AVI Antenna (Desc)'!D50,[1]!MASTER_ASSET_ID_SOURCE_DESC,0),0))","v":""},{"$f":"IF('AVI Antenna (Desc)'!F50=\"\",\"\",'AVI Antenna (Desc)'!E50)","v":""},{"$f":"IF('AVI Antenna (Desc)'!F50=\"\",\"\",INDEX([1]ANTENNA_TYPE!$A$2:$A$100,MATCH('AVI Antenna (Desc)'!$F50,[1]!MASTER_ANTENNA_TYPE_DESC[#Data],0),0))","v":""},{"$f":"IF('AVI Antenna (Desc)'!G50=\"\",\"\",INDEX([1]ANTENNA_MANUF!$A$2:$A$100,MATCH('AVI Antenna (Desc)'!$G50,[1]!MASTER_ANTENNA_MANUF_DESC[#Data],0),0))","v":""},{"$f":"IF('AVI Antenna (Desc)'!H50=\"\",\"\",INDEX([1]ANTENNA_MODEL!$A$2:$A$50,MATCH(1,([1]ANTENNA_MODEL!$C$2:$C$50='AVI Antenna (Desc)'!$G50)*([1]ANTENNA_MODEL!$D$2:$D$50='AVI Antenna (Desc)'!$H50),0),0))","v":""},{"$f":"IF('AVI Antenna (Desc)'!I50=\"\",\"\",INDEX([1]LANE_COVERAGE!$A$2:$A$100,MATCH('AVI Antenna (Desc)'!$I50,[1]!MASTER_LANE_COVERAGE_DESC[#Data],0),0))","v":""},{"$f":"IF('AVI Antenna (Desc)'!J50=\"\",\"\",INDEX([1]LANE_DIRECTION!$A$2:$A$100,MATCH('AVI Antenna (Desc)'!$J50,[1]!MASTER_LANE_DIRECTION_DESC[#Data],0),0))","v":""}]
[{"$f":"IF('AVI Antenna (Desc)'!B51=\"\",\"\",\"2007\")","v":""},{"$f":"IF('AVI Antenna (Desc)'!E51=\"\",\"\",'AVI Antenna (Desc)'!B51)","v":""},{"$f":"IF('AVI Antenna (Desc)'!C51=\"\",\"\",'AVI Antenna (Desc)'!C51)","v":""},{"$f":"IF('AVI Antenna (Desc)'!D51=\"\",\"\",INDEX([1]ASSET_ID_SOURCE!$A$2:$A$50,MATCH('AVI Antenna (Desc)'!D51,[1]!MASTER_ASSET_ID_SOURCE_DESC,0),0))","v":""},{"$f":"IF('AVI Antenna (Desc)'!F51=\"\",\"\",'AVI Antenna (Desc)'!E51)","v":""},{"$f":"IF('AVI Antenna (Desc)'!F51=\"\",\"\",INDEX([1]ANTENNA_TYPE!$A$2:$A$100,MATCH('AVI Antenna (Desc)'!$F51,[1]!MASTER_ANTENNA_TYPE_DESC[#Data],0),0))","v":""},{"$f":"IF('AVI Antenna (Desc)'!G51=\"\",\"\",INDEX([1]ANTENNA_MANUF!$A$2:$A$100,MATCH('AVI Antenna (Desc)'!$G51,[1]!MASTER_ANTENNA_MANUF_DESC[#Data],0),0))","v":""},{"$f":"IF('AVI Antenna (Desc)'!H51=\"\",\"\",INDEX([1]ANTENNA_MODEL!$A$2:$A$50,MATCH(1,([1]ANTENNA_MODEL!$C$2:$C$50='AVI Antenna (Desc)'!$G51)*([1]ANTENNA_MODEL!$D$2:$D$50='AVI Antenna (Desc)'!$H51),0),0))","v":""},{"$f":"IF('AVI Antenna (Desc)'!I51=\"\",\"\",INDEX([1]LANE_COVERAGE!$A$2:$A$100,MATCH('AVI Antenna (Desc)'!$I51,[1]!MASTER_LANE_COVERAGE_DESC[#Data],0),0))","v":""},{"$f":"IF('AVI Antenna (Desc)'!J51=\"\",\"\",INDEX([1]LANE_DIRECTION!$A$2:$A$100,MATCH('AVI Antenna (Desc)'!$J51,[1]!MASTER_LANE_DIRECTION_DESC[#Data],0),0))","v":""}]
[{"$f":"IF('AVI Antenna (Desc)'!B52=\"\",\"\",\"2007\")","v":""},{"$f":"IF('AVI Antenna (Desc)'!E52=\"\",\"\",'AVI Antenna (Desc)'!B52)","v":""},{"$f":"IF('AVI Antenna (Desc)'!C52=\"\",\"\",'AVI Antenna (Desc)'!C52)","v":""},{"$f":"IF('AVI Antenna (Desc)'!D52=\"\",\"\",INDEX([1]ASSET_ID_SOURCE!$A$2:$A$50,MATCH('AVI Antenna (Desc)'!D52,[1]!MASTER_ASSET_ID_SOURCE_DESC,0),0))","v":""},{"$f":"IF('AVI Antenna (Desc)'!F52=\"\",\"\",'AVI Antenna (Desc)'!E52)","v":""},{"$f":"IF('AVI Antenna (Desc)'!F52=\"\",\"\",INDEX([1]ANTENNA_TYPE!$A$2:$A$100,MATCH('AVI Antenna (Desc)'!$F52,[1]!MASTER_ANTENNA_TYPE_DESC[#Data],0),0))","v":""},{"$f":"IF('AVI Antenna (Desc)'!G52=\"\",\"\",INDEX([1]ANTENNA_MANUF!$A$2:$A$100,MATCH('AVI Antenna (Desc)'!$G52,[1]!MASTER_ANTENNA_MANUF_DESC[#Data],0),0))","v":""},{"$f":"IF('AVI Antenna (Desc)'!H52=\"\",\"\",INDEX([1]ANTENNA_MODEL!$A$2:$A$50,MATCH(1,([1]ANTENNA_MODEL!$C$2:$C$50='AVI Antenna (Desc)'!$G52)*([1]ANTENNA_MODEL!$D$2:$D$50='AVI Antenna (Desc)'!$H52),0),0))","v":""},{"$f":"IF('AVI Antenna (Desc)'!I52=\"\",\"\",INDEX([1]LANE_COVERAGE!$A$2:$A$100,MATCH('AVI Antenna (Desc)'!$I52,[1]!MASTER_LANE_COVERAGE_DESC[#Data],0),0))","v":""},{"$f":"IF('AVI Antenna (Desc)'!J52=\"\",\"\",INDEX([1]LANE_DIRECTION!$A$2:$A$100,MATCH('AVI Antenna (Desc)'!$J52,[1]!MASTER_LANE_DIRECTION_DESC[#Data],0),0))","v":""}]
[{"$f":"IF('AVI Antenna (Desc)'!B53=\"\",\"\",\"2007\")","v":""},{"$f":"IF('AVI Antenna (Desc)'!E53=\"\",\"\",'AVI Antenna (Desc)'!B53)","v":""},{"$f":"IF('AVI Antenna (Desc)'!C53=\"\",\"\",'AVI Antenna (Desc)'!C53)","v":""},{"$f":"IF('AVI Antenna (Desc)'!D53=\"\",\"\",INDEX([1]ASSET_ID_SOURCE!$A$2:$A$50,MATCH('AVI Antenna (Desc)'!D53,[1]!MASTER_ASSET_ID_SOURCE_DESC,0),0))","v":""},{"$f":"IF('AVI Antenna (Desc)'!F53=\"\",\"\",'AVI Antenna (Desc)'!E53)","v":""},{"$f":"IF('AVI Antenna (Desc)'!F53=\"\",\"\",INDEX([1]ANTENNA_TYPE!$A$2:$A$100,MATCH('AVI Antenna (Desc)'!$F53,[1]!MASTER_ANTENNA_TYPE_DESC[#Data],0),0))","v":""},{"$f":"IF('AVI Antenna (Desc)'!G53=\"\",\"\",INDEX([1]ANTENNA_MANUF!$A$2:$A$100,MATCH('AVI Antenna (Desc)'!$G53,[1]!MASTER_ANTENNA_MANUF_DESC[#Data],0),0))","v":""},{"$f":"IF('AVI Antenna (Desc)'!H53=\"\",\"\",INDEX([1]ANTENNA_MODEL!$A$2:$A$50,MATCH(1,([1]ANTENNA_MODEL!$C$2:$C$50='AVI Antenna (Desc)'!$G53)*([1]ANTENNA_MODEL!$D$2:$D$50='AVI Antenna (Desc)'!$H53),0),0))","v":""},{"$f":"IF('AVI Antenna (Desc)'!I53=\"\",\"\",INDEX([1]LANE_COVERAGE!$A$2:$A$100,MATCH('AVI Antenna (Desc)'!$I53,[1]!MASTER_LANE_COVERAGE_DESC[#Data],0),0))","v":""},{"$f":"IF('AVI Antenna (Desc)'!J53=\"\",\"\",INDEX([1]LANE_DIRECTION!$A$2:$A$100,MATCH('AVI Antenna (Desc)'!$J53,[1]!MASTER_LANE_DIRECTION_DESC[#Data],0),0))","v":""}]
[{"$f":"IF('AVI Antenna (Desc)'!B54=\"\",\"\",\"2007\")","v":""},{"$f":"IF('AVI Antenna (Desc)'!E54=\"\",\"\",'AVI Antenna (Desc)'!B54)","v":""},{"$f":"IF('AVI Antenna (Desc)'!C54=\"\",\"\",'AVI Antenna (Desc)'!C54)","v":""},{"$f":"IF('AVI Antenna (Desc)'!D54=\"\",\"\",INDEX([1]ASSET_ID_SOURCE!$A$2:$A$50,MATCH('AVI Antenna (Desc)'!D54,[1]!MASTER_ASSET_ID_SOURCE_DESC,0),0))","v":""},{"$f":"IF('AVI Antenna (Desc)'!F54=\"\",\"\",'AVI Antenna (Desc)'!E54)","v":""},{"$f":"IF('AVI Antenna (Desc)'!F54=\"\",\"\",INDEX([1]ANTENNA_TYPE!$A$2:$A$100,MATCH('AVI Antenna (Desc)'!$F54,[1]!MASTER_ANTENNA_TYPE_DESC[#Data],0),0))","v":""},{"$f":"IF('AVI Antenna (Desc)'!G54=\"\",\"\",INDEX([1]ANTENNA_MANUF!$A$2:$A$100,MATCH('AVI Antenna (Desc)'!$G54,[1]!MASTER_ANTENNA_MANUF_DESC[#Data],0),0))","v":""},{"$f":"IF('AVI Antenna (Desc)'!H54=\"\",\"\",INDEX([1]ANTENNA_MODEL!$A$2:$A$50,MATCH(1,([1]ANTENNA_MODEL!$C$2:$C$50='AVI Antenna (Desc)'!$G54)*([1]ANTENNA_MODEL!$D$2:$D$50='AVI Antenna (Desc)'!$H54),0),0))","v":""},{"$f":"IF('AVI Antenna (Desc)'!I54=\"\",\"\",INDEX([1]LANE_COVERAGE!$A$2:$A$100,MATCH('AVI Antenna (Desc)'!$I54,[1]!MASTER_LANE_COVERAGE_DESC[#Data],0),0))","v":""},{"$f":"IF('AVI Antenna (Desc)'!J54=\"\",\"\",INDEX([1]LANE_DIRECTION!$A$2:$A$100,MATCH('AVI Antenna (Desc)'!$J54,[1]!MASTER_LANE_DIRECTION_DESC[#Data],0),0))","v":""}]
[{"$f":"IF('AVI Antenna (Desc)'!B55=\"\",\"\",\"2007\")","v":""},{"$f":"IF('AVI Antenna (Desc)'!E55=\"\",\"\",'AVI Antenna (Desc)'!B55)","v":""},{"$f":"IF('AVI Antenna (Desc)'!C55=\"\",\"\",'AVI Antenna (Desc)'!C55)","v":""},{"$f":"IF('AVI Antenna (Desc)'!D55=\"\",\"\",INDEX([1]ASSET_ID_SOURCE!$A$2:$A$50,MATCH('AVI Antenna (Desc)'!D55,[1]!MASTER_ASSET_ID_SOURCE_DESC,0),0))","v":""},{"$f":"IF('AVI Antenna (Desc)'!F55=\"\",\"\",'AVI Antenna (Desc)'!E55)","v":""},{"$f":"IF('AVI Antenna (Desc)'!F55=\"\",\"\",INDEX([1]ANTENNA_TYPE!$A$2:$A$100,MATCH('AVI Antenna (Desc)'!$F55,[1]!MASTER_ANTENNA_TYPE_DESC[#Data],0),0))","v":""},{"$f":"IF('AVI Antenna (Desc)'!G55=\"\",\"\",INDEX([1]ANTENNA_MANUF!$A$2:$A$100,MATCH('AVI Antenna (Desc)'!$G55,[1]!MASTER_ANTENNA_MANUF_DESC[#Data],0),0))","v":""},{"$f":"IF('AVI Antenna (Desc)'!H55=\"\",\"\",INDEX([1]ANTENNA_MODEL!$A$2:$A$50,MATCH(1,([1]ANTENNA_MODEL!$C$2:$C$50='AVI Antenna (Desc)'!$G55)*([1]ANTENNA_MODEL!$D$2:$D$50='AVI Antenna (Desc)'!$H55),0),0))","v":""},{"$f":"IF('AVI Antenna (Desc)'!I55=\"\",\"\",INDEX([1]LANE_COVERAGE!$A$2:$A$100,MATCH('AVI Antenna (Desc)'!$I55,[1]!MASTER_LANE_COVERAGE_DESC[#Data],0),0))","v":""},{"$f":"IF('AVI Antenna (Desc)'!J55=\"\",\"\",INDEX([1]LANE_DIRECTION!$A$2:$A$100,MATCH('AVI Antenna (Desc)'!$J55,[1]!MASTER_LANE_DIRECTION_DESC[#Data],0),0))","v":""}]
[{"$f":"IF('AVI Antenna (Desc)'!B56=\"\",\"\",\"2007\")","v":""},{"$f":"IF('AVI Antenna (Desc)'!E56=\"\",\"\",'AVI Antenna (Desc)'!B56)","v":""},{"$f":"IF('AVI Antenna (Desc)'!C56=\"\",\"\",'AVI Antenna (Desc)'!C56)","v":""},{"$f":"IF('AVI Antenna (Desc)'!D56=\"\",\"\",INDEX([1]ASSET_ID_SOURCE!$A$2:$A$50,MATCH('AVI Antenna (Desc)'!D56,[1]!MASTER_ASSET_ID_SOURCE_DESC,0),0))","v":""},{"$f":"IF('AVI Antenna (Desc)'!F56=\"\",\"\",'AVI Antenna (Desc)'!E56)","v":""},{"$f":"IF('AVI Antenna (Desc)'!F56=\"\",\"\",INDEX([1]ANTENNA_TYPE!$A$2:$A$100,MATCH('AVI Antenna (Desc)'!$F56,[1]!MASTER_ANTENNA_TYPE_DESC[#Data],0),0))","v":""},{"$f":"IF('AVI Antenna (Desc)'!G56=\"\",\"\",INDEX([1]ANTENNA_MANUF!$A$2:$A$100,MATCH('AVI Antenna (Desc)'!$G56,[1]!MASTER_ANTENNA_MANUF_DESC[#Data],0),0))","v":""},{"$f":"IF('AVI Antenna (Desc)'!H56=\"\",\"\",INDEX([1]ANTENNA_MODEL!$A$2:$A$50,MATCH(1,([1]ANTENNA_MODEL!$C$2:$C$50='AVI Antenna (Desc)'!$G56)*([1]ANTENNA_MODEL!$D$2:$D$50='AVI Antenna (Desc)'!$H56),0),0))","v":""},{"$f":"IF('AVI Antenna (Desc)'!I56=\"\",\"\",INDEX([1]LANE_COVERAGE!$A$2:$A$100,MATCH('AVI Antenna (Desc)'!$I56,[1]!MASTER_LANE_COVERAGE_DESC[#Data],0),0))","v":""},{"$f":"IF('AVI Antenna (Desc)'!J56=\"\",\"\",INDEX([1]LANE_DIRECTION!$A$2:$A$100,MATCH('AVI Antenna (Desc)'!$J56,[1]!MASTER_LANE_DIRECTION_DESC[#Data],0),0))","v":""}]
[{"$f":"IF('AVI Antenna (Desc)'!B57=\"\",\"\",\"2007\")","v":""},{"$f":"IF('AVI Antenna (Desc)'!E57=\"\",\"\",'AVI Antenna (Desc)'!B57)","v":""},{"$f":"IF('AVI Antenna (Desc)'!C57=\"\",\"\",'AVI Antenna (Desc)'!C57)","v":""},{"$f":"IF('AVI Antenna (Desc)'!D57=\"\",\"\",INDEX([1]ASSET_ID_SOURCE!$A$2:$A$50,MATCH('AVI Antenna (Desc)'!D57,[1]!MASTER_ASSET_ID_SOURCE_DESC,0),0))","v":""},{"$f":"IF('AVI Antenna (Desc)'!F57=\"\",\"\",'AVI Antenna (Desc)'!E57)","v":""},{"$f":"IF('AVI Antenna (Desc)'!F57=\"\",\"\",INDEX([1]ANTENNA_TYPE!$A$2:$A$100,MATCH('AVI Antenna (Desc)'!$F57,[1]!MASTER_ANTENNA_TYPE_DESC[#Data],0),0))","v":""},{"$f":"IF('AVI Antenna (Desc)'!G57=\"\",\"\",INDEX([1]ANTENNA_MANUF!$A$2:$A$100,MATCH('AVI Antenna (Desc)'!$G57,[1]!MASTER_ANTENNA_MANUF_DESC[#Data],0),0))","v":""},{"$f":"IF('AVI Antenna (Desc)'!H57=\"\",\"\",INDEX([1]ANTENNA_MODEL!$A$2:$A$50,MATCH(1,([1]ANTENNA_MODEL!$C$2:$C$50='AVI Antenna (Desc)'!$G57)*([1]ANTENNA_MODEL!$D$2:$D$50='AVI Antenna (Desc)'!$H57),0),0))","v":""},{"$f":"IF('AVI Antenna (Desc)'!I57=\"\",\"\",INDEX([1]LANE_COVERAGE!$A$2:$A$100,MATCH('AVI Antenna (Desc)'!$I57,[1]!MASTER_LANE_COVERAGE_DESC[#Data],0),0))","v":""},{"$f":"IF('AVI Antenna (Desc)'!J57=\"\",\"\",INDEX([1]LANE_DIRECTION!$A$2:$A$100,MATCH('AVI Antenna (Desc)'!$J57,[1]!MASTER_LANE_DIRECTION_DESC[#Data],0),0))","v":""}]
[{"$f":"IF('AVI Antenna (Desc)'!B58=\"\",\"\",\"2007\")","v":""},{"$f":"IF('AVI Antenna (Desc)'!E58=\"\",\"\",'AVI Antenna (Desc)'!B58)","v":""},{"$f":"IF('AVI Antenna (Desc)'!C58=\"\",\"\",'AVI Antenna (Desc)'!C58)","v":""},{"$f":"IF('AVI Antenna (Desc)'!D58=\"\",\"\",INDEX([1]ASSET_ID_SOURCE!$A$2:$A$50,MATCH('AVI Antenna (Desc)'!D58,[1]!MASTER_ASSET_ID_SOURCE_DESC,0),0))","v":""},{"$f":"IF('AVI Antenna (Desc)'!F58=\"\",\"\",'AVI Antenna (Desc)'!E58)","v":""},{"$f":"IF('AVI Antenna (Desc)'!F58=\"\",\"\",INDEX([1]ANTENNA_TYPE!$A$2:$A$100,MATCH('AVI Antenna (Desc)'!$F58,[1]!MASTER_ANTENNA_TYPE_DESC[#Data],0),0))","v":""},{"$f":"IF('AVI Antenna (Desc)'!G58=\"\",\"\",INDEX([1]ANTENNA_MANUF!$A$2:$A$100,MATCH('AVI Antenna (Desc)'!$G58,[1]!MASTER_ANTENNA_MANUF_DESC[#Data],0),0))","v":""},{"$f":"IF('AVI Antenna (Desc)'!H58=\"\",\"\",INDEX([1]ANTENNA_MODEL!$A$2:$A$50,MATCH(1,([1]ANTENNA_MODEL!$C$2:$C$50='AVI Antenna (Desc)'!$G58)*([1]ANTENNA_MODEL!$D$2:$D$50='AVI Antenna (Desc)'!$H58),0),0))","v":""},{"$f":"IF('AVI Antenna (Desc)'!I58=\"\",\"\",INDEX([1]LANE_COVERAGE!$A$2:$A$100,MATCH('AVI Antenna (Desc)'!$I58,[1]!MASTER_LANE_COVERAGE_DESC[#Data],0),0))","v":""},{"$f":"IF('AVI Antenna (Desc)'!J58=\"\",\"\",INDEX([1]LANE_DIRECTION!$A$2:$A$100,MATCH('AVI Antenna (Desc)'!$J58,[1]!MASTER_LANE_DIRECTION_DESC[#Data],0),0))","v":""}]
[{"$f":"IF('AVI Antenna (Desc)'!B59=\"\",\"\",\"2007\")","v":""},{"$f":"IF('AVI Antenna (Desc)'!E59=\"\",\"\",'AVI Antenna (Desc)'!B59)","v":""},{"$f":"IF('AVI Antenna (Desc)'!C59=\"\",\"\",'AVI Antenna (Desc)'!C59)","v":""},{"$f":"IF('AVI Antenna (Desc)'!D59=\"\",\"\",INDEX([1]ASSET_ID_SOURCE!$A$2:$A$50,MATCH('AVI Antenna (Desc)'!D59,[1]!MASTER_ASSET_ID_SOURCE_DESC,0),0))","v":""},{"$f":"IF('AVI Antenna (Desc)'!F59=\"\",\"\",'AVI Antenna (Desc)'!E59)","v":""},{"$f":"IF('AVI Antenna (Desc)'!F59=\"\",\"\",INDEX([1]ANTENNA_TYPE!$A$2:$A$100,MATCH('AVI Antenna (Desc)'!$F59,[1]!MASTER_ANTENNA_TYPE_DESC[#Data],0),0))","v":""},{"$f":"IF('AVI Antenna (Desc)'!G59=\"\",\"\",INDEX([1]ANTENNA_MANUF!$A$2:$A$100,MATCH('AVI Antenna (Desc)'!$G59,[1]!MASTER_ANTENNA_MANUF_DESC[#Data],0),0))","v":""},{"$f":"IF('AVI Antenna (Desc)'!H59=\"\",\"\",INDEX([1]ANTENNA_MODEL!$A$2:$A$50,MATCH(1,([1]ANTENNA_MODEL!$C$2:$C$50='AVI Antenna (Desc)'!$G59)*([1]ANTENNA_MODEL!$D$2:$D$50='AVI Antenna (Desc)'!$H59),0),0))","v":""},{"$f":"IF('AVI Antenna (Desc)'!I59=\"\",\"\",INDEX([1]LANE_COVERAGE!$A$2:$A$100,MATCH('AVI Antenna (Desc)'!$I59,[1]!MASTER_LANE_COVERAGE_DESC[#Data],0),0))","v":""},{"$f":"IF('AVI Antenna (Desc)'!J59=\"\",\"\",INDEX([1]LANE_DIRECTION!$A$2:$A$100,MATCH('AVI Antenna (Desc)'!$J59,[1]!MASTER_LANE_DIRECTION_DESC[#Data],0),0))","v":""}]
[{"$f":"IF('AVI Antenna (Desc)'!B60=\"\",\"\",\"2007\")","v":""},{"$f":"IF('AVI Antenna (Desc)'!E60=\"\",\"\",'AVI Antenna (Desc)'!B60)","v":""},{"$f":"IF('AVI Antenna (Desc)'!C60=\"\",\"\",'AVI Antenna (Desc)'!C60)","v":""},{"$f":"IF('AVI Antenna (Desc)'!D60=\"\",\"\",INDEX([1]ASSET_ID_SOURCE!$A$2:$A$50,MATCH('AVI Antenna (Desc)'!D60,[1]!MASTER_ASSET_ID_SOURCE_DESC,0),0))","v":""},{"$f":"IF('AVI Antenna (Desc)'!F60=\"\",\"\",'AVI Antenna (Desc)'!E60)","v":""},{"$f":"IF('AVI Antenna (Desc)'!F60=\"\",\"\",INDEX([1]ANTENNA_TYPE!$A$2:$A$100,MATCH('AVI Antenna (Desc)'!$F60,[1]!MASTER_ANTENNA_TYPE_DESC[#Data],0),0))","v":""},{"$f":"IF('AVI Antenna (Desc)'!G60=\"\",\"\",INDEX([1]ANTENNA_MANUF!$A$2:$A$100,MATCH('AVI Antenna (Desc)'!$G60,[1]!MASTER_ANTENNA_MANUF_DESC[#Data],0),0))","v":""},{"$f":"IF('AVI Antenna (Desc)'!H60=\"\",\"\",INDEX([1]ANTENNA_MODEL!$A$2:$A$50,MATCH(1,([1]ANTENNA_MODEL!$C$2:$C$50='AVI Antenna (Desc)'!$G60)*([1]ANTENNA_MODEL!$D$2:$D$50='AVI Antenna (Desc)'!$H60),0),0))","v":""},{"$f":"IF('AVI Antenna (Desc)'!I60=\"\",\"\",INDEX([1]LANE_COVERAGE!$A$2:$A$100,MATCH('AVI Antenna (Desc)'!$I60,[1]!MASTER_LANE_COVERAGE_DESC[#Data],0),0))","v":""},{"$f":"IF('AVI Antenna (Desc)'!J60=\"\",\"\",INDEX([1]LANE_DIRECTION!$A$2:$A$100,MATCH('AVI Antenna (Desc)'!$J60,[1]!MASTER_LANE_DIRECTION_DESC[#Data],0),0))","v":""}]
[{"$f":"IF('AVI Antenna (Desc)'!B61=\"\",\"\",\"2007\")","v":""},{"$f":"IF('AVI Antenna (Desc)'!E61=\"\",\"\",'AVI Antenna (Desc)'!B61)","v":""},{"$f":"IF('AVI Antenna (Desc)'!C61=\"\",\"\",'AVI Antenna (Desc)'!C61)","v":""},{"$f":"IF('AVI Antenna (Desc)'!D61=\"\",\"\",INDEX([1]ASSET_ID_SOURCE!$A$2:$A$50,MATCH('AVI Antenna (Desc)'!D61,[1]!MASTER_ASSET_ID_SOURCE_DESC,0),0))","v":""},{"$f":"IF('AVI Antenna (Desc)'!F61=\"\",\"\",'AVI Antenna (Desc)'!E61)","v":""},{"$f":"IF('AVI Antenna (Desc)'!F61=\"\",\"\",INDEX([1]ANTENNA_TYPE!$A$2:$A$100,MATCH('AVI Antenna (Desc)'!$F61,[1]!MASTER_ANTENNA_TYPE_DESC[#Data],0),0))","v":""},{"$f":"IF('AVI Antenna (Desc)'!G61=\"\",\"\",INDEX([1]ANTENNA_MANUF!$A$2:$A$100,MATCH('AVI Antenna (Desc)'!$G61,[1]!MASTER_ANTENNA_MANUF_DESC[#Data],0),0))","v":""},{"$f":"IF('AVI Antenna (Desc)'!H61=\"\",\"\",INDEX([1]ANTENNA_MODEL!$A$2:$A$50,MATCH(1,([1]ANTENNA_MODEL!$C$2:$C$50='AVI Antenna (Desc)'!$G61)*([1]ANTENNA_MODEL!$D$2:$D$50='AVI Antenna (Desc)'!$H61),0),0))","v":""},{"$f":"IF('AVI Antenna (Desc)'!I61=\"\",\"\",INDEX([1]LANE_COVERAGE!$A$2:$A$100,MATCH('AVI Antenna (Desc)'!$I61,[1]!MASTER_LANE_COVERAGE_DESC[#Data],0),0))","v":""},{"$f":"IF('AVI Antenna (Desc)'!J61=\"\",\"\",INDEX([1]LANE_DIRECTION!$A$2:$A$100,MATCH('AVI Antenna (Desc)'!$J61,[1]!MASTER_LANE_DIRECTION_DESC[#Data],0),0))","v":""}]
[{"$f":"IF('AVI Antenna (Desc)'!B62=\"\",\"\",\"2007\")","v":""},{"$f":"IF('AVI Antenna (Desc)'!E62=\"\",\"\",'AVI Antenna (Desc)'!B62)","v":""},{"$f":"IF('AVI Antenna (Desc)'!C62=\"\",\"\",'AVI Antenna (Desc)'!C62)","v":""},{"$f":"IF('AVI Antenna (Desc)'!D62=\"\",\"\",INDEX([1]ASSET_ID_SOURCE!$A$2:$A$50,MATCH('AVI Antenna (Desc)'!D62,[1]!MASTER_ASSET_ID_SOURCE_DESC,0),0))","v":""},{"$f":"IF('AVI Antenna (Desc)'!F62=\"\",\"\",'AVI Antenna (Desc)'!E62)","v":""},{"$f":"IF('AVI Antenna (Desc)'!F62=\"\",\"\",INDEX([1]ANTENNA_TYPE!$A$2:$A$100,MATCH('AVI Antenna (Desc)'!$F62,[1]!MASTER_ANTENNA_TYPE_DESC[#Data],0),0))","v":""},{"$f":"IF('AVI Antenna (Desc)'!G62=\"\",\"\",INDEX([1]ANTENNA_MANUF!$A$2:$A$100,MATCH('AVI Antenna (Desc)'!$G62,[1]!MASTER_ANTENNA_MANUF_DESC[#Data],0),0))","v":""},{"$f":"IF('AVI Antenna (Desc)'!H62=\"\",\"\",INDEX([1]ANTENNA_MODEL!$A$2:$A$50,MATCH(1,([1]ANTENNA_MODEL!$C$2:$C$50='AVI Antenna (Desc)'!$G62)*([1]ANTENNA_MODEL!$D$2:$D$50='AVI Antenna (Desc)'!$H62),0),0))","v":""},{"$f":"IF('AVI Antenna (Desc)'!I62=\"\",\"\",INDEX([1]LANE_COVERAGE!$A$2:$A$100,MATCH('AVI Antenna (Desc)'!$I62,[1]!MASTER_LANE_COVERAGE_DESC[#Data],0),0))","v":""},{"$f":"IF('AVI Antenna (Desc)'!J62=\"\",\"\",INDEX([1]LANE_DIRECTION!$A$2:$A$100,MATCH('AVI Antenna (Desc)'!$J62,[1]!MASTER_LANE_DIRECTION_DESC[#Data],0),0))","v":""}]
[{"$f":"IF('AVI Antenna (Desc)'!B63=\"\",\"\",\"2007\")","v":""},{"$f":"IF('AVI Antenna (Desc)'!E63=\"\",\"\",'AVI Antenna (Desc)'!B63)","v":""},{"$f":"IF('AVI Antenna (Desc)'!C63=\"\",\"\",'AVI Antenna (Desc)'!C63)","v":""},{"$f":"IF('AVI Antenna (Desc)'!D63=\"\",\"\",INDEX([1]ASSET_ID_SOURCE!$A$2:$A$50,MATCH('AVI Antenna (Desc)'!D63,[1]!MASTER_ASSET_ID_SOURCE_DESC,0),0))","v":""},{"$f":"IF('AVI Antenna (Desc)'!F63=\"\",\"\",'AVI Antenna (Desc)'!E63)","v":""},{"$f":"IF('AVI Antenna (Desc)'!F63=\"\",\"\",INDEX([1]ANTENNA_TYPE!$A$2:$A$100,MATCH('AVI Antenna (Desc)'!$F63,[1]!MASTER_ANTENNA_TYPE_DESC[#Data],0),0))","v":""},{"$f":"IF('AVI Antenna (Desc)'!G63=\"\",\"\",INDEX([1]ANTENNA_MANUF!$A$2:$A$100,MATCH('AVI Antenna (Desc)'!$G63,[1]!MASTER_ANTENNA_MANUF_DESC[#Data],0),0))","v":""},{"$f":"IF('AVI Antenna (Desc)'!H63=\"\",\"\",INDEX([1]ANTENNA_MODEL!$A$2:$A$50,MATCH(1,([1]ANTENNA_MODEL!$C$2:$C$50='AVI Antenna (Desc)'!$G63)*([1]ANTENNA_MODEL!$D$2:$D$50='AVI Antenna (Desc)'!$H63),0),0))","v":""},{"$f":"IF('AVI Antenna (Desc)'!I63=\"\",\"\",INDEX([1]LANE_COVERAGE!$A$2:$A$100,MATCH('AVI Antenna (Desc)'!$I63,[1]!MASTER_LANE_COVERAGE_DESC[#Data],0),0))","v":""},{"$f":"IF('AVI Antenna (Desc)'!J63=\"\",\"\",INDEX([1]LANE_DIRECTION!$A$2:$A$100,MATCH('AVI Antenna (Desc)'!$J63,[1]!MASTER_LANE_DIRECTION_DESC[#Data],0),0))","v":""}]
[{"$f":"IF('AVI Antenna (Desc)'!B64=\"\",\"\",\"2007\")","v":""},{"$f":"IF('AVI Antenna (Desc)'!E64=\"\",\"\",'AVI Antenna (Desc)'!B64)","v":""},{"$f":"IF('AVI Antenna (Desc)'!C64=\"\",\"\",'AVI Antenna (Desc)'!C64)","v":""},{"$f":"IF('AVI Antenna (Desc)'!D64=\"\",\"\",INDEX([1]ASSET_ID_SOURCE!$A$2:$A$50,MATCH('AVI Antenna (Desc)'!D64,[1]!MASTER_ASSET_ID_SOURCE_DESC,0),0))","v":""},{"$f":"IF('AVI Antenna (Desc)'!F64=\"\",\"\",'AVI Antenna (Desc)'!E64)","v":""},{"$f":"IF('AVI Antenna (Desc)'!F64=\"\",\"\",INDEX([1]ANTENNA_TYPE!$A$2:$A$100,MATCH('AVI Antenna (Desc)'!$F64,[1]!MASTER_ANTENNA_TYPE_DESC[#Data],0),0))","v":""},{"$f":"IF('AVI Antenna (Desc)'!G64=\"\",\"\",INDEX([1]ANTENNA_MANUF!$A$2:$A$100,MATCH('AVI Antenna (Desc)'!$G64,[1]!MASTER_ANTENNA_MANUF_DESC[#Data],0),0))","v":""},{"$f":"IF('AVI Antenna (Desc)'!H64=\"\",\"\",INDEX([1]ANTENNA_MODEL!$A$2:$A$50,MATCH(1,([1]ANTENNA_MODEL!$C$2:$C$50='AVI Antenna (Desc)'!$G64)*([1]ANTENNA_MODEL!$D$2:$D$50='AVI Antenna (Desc)'!$H64),0),0))","v":""},{"$f":"IF('AVI Antenna (Desc)'!I64=\"\",\"\",INDEX([1]LANE_COVERAGE!$A$2:$A$100,MATCH('AVI Antenna (Desc)'!$I64,[1]!MASTER_LANE_COVERAGE_DESC[#Data],0),0))","v":""},{"$f":"IF('AVI Antenna (Desc)'!J64=\"\",\"\",INDEX([1]LANE_DIRECTION!$A$2:$A$100,MATCH('AVI Antenna (Desc)'!$J64,[1]!MASTER_LANE_DIRECTION_DESC[#Data],0),0))","v":""}]
[{"$f":"IF('AVI Antenna (Desc)'!B65=\"\",\"\",\"2007\")","v":""},{"$f":"IF('AVI Antenna (Desc)'!E65=\"\",\"\",'AVI Antenna (Desc)'!B65)","v":""},{"$f":"IF('AVI Antenna (Desc)'!C65=\"\",\"\",'AVI Antenna (Desc)'!C65)","v":""},{"$f":"IF('AVI Antenna (Desc)'!D65=\"\",\"\",INDEX([1]ASSET_ID_SOURCE!$A$2:$A$50,MATCH('AVI Antenna (Desc)'!D65,[1]!MASTER_ASSET_ID_SOURCE_DESC,0),0))","v":""},{"$f":"IF('AVI Antenna (Desc)'!F65=\"\",\"\",'AVI Antenna (Desc)'!E65)","v":""},{"$f":"IF('AVI Antenna (Desc)'!F65=\"\",\"\",INDEX([1]ANTENNA_TYPE!$A$2:$A$100,MATCH('AVI Antenna (Desc)'!$F65,[1]!MASTER_ANTENNA_TYPE_DESC[#Data],0),0))","v":""},{"$f":"IF('AVI Antenna (Desc)'!G65=\"\",\"\",INDEX([1]ANTENNA_MANUF!$A$2:$A$100,MATCH('AVI Antenna (Desc)'!$G65,[1]!MASTER_ANTENNA_MANUF_DESC[#Data],0),0))","v":""},{"$f":"IF('AVI Antenna (Desc)'!H65=\"\",\"\",INDEX([1]ANTENNA_MODEL!$A$2:$A$50,MATCH(1,([1]ANTENNA_MODEL!$C$2:$C$50='AVI Antenna (Desc)'!$G65)*([1]ANTENNA_MODEL!$D$2:$D$50='AVI Antenna (Desc)'!$H65),0),0))","v":""},{"$f":"IF('AVI Antenna (Desc)'!I65=\"\",\"\",INDEX([1]LANE_COVERAGE!$A$2:$A$100,MATCH('AVI Antenna (Desc)'!$I65,[1]!MASTER_LANE_COVERAGE_DESC[#Data],0),0))","v":""},{"$f":"IF('AVI Antenna (Desc)'!J65=\"\",\"\",INDEX([1]LANE_DIRECTION!$A$2:$A$100,MATCH('AVI Antenna (Desc)'!$J65,[1]!MASTER_LANE_DIRECTION_DESC[#Data],0),0))","v":""}]
[{"$f":"IF('AVI Antenna (Desc)'!B66=\"\",\"\",\"2007\")","v":""},{"$f":"IF('AVI Antenna (Desc)'!E66=\"\",\"\",'AVI Antenna (Desc)'!B66)","v":""},{"$f":"IF('AVI Antenna (Desc)'!C66=\"\",\"\",'AVI Antenna (Desc)'!C66)","v":""},{"$f":"IF('AVI Antenna (Desc)'!D66=\"\",\"\",INDEX([1]ASSET_ID_SOURCE!$A$2:$A$50,MATCH('AVI Antenna (Desc)'!D66,[1]!MASTER_ASSET_ID_SOURCE_DESC,0),0))","v":""},{"$f":"IF('AVI Antenna (Desc)'!F66=\"\",\"\",'AVI Antenna (Desc)'!E66)","v":""},{"$f":"IF('AVI Antenna (Desc)'!F66=\"\",\"\",INDEX([1]ANTENNA_TYPE!$A$2:$A$100,MATCH('AVI Antenna (Desc)'!$F66,[1]!MASTER_ANTENNA_TYPE_DESC[#Data],0),0))","v":""},{"$f":"IF('AVI Antenna (Desc)'!G66=\"\",\"\",INDEX([1]ANTENNA_MANUF!$A$2:$A$100,MATCH('AVI Antenna (Desc)'!$G66,[1]!MASTER_ANTENNA_MANUF_DESC[#Data],0),0))","v":""},{"$f":"IF('AVI Antenna (Desc)'!H66=\"\",\"\",INDEX([1]ANTENNA_MODEL!$A$2:$A$50,MATCH(1,([1]ANTENNA_MODEL!$C$2:$C$50='AVI Antenna (Desc)'!$G66)*([1]ANTENNA_MODEL!$D$2:$D$50='AVI Antenna (Desc)'!$H66),0),0))","v":""},{"$f":"IF('AVI Antenna (Desc)'!I66=\"\",\"\",INDEX([1]LANE_COVERAGE!$A$2:$A$100,MATCH('AVI Antenna (Desc)'!$I66,[1]!MASTER_LANE_COVERAGE_DESC[#Data],0),0))","v":""},{"$f":"IF('AVI Antenna (Desc)'!J66=\"\",\"\",INDEX([1]LANE_DIRECTION!$A$2:$A$100,MATCH('AVI Antenna (Desc)'!$J66,[1]!MASTER_LANE_DIRECTION_DESC[#Data],0),0))","v":""}]
[{"$f":"IF('AVI Antenna (Desc)'!B67=\"\",\"\",\"2007\")","v":""},{"$f":"IF('AVI Antenna (Desc)'!E67=\"\",\"\",'AVI Antenna (Desc)'!B67)","v":""},{"$f":"IF('AVI Antenna (Desc)'!C67=\"\",\"\",'AVI Antenna (Desc)'!C67)","v":""},{"$f":"IF('AVI Antenna (Desc)'!D67=\"\",\"\",INDEX([1]ASSET_ID_SOURCE!$A$2:$A$50,MATCH('AVI Antenna (Desc)'!D67,[1]!MASTER_ASSET_ID_SOURCE_DESC,0),0))","v":""},{"$f":"IF('AVI Antenna (Desc)'!F67=\"\",\"\",'AVI Antenna (Desc)'!E67)","v":""},{"$f":"IF('AVI Antenna (Desc)'!F67=\"\",\"\",INDEX([1]ANTENNA_TYPE!$A$2:$A$100,MATCH('AVI Antenna (Desc)'!$F67,[1]!MASTER_ANTENNA_TYPE_DESC[#Data],0),0))","v":""},{"$f":"IF('AVI Antenna (Desc)'!G67=\"\",\"\",INDEX([1]ANTENNA_MANUF!$A$2:$A$100,MATCH('AVI Antenna (Desc)'!$G67,[1]!MASTER_ANTENNA_MANUF_DESC[#Data],0),0))","v":""},{"$f":"IF('AVI Antenna (Desc)'!H67=\"\",\"\",INDEX([1]ANTENNA_MODEL!$A$2:$A$50,MATCH(1,([1]ANTENNA_MODEL!$C$2:$C$50='AVI Antenna (Desc)'!$G67)*([1]ANTENNA_MODEL!$D$2:$D$50='AVI Antenna (Desc)'!$H67),0),0))","v":""},{"$f":"IF('AVI Antenna (Desc)'!I67=\"\",\"\",INDEX([1]LANE_COVERAGE!$A$2:$A$100,MATCH('AVI Antenna (Desc)'!$I67,[1]!MASTER_LANE_COVERAGE_DESC[#Data],0),0))","v":""},{"$f":"IF('AVI Antenna (Desc)'!J67=\"\",\"\",INDEX([1]LANE_DIRECTION!$A$2:$A$100,MATCH('AVI Antenna (Desc)'!$J67,[1]!MASTER_LANE_DIRECTION_DESC[#Data],0),0))","v":""}]
[{"$f":"IF('AVI Antenna (Desc)'!B68=\"\",\"\",\"2007\")","v":""},{"$f":"IF('AVI Antenna (Desc)'!E68=\"\",\"\",'AVI Antenna (Desc)'!B68)","v":""},{"$f":"IF('AVI Antenna (Desc)'!C68=\"\",\"\",'AVI Antenna (Desc)'!C68)","v":""},{"$f":"IF('AVI Antenna (Desc)'!D68=\"\",\"\",INDEX([1]ASSET_ID_SOURCE!$A$2:$A$50,MATCH('AVI Antenna (Desc)'!D68,[1]!MASTER_ASSET_ID_SOURCE_DESC,0),0))","v":""},{"$f":"IF('AVI Antenna (Desc)'!F68=\"\",\"\",'AVI Antenna (Desc)'!E68)","v":""},{"$f":"IF('AVI Antenna (Desc)'!F68=\"\",\"\",INDEX([1]ANTENNA_TYPE!$A$2:$A$100,MATCH('AVI Antenna (Desc)'!$F68,[1]!MASTER_ANTENNA_TYPE_DESC[#Data],0),0))","v":""},{"$f":"IF('AVI Antenna (Desc)'!G68=\"\",\"\",INDEX([1]ANTENNA_MANUF!$A$2:$A$100,MATCH('AVI Antenna (Desc)'!$G68,[1]!MASTER_ANTENNA_MANUF_DESC[#Data],0),0))","v":""},{"$f":"IF('AVI Antenna (Desc)'!H68=\"\",\"\",INDEX([1]ANTENNA_MODEL!$A$2:$A$50,MATCH(1,([1]ANTENNA_MODEL!$C$2:$C$50='AVI Antenna (Desc)'!$G68)*([1]ANTENNA_MODEL!$D$2:$D$50='AVI Antenna (Desc)'!$H68),0),0))","v":""},{"$f":"IF('AVI Antenna (Desc)'!I68=\"\",\"\",INDEX([1]LANE_COVERAGE!$A$2:$A$100,MATCH('AVI Antenna (Desc)'!$I68,[1]!MASTER_LANE_COVERAGE_DESC[#Data],0),0))","v":""},{"$f":"IF('AVI Antenna (Desc)'!J68=\"\",\"\",INDEX([1]LANE_DIRECTION!$A$2:$A$100,MATCH('AVI Antenna (Desc)'!$J68,[1]!MASTER_LANE_DIRECTION_DESC[#Data],0),0))","v":""}]
[{"$f":"IF('AVI Antenna (Desc)'!B69=\"\",\"\",\"2007\")","v":""},{"$f":"IF('AVI Antenna (Desc)'!E69=\"\",\"\",'AVI Antenna (Desc)'!B69)","v":""},{"$f":"IF('AVI Antenna (Desc)'!C69=\"\",\"\",'AVI Antenna (Desc)'!C69)","v":""},{"$f":"IF('AVI Antenna (Desc)'!D69=\"\",\"\",INDEX([1]ASSET_ID_SOURCE!$A$2:$A$50,MATCH('AVI Antenna (Desc)'!D69,[1]!MASTER_ASSET_ID_SOURCE_DESC,0),0))","v":""},{"$f":"IF('AVI Antenna (Desc)'!F69=\"\",\"\",'AVI Antenna (Desc)'!E69)","v":""},{"$f":"IF('AVI Antenna (Desc)'!F69=\"\",\"\",INDEX([1]ANTENNA_TYPE!$A$2:$A$100,MATCH('AVI Antenna (Desc)'!$F69,[1]!MASTER_ANTENNA_TYPE_DESC[#Data],0),0))","v":""},{"$f":"IF('AVI Antenna (Desc)'!G69=\"\",\"\",INDEX([1]ANTENNA_MANUF!$A$2:$A$100,MATCH('AVI Antenna (Desc)'!$G69,[1]!MASTER_ANTENNA_MANUF_DESC[#Data],0),0))","v":""},{"$f":"IF('AVI Antenna (Desc)'!H69=\"\",\"\",INDEX([1]ANTENNA_MODEL!$A$2:$A$50,MATCH(1,([1]ANTENNA_MODEL!$C$2:$C$50='AVI Antenna (Desc)'!$G69)*([1]ANTENNA_MODEL!$D$2:$D$50='AVI Antenna (Desc)'!$H69),0),0))","v":""},{"$f":"IF('AVI Antenna (Desc)'!I69=\"\",\"\",INDEX([1]LANE_COVERAGE!$A$2:$A$100,MATCH('AVI Antenna (Desc)'!$I69,[1]!MASTER_LANE_COVERAGE_DESC[#Data],0),0))","v":""},{"$f":"IF('AVI Antenna (Desc)'!J69=\"\",\"\",INDEX([1]LANE_DIRECTION!$A$2:$A$100,MATCH('AVI Antenna (Desc)'!$J69,[1]!MASTER_LANE_DIRECTION_DESC[#Data],0),0))","v":""}]
[{"$f":"IF('AVI Antenna (Desc)'!B70=\"\",\"\",\"2007\")","v":""},{"$f":"IF('AVI Antenna (Desc)'!E70=\"\",\"\",'AVI Antenna (Desc)'!B70)","v":""},{"$f":"IF('AVI Antenna (Desc)'!C70=\"\",\"\",'AVI Antenna (Desc)'!C70)","v":""},{"$f":"IF('AVI Antenna (Desc)'!D70=\"\",\"\",INDEX([1]ASSET_ID_SOURCE!$A$2:$A$50,MATCH('AVI Antenna (Desc)'!D70,[1]!MASTER_ASSET_ID_SOURCE_DESC,0),0))","v":""},{"$f":"IF('AVI Antenna (Desc)'!F70=\"\",\"\",'AVI Antenna (Desc)'!E70)","v":""},{"$f":"IF('AVI Antenna (Desc)'!F70=\"\",\"\",INDEX([1]ANTENNA_TYPE!$A$2:$A$100,MATCH('AVI Antenna (Desc)'!$F70,[1]!MASTER_ANTENNA_TYPE_DESC[#Data],0),0))","v":""},{"$f":"IF('AVI Antenna (Desc)'!G70=\"\",\"\",INDEX([1]ANTENNA_MANUF!$A$2:$A$100,MATCH('AVI Antenna (Desc)'!$G70,[1]!MASTER_ANTENNA_MANUF_DESC[#Data],0),0))","v":""},{"$f":"IF('AVI Antenna (Desc)'!H70=\"\",\"\",INDEX([1]ANTENNA_MODEL!$A$2:$A$50,MATCH(1,([1]ANTENNA_MODEL!$C$2:$C$50='AVI Antenna (Desc)'!$G70)*([1]ANTENNA_MODEL!$D$2:$D$50='AVI Antenna (Desc)'!$H70),0),0))","v":""},{"$f":"IF('AVI Antenna (Desc)'!I70=\"\",\"\",INDEX([1]LANE_COVERAGE!$A$2:$A$100,MATCH('AVI Antenna (Desc)'!$I70,[1]!MASTER_LANE_COVERAGE_DESC[#Data],0),0))","v":""},{"$f":"IF('AVI Antenna (Desc)'!J70=\"\",\"\",INDEX([1]LANE_DIRECTION!$A$2:$A$100,MATCH('AVI Antenna (Desc)'!$J70,[1]!MASTER_LANE_DIRECTION_DESC[#Data],0),0))","v":""}]
[{"$f":"IF('AVI Antenna (Desc)'!B71=\"\",\"\",\"2007\")","v":""},{"$f":"IF('AVI Antenna (Desc)'!E71=\"\",\"\",'AVI Antenna (Desc)'!B71)","v":""},{"$f":"IF('AVI Antenna (Desc)'!C71=\"\",\"\",'AVI Antenna (Desc)'!C71)","v":""},{"$f":"IF('AVI Antenna (Desc)'!D71=\"\",\"\",INDEX([1]ASSET_ID_SOURCE!$A$2:$A$50,MATCH('AVI Antenna (Desc)'!D71,[1]!MASTER_ASSET_ID_SOURCE_DESC,0),0))","v":""},{"$f":"IF('AVI Antenna (Desc)'!F71=\"\",\"\",'AVI Antenna (Desc)'!E71)","v":""},{"$f":"IF('AVI Antenna (Desc)'!F71=\"\",\"\",INDEX([1]ANTENNA_TYPE!$A$2:$A$100,MATCH('AVI Antenna (Desc)'!$F71,[1]!MASTER_ANTENNA_TYPE_DESC[#Data],0),0))","v":""},{"$f":"IF('AVI Antenna (Desc)'!G71=\"\",\"\",INDEX([1]ANTENNA_MANUF!$A$2:$A$100,MATCH('AVI Antenna (Desc)'!$G71,[1]!MASTER_ANTENNA_MANUF_DESC[#Data],0),0))","v":""},{"$f":"IF('AVI Antenna (Desc)'!H71=\"\",\"\",INDEX([1]ANTENNA_MODEL!$A$2:$A$50,MATCH(1,([1]ANTENNA_MODEL!$C$2:$C$50='AVI Antenna (Desc)'!$G71)*([1]ANTENNA_MODEL!$D$2:$D$50='AVI Antenna (Desc)'!$H71),0),0))","v":""},{"$f":"IF('AVI Antenna (Desc)'!I71=\"\",\"\",INDEX([1]LANE_COVERAGE!$A$2:$A$100,MATCH('AVI Antenna (Desc)'!$I71,[1]!MASTER_LANE_COVERAGE_DESC[#Data],0),0))","v":""},{"$f":"IF('AVI Antenna (Desc)'!J71=\"\",\"\",INDEX([1]LANE_DIRECTION!$A$2:$A$100,MATCH('AVI Antenna (Desc)'!$J71,[1]!MASTER_LANE_DIRECTION_DESC[#Data],0),0))","v":""}]
[{"$f":"IF('AVI Antenna (Desc)'!B72=\"\",\"\",\"2007\")","v":""},{"$f":"IF('AVI Antenna (Desc)'!E72=\"\",\"\",'AVI Antenna (Desc)'!B72)","v":""},{"$f":"IF('AVI Antenna (Desc)'!C72=\"\",\"\",'AVI Antenna (Desc)'!C72)","v":""},{"$f":"IF('AVI Antenna (Desc)'!D72=\"\",\"\",INDEX([1]ASSET_ID_SOURCE!$A$2:$A$50,MATCH('AVI Antenna (Desc)'!D72,[1]!MASTER_ASSET_ID_SOURCE_DESC,0),0))","v":""},{"$f":"IF('AVI Antenna (Desc)'!F72=\"\",\"\",'AVI Antenna (Desc)'!E72)","v":""},{"$f":"IF('AVI Antenna (Desc)'!F72=\"\",\"\",INDEX([1]ANTENNA_TYPE!$A$2:$A$100,MATCH('AVI Antenna (Desc)'!$F72,[1]!MASTER_ANTENNA_TYPE_DESC[#Data],0),0))","v":""},{"$f":"IF('AVI Antenna (Desc)'!G72=\"\",\"\",INDEX([1]ANTENNA_MANUF!$A$2:$A$100,MATCH('AVI Antenna (Desc)'!$G72,[1]!MASTER_ANTENNA_MANUF_DESC[#Data],0),0))","v":""},{"$f":"IF('AVI Antenna (Desc)'!H72=\"\",\"\",INDEX([1]ANTENNA_MODEL!$A$2:$A$50,MATCH(1,([1]ANTENNA_MODEL!$C$2:$C$50='AVI Antenna (Desc)'!$G72)*([1]ANTENNA_MODEL!$D$2:$D$50='AVI Antenna (Desc)'!$H72),0),0))","v":""},{"$f":"IF('AVI Antenna (Desc)'!I72=\"\",\"\",INDEX([1]LANE_COVERAGE!$A$2:$A$100,MATCH('AVI Antenna (Desc)'!$I72,[1]!MASTER_LANE_COVERAGE_DESC[#Data],0),0))","v":""},{"$f":"IF('AVI Antenna (Desc)'!J72=\"\",\"\",INDEX([1]LANE_DIRECTION!$A$2:$A$100,MATCH('AVI Antenna (Desc)'!$J72,[1]!MASTER_LANE_DIRECTION_DESC[#Data],0),0))","v":""}]
[{"$f":"IF('AVI Antenna (Desc)'!B73=\"\",\"\",\"2007\")","v":""},{"$f":"IF('AVI Antenna (Desc)'!E73=\"\",\"\",'AVI Antenna (Desc)'!B73)","v":""},{"$f":"IF('AVI Antenna (Desc)'!C73=\"\",\"\",'AVI Antenna (Desc)'!C73)","v":""},{"$f":"IF('AVI Antenna (Desc)'!D73=\"\",\"\",INDEX([1]ASSET_ID_SOURCE!$A$2:$A$50,MATCH('AVI Antenna (Desc)'!D73,[1]!MASTER_ASSET_ID_SOURCE_DESC,0),0))","v":""},{"$f":"IF('AVI Antenna (Desc)'!F73=\"\",\"\",'AVI Antenna (Desc)'!E73)","v":""},{"$f":"IF('AVI Antenna (Desc)'!F73=\"\",\"\",INDEX([1]ANTENNA_TYPE!$A$2:$A$100,MATCH('AVI Antenna (Desc)'!$F73,[1]!MASTER_ANTENNA_TYPE_DESC[#Data],0),0))","v":""},{"$f":"IF('AVI Antenna (Desc)'!G73=\"\",\"\",INDEX([1]ANTENNA_MANUF!$A$2:$A$100,MATCH('AVI Antenna (Desc)'!$G73,[1]!MASTER_ANTENNA_MANUF_DESC[#Data],0),0))","v":""},{"$f":"IF('AVI Antenna (Desc)'!H73=\"\",\"\",INDEX([1]ANTENNA_MODEL!$A$2:$A$50,MATCH(1,([1]ANTENNA_MODEL!$C$2:$C$50='AVI Antenna (Desc)'!$G73)*([1]ANTENNA_MODEL!$D$2:$D$50='AVI Antenna (Desc)'!$H73),0),0))","v":""},{"$f":"IF('AVI Antenna (Desc)'!I73=\"\",\"\",INDEX([1]LANE_COVERAGE!$A$2:$A$100,MATCH('AVI Antenna (Desc)'!$I73,[1]!MASTER_LANE_COVERAGE_DESC[#Data],0),0))","v":""},{"$f":"IF('AVI Antenna (Desc)'!J73=\"\",\"\",INDEX([1]LANE_DIRECTION!$A$2:$A$100,MATCH('AVI Antenna (Desc)'!$J73,[1]!MASTER_LANE_DIRECTION_DESC[#Data],0),0))","v":""}]
[{"$f":"IF('AVI Antenna (Desc)'!B74=\"\",\"\",\"2007\")","v":""},{"$f":"IF('AVI Antenna (Desc)'!E74=\"\",\"\",'AVI Antenna (Desc)'!B74)","v":""},{"$f":"IF('AVI Antenna (Desc)'!C74=\"\",\"\",'AVI Antenna (Desc)'!C74)","v":""},{"$f":"IF('AVI Antenna (Desc)'!D74=\"\",\"\",INDEX([1]ASSET_ID_SOURCE!$A$2:$A$50,MATCH('AVI Antenna (Desc)'!D74,[1]!MASTER_ASSET_ID_SOURCE_DESC,0),0))","v":""},{"$f":"IF('AVI Antenna (Desc)'!F74=\"\",\"\",'AVI Antenna (Desc)'!E74)","v":""},{"$f":"IF('AVI Antenna (Desc)'!F74=\"\",\"\",INDEX([1]ANTENNA_TYPE!$A$2:$A$100,MATCH('AVI Antenna (Desc)'!$F74,[1]!MASTER_ANTENNA_TYPE_DESC[#Data],0),0))","v":""},{"$f":"IF('AVI Antenna (Desc)'!G74=\"\",\"\",INDEX([1]ANTENNA_MANUF!$A$2:$A$100,MATCH('AVI Antenna (Desc)'!$G74,[1]!MASTER_ANTENNA_MANUF_DESC[#Data],0),0))","v":""},{"$f":"IF('AVI Antenna (Desc)'!H74=\"\",\"\",INDEX([1]ANTENNA_MODEL!$A$2:$A$50,MATCH(1,([1]ANTENNA_MODEL!$C$2:$C$50='AVI Antenna (Desc)'!$G74)*([1]ANTENNA_MODEL!$D$2:$D$50='AVI Antenna (Desc)'!$H74),0),0))","v":""},{"$f":"IF('AVI Antenna (Desc)'!I74=\"\",\"\",INDEX([1]LANE_COVERAGE!$A$2:$A$100,MATCH('AVI Antenna (Desc)'!$I74,[1]!MASTER_LANE_COVERAGE_DESC[#Data],0),0))","v":""},{"$f":"IF('AVI Antenna (Desc)'!J74=\"\",\"\",INDEX([1]LANE_DIRECTION!$A$2:$A$100,MATCH('AVI Antenna (Desc)'!$J74,[1]!MASTER_LANE_DIRECTION_DESC[#Data],0),0))","v":""}]
[{"$f":"IF('AVI Antenna (Desc)'!B75=\"\",\"\",\"2007\")","v":""},{"$f":"IF('AVI Antenna (Desc)'!E75=\"\",\"\",'AVI Antenna (Desc)'!B75)","v":""},{"$f":"IF('AVI Antenna (Desc)'!C75=\"\",\"\",'AVI Antenna (Desc)'!C75)","v":""},{"$f":"IF('AVI Antenna (Desc)'!D75=\"\",\"\",INDEX([1]ASSET_ID_SOURCE!$A$2:$A$50,MATCH('AVI Antenna (Desc)'!D75,[1]!MASTER_ASSET_ID_SOURCE_DESC,0),0))","v":""},{"$f":"IF('AVI Antenna (Desc)'!F75=\"\",\"\",'AVI Antenna (Desc)'!E75)","v":""},{"$f":"IF('AVI Antenna (Desc)'!F75=\"\",\"\",INDEX([1]ANTENNA_TYPE!$A$2:$A$100,MATCH('AVI Antenna (Desc)'!$F75,[1]!MASTER_ANTENNA_TYPE_DESC[#Data],0),0))","v":""},{"$f":"IF('AVI Antenna (Desc)'!G75=\"\",\"\",INDEX([1]ANTENNA_MANUF!$A$2:$A$100,MATCH('AVI Antenna (Desc)'!$G75,[1]!MASTER_ANTENNA_MANUF_DESC[#Data],0),0))","v":""},{"$f":"IF('AVI Antenna (Desc)'!H75=\"\",\"\",INDEX([1]ANTENNA_MODEL!$A$2:$A$50,MATCH(1,([1]ANTENNA_MODEL!$C$2:$C$50='AVI Antenna (Desc)'!$G75)*([1]ANTENNA_MODEL!$D$2:$D$50='AVI Antenna (Desc)'!$H75),0),0))","v":""},{"$f":"IF('AVI Antenna (Desc)'!I75=\"\",\"\",INDEX([1]LANE_COVERAGE!$A$2:$A$100,MATCH('AVI Antenna (Desc)'!$I75,[1]!MASTER_LANE_COVERAGE_DESC[#Data],0),0))","v":""},{"$f":"IF('AVI Antenna (Desc)'!J75=\"\",\"\",INDEX([1]LANE_DIRECTION!$A$2:$A$100,MATCH('AVI Antenna (Desc)'!$J75,[1]!MASTER_LANE_DIRECTION_DESC[#Data],0),0))","v":""}]
[{"$f":"IF('AVI Antenna (Desc)'!B76=\"\",\"\",\"2007\")","v":""},{"$f":"IF('AVI Antenna (Desc)'!E76=\"\",\"\",'AVI Antenna (Desc)'!B76)","v":""},{"$f":"IF('AVI Antenna (Desc)'!C76=\"\",\"\",'AVI Antenna (Desc)'!C76)","v":""},{"$f":"IF('AVI Antenna (Desc)'!D76=\"\",\"\",INDEX([1]ASSET_ID_SOURCE!$A$2:$A$50,MATCH('AVI Antenna (Desc)'!D76,[1]!MASTER_ASSET_ID_SOURCE_DESC,0),0))","v":""},{"$f":"IF('AVI Antenna (Desc)'!F76=\"\",\"\",'AVI Antenna (Desc)'!E76)","v":""},{"$f":"IF('AVI Antenna (Desc)'!F76=\"\",\"\",INDEX([1]ANTENNA_TYPE!$A$2:$A$100,MATCH('AVI Antenna (Desc)'!$F76,[1]!MASTER_ANTENNA_TYPE_DESC[#Data],0),0))","v":""},{"$f":"IF('AVI Antenna (Desc)'!G76=\"\",\"\",INDEX([1]ANTENNA_MANUF!$A$2:$A$100,MATCH('AVI Antenna (Desc)'!$G76,[1]!MASTER_ANTENNA_MANUF_DESC[#Data],0),0))","v":""},{"$f":"IF('AVI Antenna (Desc)'!H76=\"\",\"\",INDEX([1]ANTENNA_MODEL!$A$2:$A$50,MATCH(1,([1]ANTENNA_MODEL!$C$2:$C$50='AVI Antenna (Desc)'!$G76)*([1]ANTENNA_MODEL!$D$2:$D$50='AVI Antenna (Desc)'!$H76),0),0))","v":""},{"$f":"IF('AVI Antenna (Desc)'!I76=\"\",\"\",INDEX([1]LANE_COVERAGE!$A$2:$A$100,MATCH('AVI Antenna (Desc)'!$I76,[1]!MASTER_LANE_COVERAGE_DESC[#Data],0),0))","v":""},{"$f":"IF('AVI Antenna (Desc)'!J76=\"\",\"\",INDEX([1]LANE_DIRECTION!$A$2:$A$100,MATCH('AVI Antenna (Desc)'!$J76,[1]!MASTER_LANE_DIRECTION_DESC[#Data],0),0))","v":""}]
[{"$f":"IF('AVI Antenna (Desc)'!B77=\"\",\"\",\"2007\")","v":""},{"$f":"IF('AVI Antenna (Desc)'!E77=\"\",\"\",'AVI Antenna (Desc)'!B77)","v":""},{"$f":"IF('AVI Antenna (Desc)'!C77=\"\",\"\",'AVI Antenna (Desc)'!C77)","v":""},{"$f":"IF('AVI Antenna (Desc)'!D77=\"\",\"\",INDEX([1]ASSET_ID_SOURCE!$A$2:$A$50,MATCH('AVI Antenna (Desc)'!D77,[1]!MASTER_ASSET_ID_SOURCE_DESC,0),0))","v":""},{"$f":"IF('AVI Antenna (Desc)'!F77=\"\",\"\",'AVI Antenna (Desc)'!E77)","v":""},{"$f":"IF('AVI Antenna (Desc)'!F77=\"\",\"\",INDEX([1]ANTENNA_TYPE!$A$2:$A$100,MATCH('AVI Antenna (Desc)'!$F77,[1]!MASTER_ANTENNA_TYPE_DESC[#Data],0),0))","v":""},{"$f":"IF('AVI Antenna (Desc)'!G77=\"\",\"\",INDEX([1]ANTENNA_MANUF!$A$2:$A$100,MATCH('AVI Antenna (Desc)'!$G77,[1]!MASTER_ANTENNA_MANUF_DESC[#Data],0),0))","v":""},{"$f":"IF('AVI Antenna (Desc)'!H77=\"\",\"\",INDEX([1]ANTENNA_MODEL!$A$2:$A$50,MATCH(1,([1]ANTENNA_MODEL!$C$2:$C$50='AVI Antenna (Desc)'!$G77)*([1]ANTENNA_MODEL!$D$2:$D$50='AVI Antenna (Desc)'!$H77),0),0))","v":""},{"$f":"IF('AVI Antenna (Desc)'!I77=\"\",\"\",INDEX([1]LANE_COVERAGE!$A$2:$A$100,MATCH('AVI Antenna (Desc)'!$I77,[1]!MASTER_LANE_COVERAGE_DESC[#Data],0),0))","v":""},{"$f":"IF('AVI Antenna (Desc)'!J77=\"\",\"\",INDEX([1]LANE_DIRECTION!$A$2:$A$100,MATCH('AVI Antenna (Desc)'!$J77,[1]!MASTER_LANE_DIRECTION_DESC[#Data],0),0))","v":""}]
[{"$f":"IF('AVI Antenna (Desc)'!B78=\"\",\"\",\"2007\")","v":""},{"$f":"IF('AVI Antenna (Desc)'!E78=\"\",\"\",'AVI Antenna (Desc)'!B78)","v":""},{"$f":"IF('AVI Antenna (Desc)'!C78=\"\",\"\",'AVI Antenna (Desc)'!C78)","v":""},{"$f":"IF('AVI Antenna (Desc)'!D78=\"\",\"\",INDEX([1]ASSET_ID_SOURCE!$A$2:$A$50,MATCH('AVI Antenna (Desc)'!D78,[1]!MASTER_ASSET_ID_SOURCE_DESC,0),0))","v":""},{"$f":"IF('AVI Antenna (Desc)'!F78=\"\",\"\",'AVI Antenna (Desc)'!E78)","v":""},{"$f":"IF('AVI Antenna (Desc)'!F78=\"\",\"\",INDEX([1]ANTENNA_TYPE!$A$2:$A$100,MATCH('AVI Antenna (Desc)'!$F78,[1]!MASTER_ANTENNA_TYPE_DESC[#Data],0),0))","v":""},{"$f":"IF('AVI Antenna (Desc)'!G78=\"\",\"\",INDEX([1]ANTENNA_MANUF!$A$2:$A$100,MATCH('AVI Antenna (Desc)'!$G78,[1]!MASTER_ANTENNA_MANUF_DESC[#Data],0),0))","v":""},{"$f":"IF('AVI Antenna (Desc)'!H78=\"\",\"\",INDEX([1]ANTENNA_MODEL!$A$2:$A$50,MATCH(1,([1]ANTENNA_MODEL!$C$2:$C$50='AVI Antenna (Desc)'!$G78)*([1]ANTENNA_MODEL!$D$2:$D$50='AVI Antenna (Desc)'!$H78),0),0))","v":""},{"$f":"IF('AVI Antenna (Desc)'!I78=\"\",\"\",INDEX([1]LANE_COVERAGE!$A$2:$A$100,MATCH('AVI Antenna (Desc)'!$I78,[1]!MASTER_LANE_COVERAGE_DESC[#Data],0),0))","v":""},{"$f":"IF('AVI Antenna (Desc)'!J78=\"\",\"\",INDEX([1]LANE_DIRECTION!$A$2:$A$100,MATCH('AVI Antenna (Desc)'!$J78,[1]!MASTER_LANE_DIRECTION_DESC[#Data],0),0))","v":""}]
[{"$f":"IF('AVI Antenna (Desc)'!B79=\"\",\"\",\"2007\")","v":""},{"$f":"IF('AVI Antenna (Desc)'!E79=\"\",\"\",'AVI Antenna (Desc)'!B79)","v":""},{"$f":"IF('AVI Antenna (Desc)'!C79=\"\",\"\",'AVI Antenna (Desc)'!C79)","v":""},{"$f":"IF('AVI Antenna (Desc)'!D79=\"\",\"\",INDEX([1]ASSET_ID_SOURCE!$A$2:$A$50,MATCH('AVI Antenna (Desc)'!D79,[1]!MASTER_ASSET_ID_SOURCE_DESC,0),0))","v":""},{"$f":"IF('AVI Antenna (Desc)'!F79=\"\",\"\",'AVI Antenna (Desc)'!E79)","v":""},{"$f":"IF('AVI Antenna (Desc)'!F79=\"\",\"\",INDEX([1]ANTENNA_TYPE!$A$2:$A$100,MATCH('AVI Antenna (Desc)'!$F79,[1]!MASTER_ANTENNA_TYPE_DESC[#Data],0),0))","v":""},{"$f":"IF('AVI Antenna (Desc)'!G79=\"\",\"\",INDEX([1]ANTENNA_MANUF!$A$2:$A$100,MATCH('AVI Antenna (Desc)'!$G79,[1]!MASTER_ANTENNA_MANUF_DESC[#Data],0),0))","v":""},{"$f":"IF('AVI Antenna (Desc)'!H79=\"\",\"\",INDEX([1]ANTENNA_MODEL!$A$2:$A$50,MATCH(1,([1]ANTENNA_MODEL!$C$2:$C$50='AVI Antenna (Desc)'!$G79)*([1]ANTENNA_MODEL!$D$2:$D$50='AVI Antenna (Desc)'!$H79),0),0))","v":""},{"$f":"IF('AVI Antenna (Desc)'!I79=\"\",\"\",INDEX([1]LANE_COVERAGE!$A$2:$A$100,MATCH('AVI Antenna (Desc)'!$I79,[1]!MASTER_LANE_COVERAGE_DESC[#Data],0),0))","v":""},{"$f":"IF('AVI Antenna (Desc)'!J79=\"\",\"\",INDEX([1]LANE_DIRECTION!$A$2:$A$100,MATCH('AVI Antenna (Desc)'!$J79,[1]!MASTER_LANE_DIRECTION_DESC[#Data],0),0))","v":""}]
[{"$f":"IF('AVI Antenna (Desc)'!B80=\"\",\"\",\"2007\")","v":""},{"$f":"IF('AVI Antenna (Desc)'!E80=\"\",\"\",'AVI Antenna (Desc)'!B80)","v":""},{"$f":"IF('AVI Antenna (Desc)'!C80=\"\",\"\",'AVI Antenna (Desc)'!C80)","v":""},{"$f":"IF('AVI Antenna (Desc)'!D80=\"\",\"\",INDEX([1]ASSET_ID_SOURCE!$A$2:$A$50,MATCH('AVI Antenna (Desc)'!D80,[1]!MASTER_ASSET_ID_SOURCE_DESC,0),0))","v":""},{"$f":"IF('AVI Antenna (Desc)'!F80=\"\",\"\",'AVI Antenna (Desc)'!E80)","v":""},{"$f":"IF('AVI Antenna (Desc)'!F80=\"\",\"\",INDEX([1]ANTENNA_TYPE!$A$2:$A$100,MATCH('AVI Antenna (Desc)'!$F80,[1]!MASTER_ANTENNA_TYPE_DESC[#Data],0),0))","v":""},{"$f":"IF('AVI Antenna (Desc)'!G80=\"\",\"\",INDEX([1]ANTENNA_MANUF!$A$2:$A$100,MATCH('AVI Antenna (Desc)'!$G80,[1]!MASTER_ANTENNA_MANUF_DESC[#Data],0),0))","v":""},{"$f":"IF('AVI Antenna (Desc)'!H80=\"\",\"\",INDEX([1]ANTENNA_MODEL!$A$2:$A$50,MATCH(1,([1]ANTENNA_MODEL!$C$2:$C$50='AVI Antenna (Desc)'!$G80)*([1]ANTENNA_MODEL!$D$2:$D$50='AVI Antenna (Desc)'!$H80),0),0))","v":""},{"$f":"IF('AVI Antenna (Desc)'!I80=\"\",\"\",INDEX([1]LANE_COVERAGE!$A$2:$A$100,MATCH('AVI Antenna (Desc)'!$I80,[1]!MASTER_LANE_COVERAGE_DESC[#Data],0),0))","v":""},{"$f":"IF('AVI Antenna (Desc)'!J80=\"\",\"\",INDEX([1]LANE_DIRECTION!$A$2:$A$100,MATCH('AVI Antenna (Desc)'!$J80,[1]!MASTER_LANE_DIRECTION_DESC[#Data],0),0))","v":""}]
[{"$f":"IF('AVI Antenna (Desc)'!B81=\"\",\"\",\"2007\")","v":""},{"$f":"IF('AVI Antenna (Desc)'!E81=\"\",\"\",'AVI Antenna (Desc)'!B81)","v":""},{"$f":"IF('AVI Antenna (Desc)'!C81=\"\",\"\",'AVI Antenna (Desc)'!C81)","v":""},{"$f":"IF('AVI Antenna (Desc)'!D81=\"\",\"\",INDEX([1]ASSET_ID_SOURCE!$A$2:$A$50,MATCH('AVI Antenna (Desc)'!D81,[1]!MASTER_ASSET_ID_SOURCE_DESC,0),0))","v":""},{"$f":"IF('AVI Antenna (Desc)'!F81=\"\",\"\",'AVI Antenna (Desc)'!E81)","v":""},{"$f":"IF('AVI Antenna (Desc)'!F81=\"\",\"\",INDEX([1]ANTENNA_TYPE!$A$2:$A$100,MATCH('AVI Antenna (Desc)'!$F81,[1]!MASTER_ANTENNA_TYPE_DESC[#Data],0),0))","v":""},{"$f":"IF('AVI Antenna (Desc)'!G81=\"\",\"\",INDEX([1]ANTENNA_MANUF!$A$2:$A$100,MATCH('AVI Antenna (Desc)'!$G81,[1]!MASTER_ANTENNA_MANUF_DESC[#Data],0),0))","v":""},{"$f":"IF('AVI Antenna (Desc)'!H81=\"\",\"\",INDEX([1]ANTENNA_MODEL!$A$2:$A$50,MATCH(1,([1]ANTENNA_MODEL!$C$2:$C$50='AVI Antenna (Desc)'!$G81)*([1]ANTENNA_MODEL!$D$2:$D$50='AVI Antenna (Desc)'!$H81),0),0))","v":""},{"$f":"IF('AVI Antenna (Desc)'!I81=\"\",\"\",INDEX([1]LANE_COVERAGE!$A$2:$A$100,MATCH('AVI Antenna (Desc)'!$I81,[1]!MASTER_LANE_COVERAGE_DESC[#Data],0),0))","v":""},{"$f":"IF('AVI Antenna (Desc)'!J81=\"\",\"\",INDEX([1]LANE_DIRECTION!$A$2:$A$100,MATCH('AVI Antenna (Desc)'!$J81,[1]!MASTER_LANE_DIRECTION_DESC[#Data],0),0))","v":""}]
[{"$f":"IF('AVI Antenna (Desc)'!B82=\"\",\"\",\"2007\")","v":""},{"$f":"IF('AVI Antenna (Desc)'!E82=\"\",\"\",'AVI Antenna (Desc)'!B82)","v":""},{"$f":"IF('AVI Antenna (Desc)'!C82=\"\",\"\",'AVI Antenna (Desc)'!C82)","v":""},{"$f":"IF('AVI Antenna (Desc)'!D82=\"\",\"\",INDEX([1]ASSET_ID_SOURCE!$A$2:$A$50,MATCH('AVI Antenna (Desc)'!D82,[1]!MASTER_ASSET_ID_SOURCE_DESC,0),0))","v":""},{"$f":"IF('AVI Antenna (Desc)'!F82=\"\",\"\",'AVI Antenna (Desc)'!E82)","v":""},{"$f":"IF('AVI Antenna (Desc)'!F82=\"\",\"\",INDEX([1]ANTENNA_TYPE!$A$2:$A$100,MATCH('AVI Antenna (Desc)'!$F82,[1]!MASTER_ANTENNA_TYPE_DESC[#Data],0),0))","v":""},{"$f":"IF('AVI Antenna (Desc)'!G82=\"\",\"\",INDEX([1]ANTENNA_MANUF!$A$2:$A$100,MATCH('AVI Antenna (Desc)'!$G82,[1]!MASTER_ANTENNA_MANUF_DESC[#Data],0),0))","v":""},{"$f":"IF('AVI Antenna (Desc)'!H82=\"\",\"\",INDEX([1]ANTENNA_MODEL!$A$2:$A$50,MATCH(1,([1]ANTENNA_MODEL!$C$2:$C$50='AVI Antenna (Desc)'!$G82)*([1]ANTENNA_MODEL!$D$2:$D$50='AVI Antenna (Desc)'!$H82),0),0))","v":""},{"$f":"IF('AVI Antenna (Desc)'!I82=\"\",\"\",INDEX([1]LANE_COVERAGE!$A$2:$A$100,MATCH('AVI Antenna (Desc)'!$I82,[1]!MASTER_LANE_COVERAGE_DESC[#Data],0),0))","v":""},{"$f":"IF('AVI Antenna (Desc)'!J82=\"\",\"\",INDEX([1]LANE_DIRECTION!$A$2:$A$100,MATCH('AVI Antenna (Desc)'!$J82,[1]!MASTER_LANE_DIRECTION_DESC[#Data],0),0))","v":""}]
[{"$f":"IF('AVI Antenna (Desc)'!B83=\"\",\"\",\"2007\")","v":""},{"$f":"IF('AVI Antenna (Desc)'!E83=\"\",\"\",'AVI Antenna (Desc)'!B83)","v":""},{"$f":"IF('AVI Antenna (Desc)'!C83=\"\",\"\",'AVI Antenna (Desc)'!C83)","v":""},{"$f":"IF('AVI Antenna (Desc)'!D83=\"\",\"\",INDEX([1]ASSET_ID_SOURCE!$A$2:$A$50,MATCH('AVI Antenna (Desc)'!D83,[1]!MASTER_ASSET_ID_SOURCE_DESC,0),0))","v":""},{"$f":"IF('AVI Antenna (Desc)'!F83=\"\",\"\",'AVI Antenna (Desc)'!E83)","v":""},{"$f":"IF('AVI Antenna (Desc)'!F83=\"\",\"\",INDEX([1]ANTENNA_TYPE!$A$2:$A$100,MATCH('AVI Antenna (Desc)'!$F83,[1]!MASTER_ANTENNA_TYPE_DESC[#Data],0),0))","v":""},{"$f":"IF('AVI Antenna (Desc)'!G83=\"\",\"\",INDEX([1]ANTENNA_MANUF!$A$2:$A$100,MATCH('AVI Antenna (Desc)'!$G83,[1]!MASTER_ANTENNA_MANUF_DESC[#Data],0),0))","v":""},{"$f":"IF('AVI Antenna (Desc)'!H83=\"\",\"\",INDEX([1]ANTENNA_MODEL!$A$2:$A$50,MATCH(1,([1]ANTENNA_MODEL!$C$2:$C$50='AVI Antenna (Desc)'!$G83)*([1]ANTENNA_MODEL!$D$2:$D$50='AVI Antenna (Desc)'!$H83),0),0))","v":""},{"$f":"IF('AVI Antenna (Desc)'!I83=\"\",\"\",INDEX([1]LANE_COVERAGE!$A$2:$A$100,MATCH('AVI Antenna (Desc)'!$I83,[1]!MASTER_LANE_COVERAGE_DESC[#Data],0),0))","v":""},{"$f":"IF('AVI Antenna (Desc)'!J83=\"\",\"\",INDEX([1]LANE_DIRECTION!$A$2:$A$100,MATCH('AVI Antenna (Desc)'!$J83,[1]!MASTER_LANE_DIRECTION_DESC[#Data],0),0))","v":""}]
[{"$f":"IF('AVI Antenna (Desc)'!B84=\"\",\"\",\"2007\")","v":""},{"$f":"IF('AVI Antenna (Desc)'!E84=\"\",\"\",'AVI Antenna (Desc)'!B84)","v":""},{"$f":"IF('AVI Antenna (Desc)'!C84=\"\",\"\",'AVI Antenna (Desc)'!C84)","v":""},{"$f":"IF('AVI Antenna (Desc)'!D84=\"\",\"\",INDEX([1]ASSET_ID_SOURCE!$A$2:$A$50,MATCH('AVI Antenna (Desc)'!D84,[1]!MASTER_ASSET_ID_SOURCE_DESC,0),0))","v":""},{"$f":"IF('AVI Antenna (Desc)'!F84=\"\",\"\",'AVI Antenna (Desc)'!E84)","v":""},{"$f":"IF('AVI Antenna (Desc)'!F84=\"\",\"\",INDEX([1]ANTENNA_TYPE!$A$2:$A$100,MATCH('AVI Antenna (Desc)'!$F84,[1]!MASTER_ANTENNA_TYPE_DESC[#Data],0),0))","v":""},{"$f":"IF('AVI Antenna (Desc)'!G84=\"\",\"\",INDEX([1]ANTENNA_MANUF!$A$2:$A$100,MATCH('AVI Antenna (Desc)'!$G84,[1]!MASTER_ANTENNA_MANUF_DESC[#Data],0),0))","v":""},{"$f":"IF('AVI Antenna (Desc)'!H84=\"\",\"\",INDEX([1]ANTENNA_MODEL!$A$2:$A$50,MATCH(1,([1]ANTENNA_MODEL!$C$2:$C$50='AVI Antenna (Desc)'!$G84)*([1]ANTENNA_MODEL!$D$2:$D$50='AVI Antenna (Desc)'!$H84),0),0))","v":""},{"$f":"IF('AVI Antenna (Desc)'!I84=\"\",\"\",INDEX([1]LANE_COVERAGE!$A$2:$A$100,MATCH('AVI Antenna (Desc)'!$I84,[1]!MASTER_LANE_COVERAGE_DESC[#Data],0),0))","v":""},{"$f":"IF('AVI Antenna (Desc)'!J84=\"\",\"\",INDEX([1]LANE_DIRECTION!$A$2:$A$100,MATCH('AVI Antenna (Desc)'!$J84,[1]!MASTER_LANE_DIRECTION_DESC[#Data],0),0))","v":""}]
[{"$f":"IF('AVI Antenna (Desc)'!B85=\"\",\"\",\"2007\")","v":""},{"$f":"IF('AVI Antenna (Desc)'!E85=\"\",\"\",'AVI Antenna (Desc)'!B85)","v":""},{"$f":"IF('AVI Antenna (Desc)'!C85=\"\",\"\",'AVI Antenna (Desc)'!C85)","v":""},{"$f":"IF('AVI Antenna (Desc)'!D85=\"\",\"\",INDEX([1]ASSET_ID_SOURCE!$A$2:$A$50,MATCH('AVI Antenna (Desc)'!D85,[1]!MASTER_ASSET_ID_SOURCE_DESC,0),0))","v":""},{"$f":"IF('AVI Antenna (Desc)'!F85=\"\",\"\",'AVI Antenna (Desc)'!E85)","v":""},{"$f":"IF('AVI Antenna (Desc)'!F85=\"\",\"\",INDEX([1]ANTENNA_TYPE!$A$2:$A$100,MATCH('AVI Antenna (Desc)'!$F85,[1]!MASTER_ANTENNA_TYPE_DESC[#Data],0),0))","v":""},{"$f":"IF('AVI Antenna (Desc)'!G85=\"\",\"\",INDEX([1]ANTENNA_MANUF!$A$2:$A$100,MATCH('AVI Antenna (Desc)'!$G85,[1]!MASTER_ANTENNA_MANUF_DESC[#Data],0),0))","v":""},{"$f":"IF('AVI Antenna (Desc)'!H85=\"\",\"\",INDEX([1]ANTENNA_MODEL!$A$2:$A$50,MATCH(1,([1]ANTENNA_MODEL!$C$2:$C$50='AVI Antenna (Desc)'!$G85)*([1]ANTENNA_MODEL!$D$2:$D$50='AVI Antenna (Desc)'!$H85),0),0))","v":""},{"$f":"IF('AVI Antenna (Desc)'!I85=\"\",\"\",INDEX([1]LANE_COVERAGE!$A$2:$A$100,MATCH('AVI Antenna (Desc)'!$I85,[1]!MASTER_LANE_COVERAGE_DESC[#Data],0),0))","v":""},{"$f":"IF('AVI Antenna (Desc)'!J85=\"\",\"\",INDEX([1]LANE_DIRECTION!$A$2:$A$100,MATCH('AVI Antenna (Desc)'!$J85,[1]!MASTER_LANE_DIRECTION_DESC[#Data],0),0))","v":""}]
[{"$f":"IF('AVI Antenna (Desc)'!B86=\"\",\"\",\"2007\")","v":""},{"$f":"IF('AVI Antenna (Desc)'!E86=\"\",\"\",'AVI Antenna (Desc)'!B86)","v":""},{"$f":"IF('AVI Antenna (Desc)'!C86=\"\",\"\",'AVI Antenna (Desc)'!C86)","v":""},{"$f":"IF('AVI Antenna (Desc)'!D86=\"\",\"\",INDEX([1]ASSET_ID_SOURCE!$A$2:$A$50,MATCH('AVI Antenna (Desc)'!D86,[1]!MASTER_ASSET_ID_SOURCE_DESC,0),0))","v":""},{"$f":"IF('AVI Antenna (Desc)'!F86=\"\",\"\",'AVI Antenna (Desc)'!E86)","v":""},{"$f":"IF('AVI Antenna (Desc)'!F86=\"\",\"\",INDEX([1]ANTENNA_TYPE!$A$2:$A$100,MATCH('AVI Antenna (Desc)'!$F86,[1]!MASTER_ANTENNA_TYPE_DESC[#Data],0),0))","v":""},{"$f":"IF('AVI Antenna (Desc)'!G86=\"\",\"\",INDEX([1]ANTENNA_MANUF!$A$2:$A$100,MATCH('AVI Antenna (Desc)'!$G86,[1]!MASTER_ANTENNA_MANUF_DESC[#Data],0),0))","v":""},{"$f":"IF('AVI Antenna (Desc)'!H86=\"\",\"\",INDEX([1]ANTENNA_MODEL!$A$2:$A$50,MATCH(1,([1]ANTENNA_MODEL!$C$2:$C$50='AVI Antenna (Desc)'!$G86)*([1]ANTENNA_MODEL!$D$2:$D$50='AVI Antenna (Desc)'!$H86),0),0))","v":""},{"$f":"IF('AVI Antenna (Desc)'!I86=\"\",\"\",INDEX([1]LANE_COVERAGE!$A$2:$A$100,MATCH('AVI Antenna (Desc)'!$I86,[1]!MASTER_LANE_COVERAGE_DESC[#Data],0),0))","v":""},{"$f":"IF('AVI Antenna (Desc)'!J86=\"\",\"\",INDEX([1]LANE_DIRECTION!$A$2:$A$100,MATCH('AVI Antenna (Desc)'!$J86,[1]!MASTER_LANE_DIRECTION_DESC[#Data],0),0))","v":""}]
[{"$f":"IF('AVI Antenna (Desc)'!B87=\"\",\"\",\"2007\")","v":""},{"$f":"IF('AVI Antenna (Desc)'!E87=\"\",\"\",'AVI Antenna (Desc)'!B87)","v":""},{"$f":"IF('AVI Antenna (Desc)'!C87=\"\",\"\",'AVI Antenna (Desc)'!C87)","v":""},{"$f":"IF('AVI Antenna (Desc)'!D87=\"\",\"\",INDEX([1]ASSET_ID_SOURCE!$A$2:$A$50,MATCH('AVI Antenna (Desc)'!D87,[1]!MASTER_ASSET_ID_SOURCE_DESC,0),0))","v":""},{"$f":"IF('AVI Antenna (Desc)'!F87=\"\",\"\",'AVI Antenna (Desc)'!E87)","v":""},{"$f":"IF('AVI Antenna (Desc)'!F87=\"\",\"\",INDEX([1]ANTENNA_TYPE!$A$2:$A$100,MATCH('AVI Antenna (Desc)'!$F87,[1]!MASTER_ANTENNA_TYPE_DESC[#Data],0),0))","v":""},{"$f":"IF('AVI Antenna (Desc)'!G87=\"\",\"\",INDEX([1]ANTENNA_MANUF!$A$2:$A$100,MATCH('AVI Antenna (Desc)'!$G87,[1]!MASTER_ANTENNA_MANUF_DESC[#Data],0),0))","v":""},{"$f":"IF('AVI Antenna (Desc)'!H87=\"\",\"\",INDEX([1]ANTENNA_MODEL!$A$2:$A$50,MATCH(1,([1]ANTENNA_MODEL!$C$2:$C$50='AVI Antenna (Desc)'!$G87)*([1]ANTENNA_MODEL!$D$2:$D$50='AVI Antenna (Desc)'!$H87),0),0))","v":""},{"$f":"IF('AVI Antenna (Desc)'!I87=\"\",\"\",INDEX([1]LANE_COVERAGE!$A$2:$A$100,MATCH('AVI Antenna (Desc)'!$I87,[1]!MASTER_LANE_COVERAGE_DESC[#Data],0),0))","v":""},{"$f":"IF('AVI Antenna (Desc)'!J87=\"\",\"\",INDEX([1]LANE_DIRECTION!$A$2:$A$100,MATCH('AVI Antenna (Desc)'!$J87,[1]!MASTER_LANE_DIRECTION_DESC[#Data],0),0))","v":""}]
[{"$f":"IF('AVI Antenna (Desc)'!B88=\"\",\"\",\"2007\")","v":""},{"$f":"IF('AVI Antenna (Desc)'!E88=\"\",\"\",'AVI Antenna (Desc)'!B88)","v":""},{"$f":"IF('AVI Antenna (Desc)'!C88=\"\",\"\",'AVI Antenna (Desc)'!C88)","v":""},{"$f":"IF('AVI Antenna (Desc)'!D88=\"\",\"\",INDEX([1]ASSET_ID_SOURCE!$A$2:$A$50,MATCH('AVI Antenna (Desc)'!D88,[1]!MASTER_ASSET_ID_SOURCE_DESC,0),0))","v":""},{"$f":"IF('AVI Antenna (Desc)'!F88=\"\",\"\",'AVI Antenna (Desc)'!E88)","v":""},{"$f":"IF('AVI Antenna (Desc)'!F88=\"\",\"\",INDEX([1]ANTENNA_TYPE!$A$2:$A$100,MATCH('AVI Antenna (Desc)'!$F88,[1]!MASTER_ANTENNA_TYPE_DESC[#Data],0),0))","v":""},{"$f":"IF('AVI Antenna (Desc)'!G88=\"\",\"\",INDEX([1]ANTENNA_MANUF!$A$2:$A$100,MATCH('AVI Antenna (Desc)'!$G88,[1]!MASTER_ANTENNA_MANUF_DESC[#Data],0),0))","v":""},{"$f":"IF('AVI Antenna (Desc)'!H88=\"\",\"\",INDEX([1]ANTENNA_MODEL!$A$2:$A$50,MATCH(1,([1]ANTENNA_MODEL!$C$2:$C$50='AVI Antenna (Desc)'!$G88)*([1]ANTENNA_MODEL!$D$2:$D$50='AVI Antenna (Desc)'!$H88),0),0))","v":""},{"$f":"IF('AVI Antenna (Desc)'!I88=\"\",\"\",INDEX([1]LANE_COVERAGE!$A$2:$A$100,MATCH('AVI Antenna (Desc)'!$I88,[1]!MASTER_LANE_COVERAGE_DESC[#Data],0),0))","v":""},{"$f":"IF('AVI Antenna (Desc)'!J88=\"\",\"\",INDEX([1]LANE_DIRECTION!$A$2:$A$100,MATCH('AVI Antenna (Desc)'!$J88,[1]!MASTER_LANE_DIRECTION_DESC[#Data],0),0))","v":""}]
[{"$f":"IF('AVI Antenna (Desc)'!B89=\"\",\"\",\"2007\")","v":""},{"$f":"IF('AVI Antenna (Desc)'!E89=\"\",\"\",'AVI Antenna (Desc)'!B89)","v":""},{"$f":"IF('AVI Antenna (Desc)'!C89=\"\",\"\",'AVI Antenna (Desc)'!C89)","v":""},{"$f":"IF('AVI Antenna (Desc)'!D89=\"\",\"\",INDEX([1]ASSET_ID_SOURCE!$A$2:$A$50,MATCH('AVI Antenna (Desc)'!D89,[1]!MASTER_ASSET_ID_SOURCE_DESC,0),0))","v":""},{"$f":"IF('AVI Antenna (Desc)'!F89=\"\",\"\",'AVI Antenna (Desc)'!E89)","v":""},{"$f":"IF('AVI Antenna (Desc)'!F89=\"\",\"\",INDEX([1]ANTENNA_TYPE!$A$2:$A$100,MATCH('AVI Antenna (Desc)'!$F89,[1]!MASTER_ANTENNA_TYPE_DESC[#Data],0),0))","v":""},{"$f":"IF('AVI Antenna (Desc)'!G89=\"\",\"\",INDEX([1]ANTENNA_MANUF!$A$2:$A$100,MATCH('AVI Antenna (Desc)'!$G89,[1]!MASTER_ANTENNA_MANUF_DESC[#Data],0),0))","v":""},{"$f":"IF('AVI Antenna (Desc)'!H89=\"\",\"\",INDEX([1]ANTENNA_MODEL!$A$2:$A$50,MATCH(1,([1]ANTENNA_MODEL!$C$2:$C$50='AVI Antenna (Desc)'!$G89)*([1]ANTENNA_MODEL!$D$2:$D$50='AVI Antenna (Desc)'!$H89),0),0))","v":""},{"$f":"IF('AVI Antenna (Desc)'!I89=\"\",\"\",INDEX([1]LANE_COVERAGE!$A$2:$A$100,MATCH('AVI Antenna (Desc)'!$I89,[1]!MASTER_LANE_COVERAGE_DESC[#Data],0),0))","v":""},{"$f":"IF('AVI Antenna (Desc)'!J89=\"\",\"\",INDEX([1]LANE_DIRECTION!$A$2:$A$100,MATCH('AVI Antenna (Desc)'!$J89,[1]!MASTER_LANE_DIRECTION_DESC[#Data],0),0))","v":""}]
[{"$f":"IF('AVI Antenna (Desc)'!B90=\"\",\"\",\"2007\")","v":""},{"$f":"IF('AVI Antenna (Desc)'!E90=\"\",\"\",'AVI Antenna (Desc)'!B90)","v":""},{"$f":"IF('AVI Antenna (Desc)'!C90=\"\",\"\",'AVI Antenna (Desc)'!C90)","v":""},{"$f":"IF('AVI Antenna (Desc)'!D90=\"\",\"\",INDEX([1]ASSET_ID_SOURCE!$A$2:$A$50,MATCH('AVI Antenna (Desc)'!D90,[1]!MASTER_ASSET_ID_SOURCE_DESC,0),0))","v":""},{"$f":"IF('AVI Antenna (Desc)'!F90=\"\",\"\",'AVI Antenna (Desc)'!E90)","v":""},{"$f":"IF('AVI Antenna (Desc)'!F90=\"\",\"\",INDEX([1]ANTENNA_TYPE!$A$2:$A$100,MATCH('AVI Antenna (Desc)'!$F90,[1]!MASTER_ANTENNA_TYPE_DESC[#Data],0),0))","v":""},{"$f":"IF('AVI Antenna (Desc)'!G90=\"\",\"\",INDEX([1]ANTENNA_MANUF!$A$2:$A$100,MATCH('AVI Antenna (Desc)'!$G90,[1]!MASTER_ANTENNA_MANUF_DESC[#Data],0),0))","v":""},{"$f":"IF('AVI Antenna (Desc)'!H90=\"\",\"\",INDEX([1]ANTENNA_MODEL!$A$2:$A$50,MATCH(1,([1]ANTENNA_MODEL!$C$2:$C$50='AVI Antenna (Desc)'!$G90)*([1]ANTENNA_MODEL!$D$2:$D$50='AVI Antenna (Desc)'!$H90),0),0))","v":""},{"$f":"IF('AVI Antenna (Desc)'!I90=\"\",\"\",INDEX([1]LANE_COVERAGE!$A$2:$A$100,MATCH('AVI Antenna (Desc)'!$I90,[1]!MASTER_LANE_COVERAGE_DESC[#Data],0),0))","v":""},{"$f":"IF('AVI Antenna (Desc)'!J90=\"\",\"\",INDEX([1]LANE_DIRECTION!$A$2:$A$100,MATCH('AVI Antenna (Desc)'!$J90,[1]!MASTER_LANE_DIRECTION_DESC[#Data],0),0))","v":""}]
[{"$f":"IF('AVI Antenna (Desc)'!B91=\"\",\"\",\"2007\")","v":""},{"$f":"IF('AVI Antenna (Desc)'!E91=\"\",\"\",'AVI Antenna (Desc)'!B91)","v":""},{"$f":"IF('AVI Antenna (Desc)'!C91=\"\",\"\",'AVI Antenna (Desc)'!C91)","v":""},{"$f":"IF('AVI Antenna (Desc)'!D91=\"\",\"\",INDEX([1]ASSET_ID_SOURCE!$A$2:$A$50,MATCH('AVI Antenna (Desc)'!D91,[1]!MASTER_ASSET_ID_SOURCE_DESC,0),0))","v":""},{"$f":"IF('AVI Antenna (Desc)'!F91=\"\",\"\",'AVI Antenna (Desc)'!E91)","v":""},{"$f":"IF('AVI Antenna (Desc)'!F91=\"\",\"\",INDEX([1]ANTENNA_TYPE!$A$2:$A$100,MATCH('AVI Antenna (Desc)'!$F91,[1]!MASTER_ANTENNA_TYPE_DESC[#Data],0),0))","v":""},{"$f":"IF('AVI Antenna (Desc)'!G91=\"\",\"\",INDEX([1]ANTENNA_MANUF!$A$2:$A$100,MATCH('AVI Antenna (Desc)'!$G91,[1]!MASTER_ANTENNA_MANUF_DESC[#Data],0),0))","v":""},{"$f":"IF('AVI Antenna (Desc)'!H91=\"\",\"\",INDEX([1]ANTENNA_MODEL!$A$2:$A$50,MATCH(1,([1]ANTENNA_MODEL!$C$2:$C$50='AVI Antenna (Desc)'!$G91)*([1]ANTENNA_MODEL!$D$2:$D$50='AVI Antenna (Desc)'!$H91),0),0))","v":""},{"$f":"IF('AVI Antenna (Desc)'!I91=\"\",\"\",INDEX([1]LANE_COVERAGE!$A$2:$A$100,MATCH('AVI Antenna (Desc)'!$I91,[1]!MASTER_LANE_COVERAGE_DESC[#Data],0),0))","v":""},{"$f":"IF('AVI Antenna (Desc)'!J91=\"\",\"\",INDEX([1]LANE_DIRECTION!$A$2:$A$100,MATCH('AVI Antenna (Desc)'!$J91,[1]!MASTER_LANE_DIRECTION_DESC[#Data],0),0))","v":""}]
[{"$f":"IF('AVI Antenna (Desc)'!B92=\"\",\"\",\"2007\")","v":""},{"$f":"IF('AVI Antenna (Desc)'!E92=\"\",\"\",'AVI Antenna (Desc)'!B92)","v":""},{"$f":"IF('AVI Antenna (Desc)'!C92=\"\",\"\",'AVI Antenna (Desc)'!C92)","v":""},{"$f":"IF('AVI Antenna (Desc)'!D92=\"\",\"\",INDEX([1]ASSET_ID_SOURCE!$A$2:$A$50,MATCH('AVI Antenna (Desc)'!D92,[1]!MASTER_ASSET_ID_SOURCE_DESC,0),0))","v":""},{"$f":"IF('AVI Antenna (Desc)'!F92=\"\",\"\",'AVI Antenna (Desc)'!E92)","v":""},{"$f":"IF('AVI Antenna (Desc)'!F92=\"\",\"\",INDEX([1]ANTENNA_TYPE!$A$2:$A$100,MATCH('AVI Antenna (Desc)'!$F92,[1]!MASTER_ANTENNA_TYPE_DESC[#Data],0),0))","v":""},{"$f":"IF('AVI Antenna (Desc)'!G92=\"\",\"\",INDEX([1]ANTENNA_MANUF!$A$2:$A$100,MATCH('AVI Antenna (Desc)'!$G92,[1]!MASTER_ANTENNA_MANUF_DESC[#Data],0),0))","v":""},{"$f":"IF('AVI Antenna (Desc)'!H92=\"\",\"\",INDEX([1]ANTENNA_MODEL!$A$2:$A$50,MATCH(1,([1]ANTENNA_MODEL!$C$2:$C$50='AVI Antenna (Desc)'!$G92)*([1]ANTENNA_MODEL!$D$2:$D$50='AVI Antenna (Desc)'!$H92),0),0))","v":""},{"$f":"IF('AVI Antenna (Desc)'!I92=\"\",\"\",INDEX([1]LANE_COVERAGE!$A$2:$A$100,MATCH('AVI Antenna (Desc)'!$I92,[1]!MASTER_LANE_COVERAGE_DESC[#Data],0),0))","v":""},{"$f":"IF('AVI Antenna (Desc)'!J92=\"\",\"\",INDEX([1]LANE_DIRECTION!$A$2:$A$100,MATCH('AVI Antenna (Desc)'!$J92,[1]!MASTER_LANE_DIRECTION_DESC[#Data],0),0))","v":""}]
[{"$f":"IF('AVI Antenna (Desc)'!B93=\"\",\"\",\"2007\")","v":""},{"$f":"IF('AVI Antenna (Desc)'!E93=\"\",\"\",'AVI Antenna (Desc)'!B93)","v":""},{"$f":"IF('AVI Antenna (Desc)'!C93=\"\",\"\",'AVI Antenna (Desc)'!C93)","v":""},{"$f":"IF('AVI Antenna (Desc)'!D93=\"\",\"\",INDEX([1]ASSET_ID_SOURCE!$A$2:$A$50,MATCH('AVI Antenna (Desc)'!D93,[1]!MASTER_ASSET_ID_SOURCE_DESC,0),0))","v":""},{"$f":"IF('AVI Antenna (Desc)'!F93=\"\",\"\",'AVI Antenna (Desc)'!E93)","v":""},{"$f":"IF('AVI Antenna (Desc)'!F93=\"\",\"\",INDEX([1]ANTENNA_TYPE!$A$2:$A$100,MATCH('AVI Antenna (Desc)'!$F93,[1]!MASTER_ANTENNA_TYPE_DESC[#Data],0),0))","v":""},{"$f":"IF('AVI Antenna (Desc)'!G93=\"\",\"\",INDEX([1]ANTENNA_MANUF!$A$2:$A$100,MATCH('AVI Antenna (Desc)'!$G93,[1]!MASTER_ANTENNA_MANUF_DESC[#Data],0),0))","v":""},{"$f":"IF('AVI Antenna (Desc)'!H93=\"\",\"\",INDEX([1]ANTENNA_MODEL!$A$2:$A$50,MATCH(1,([1]ANTENNA_MODEL!$C$2:$C$50='AVI Antenna (Desc)'!$G93)*([1]ANTENNA_MODEL!$D$2:$D$50='AVI Antenna (Desc)'!$H93),0),0))","v":""},{"$f":"IF('AVI Antenna (Desc)'!I93=\"\",\"\",INDEX([1]LANE_COVERAGE!$A$2:$A$100,MATCH('AVI Antenna (Desc)'!$I93,[1]!MASTER_LANE_COVERAGE_DESC[#Data],0),0))","v":""},{"$f":"IF('AVI Antenna (Desc)'!J93=\"\",\"\",INDEX([1]LANE_DIRECTION!$A$2:$A$100,MATCH('AVI Antenna (Desc)'!$J93,[1]!MASTER_LANE_DIRECTION_DESC[#Data],0),0))","v":""}]
[{"$f":"IF('AVI Antenna (Desc)'!B94=\"\",\"\",\"2007\")","v":""},{"$f":"IF('AVI Antenna (Desc)'!E94=\"\",\"\",'AVI Antenna (Desc)'!B94)","v":""},{"$f":"IF('AVI Antenna (Desc)'!C94=\"\",\"\",'AVI Antenna (Desc)'!C94)","v":""},{"$f":"IF('AVI Antenna (Desc)'!D94=\"\",\"\",INDEX([1]ASSET_ID_SOURCE!$A$2:$A$50,MATCH('AVI Antenna (Desc)'!D94,[1]!MASTER_ASSET_ID_SOURCE_DESC,0),0))","v":""},{"$f":"IF('AVI Antenna (Desc)'!F94=\"\",\"\",'AVI Antenna (Desc)'!E94)","v":""},{"$f":"IF('AVI Antenna (Desc)'!F94=\"\",\"\",INDEX([1]ANTENNA_TYPE!$A$2:$A$100,MATCH('AVI Antenna (Desc)'!$F94,[1]!MASTER_ANTENNA_TYPE_DESC[#Data],0),0))","v":""},{"$f":"IF('AVI Antenna (Desc)'!G94=\"\",\"\",INDEX([1]ANTENNA_MANUF!$A$2:$A$100,MATCH('AVI Antenna (Desc)'!$G94,[1]!MASTER_ANTENNA_MANUF_DESC[#Data],0),0))","v":""},{"$f":"IF('AVI Antenna (Desc)'!H94=\"\",\"\",INDEX([1]ANTENNA_MODEL!$A$2:$A$50,MATCH(1,([1]ANTENNA_MODEL!$C$2:$C$50='AVI Antenna (Desc)'!$G94)*([1]ANTENNA_MODEL!$D$2:$D$50='AVI Antenna (Desc)'!$H94),0),0))","v":""},{"$f":"IF('AVI Antenna (Desc)'!I94=\"\",\"\",INDEX([1]LANE_COVERAGE!$A$2:$A$100,MATCH('AVI Antenna (Desc)'!$I94,[1]!MASTER_LANE_COVERAGE_DESC[#Data],0),0))","v":""},{"$f":"IF('AVI Antenna (Desc)'!J94=\"\",\"\",INDEX([1]LANE_DIRECTION!$A$2:$A$100,MATCH('AVI Antenna (Desc)'!$J94,[1]!MASTER_LANE_DIRECTION_DESC[#Data],0),0))","v":""}]
[{"$f":"IF('AVI Antenna (Desc)'!B95=\"\",\"\",\"2007\")","v":""},{"$f":"IF('AVI Antenna (Desc)'!E95=\"\",\"\",'AVI Antenna (Desc)'!B95)","v":""},{"$f":"IF('AVI Antenna (Desc)'!C95=\"\",\"\",'AVI Antenna (Desc)'!C95)","v":""},{"$f":"IF('AVI Antenna (Desc)'!D95=\"\",\"\",INDEX([1]ASSET_ID_SOURCE!$A$2:$A$50,MATCH('AVI Antenna (Desc)'!D95,[1]!MASTER_ASSET_ID_SOURCE_DESC,0),0))","v":""},{"$f":"IF('AVI Antenna (Desc)'!F95=\"\",\"\",'AVI Antenna (Desc)'!E95)","v":""},{"$f":"IF('AVI Antenna (Desc)'!F95=\"\",\"\",INDEX([1]ANTENNA_TYPE!$A$2:$A$100,MATCH('AVI Antenna (Desc)'!$F95,[1]!MASTER_ANTENNA_TYPE_DESC[#Data],0),0))","v":""},{"$f":"IF('AVI Antenna (Desc)'!G95=\"\",\"\",INDEX([1]ANTENNA_MANUF!$A$2:$A$100,MATCH('AVI Antenna (Desc)'!$G95,[1]!MASTER_ANTENNA_MANUF_DESC[#Data],0),0))","v":""},{"$f":"IF('AVI Antenna (Desc)'!H95=\"\",\"\",INDEX([1]ANTENNA_MODEL!$A$2:$A$50,MATCH(1,([1]ANTENNA_MODEL!$C$2:$C$50='AVI Antenna (Desc)'!$G95)*([1]ANTENNA_MODEL!$D$2:$D$50='AVI Antenna (Desc)'!$H95),0),0))","v":""},{"$f":"IF('AVI Antenna (Desc)'!I95=\"\",\"\",INDEX([1]LANE_COVERAGE!$A$2:$A$100,MATCH('AVI Antenna (Desc)'!$I95,[1]!MASTER_LANE_COVERAGE_DESC[#Data],0),0))","v":""},{"$f":"IF('AVI Antenna (Desc)'!J95=\"\",\"\",INDEX([1]LANE_DIRECTION!$A$2:$A$100,MATCH('AVI Antenna (Desc)'!$J95,[1]!MASTER_LANE_DIRECTION_DESC[#Data],0),0))","v":""}]
[{"$f":"IF('AVI Antenna (Desc)'!B96=\"\",\"\",\"2007\")","v":""},{"$f":"IF('AVI Antenna (Desc)'!E96=\"\",\"\",'AVI Antenna (Desc)'!B96)","v":""},{"$f":"IF('AVI Antenna (Desc)'!C96=\"\",\"\",'AVI Antenna (Desc)'!C96)","v":""},{"$f":"IF('AVI Antenna (Desc)'!D96=\"\",\"\",INDEX([1]ASSET_ID_SOURCE!$A$2:$A$50,MATCH('AVI Antenna (Desc)'!D96,[1]!MASTER_ASSET_ID_SOURCE_DESC,0),0))","v":""},{"$f":"IF('AVI Antenna (Desc)'!F96=\"\",\"\",'AVI Antenna (Desc)'!E96)","v":""},{"$f":"IF('AVI Antenna (Desc)'!F96=\"\",\"\",INDEX([1]ANTENNA_TYPE!$A$2:$A$100,MATCH('AVI Antenna (Desc)'!$F96,[1]!MASTER_ANTENNA_TYPE_DESC[#Data],0),0))","v":""},{"$f":"IF('AVI Antenna (Desc)'!G96=\"\",\"\",INDEX([1]ANTENNA_MANUF!$A$2:$A$100,MATCH('AVI Antenna (Desc)'!$G96,[1]!MASTER_ANTENNA_MANUF_DESC[#Data],0),0))","v":""},{"$f":"IF('AVI Antenna (Desc)'!H96=\"\",\"\",INDEX([1]ANTENNA_MODEL!$A$2:$A$50,MATCH(1,([1]ANTENNA_MODEL!$C$2:$C$50='AVI Antenna (Desc)'!$G96)*([1]ANTENNA_MODEL!$D$2:$D$50='AVI Antenna (Desc)'!$H96),0),0))","v":""},{"$f":"IF('AVI Antenna (Desc)'!I96=\"\",\"\",INDEX([1]LANE_COVERAGE!$A$2:$A$100,MATCH('AVI Antenna (Desc)'!$I96,[1]!MASTER_LANE_COVERAGE_DESC[#Data],0),0))","v":""},{"$f":"IF('AVI Antenna (Desc)'!J96=\"\",\"\",INDEX([1]LANE_DIRECTION!$A$2:$A$100,MATCH('AVI Antenna (Desc)'!$J96,[1]!MASTER_LANE_DIRECTION_DESC[#Data],0),0))","v":""}]
[{"$f":"IF('AVI Antenna (Desc)'!B97=\"\",\"\",\"2007\")","v":""},{"$f":"IF('AVI Antenna (Desc)'!E97=\"\",\"\",'AVI Antenna (Desc)'!B97)","v":""},{"$f":"IF('AVI Antenna (Desc)'!C97=\"\",\"\",'AVI Antenna (Desc)'!C97)","v":""},{"$f":"IF('AVI Antenna (Desc)'!D97=\"\",\"\",INDEX([1]ASSET_ID_SOURCE!$A$2:$A$50,MATCH('AVI Antenna (Desc)'!D97,[1]!MASTER_ASSET_ID_SOURCE_DESC,0),0))","v":""},{"$f":"IF('AVI Antenna (Desc)'!F97=\"\",\"\",'AVI Antenna (Desc)'!E97)","v":""},{"$f":"IF('AVI Antenna (Desc)'!F97=\"\",\"\",INDEX([1]ANTENNA_TYPE!$A$2:$A$100,MATCH('AVI Antenna (Desc)'!$F97,[1]!MASTER_ANTENNA_TYPE_DESC[#Data],0),0))","v":""},{"$f":"IF('AVI Antenna (Desc)'!G97=\"\",\"\",INDEX([1]ANTENNA_MANUF!$A$2:$A$100,MATCH('AVI Antenna (Desc)'!$G97,[1]!MASTER_ANTENNA_MANUF_DESC[#Data],0),0))","v":""},{"$f":"IF('AVI Antenna (Desc)'!H97=\"\",\"\",INDEX([1]ANTENNA_MODEL!$A$2:$A$50,MATCH(1,([1]ANTENNA_MODEL!$C$2:$C$50='AVI Antenna (Desc)'!$G97)*([1]ANTENNA_MODEL!$D$2:$D$50='AVI Antenna (Desc)'!$H97),0),0))","v":""},{"$f":"IF('AVI Antenna (Desc)'!I97=\"\",\"\",INDEX([1]LANE_COVERAGE!$A$2:$A$100,MATCH('AVI Antenna (Desc)'!$I97,[1]!MASTER_LANE_COVERAGE_DESC[#Data],0),0))","v":""},{"$f":"IF('AVI Antenna (Desc)'!J97=\"\",\"\",INDEX([1]LANE_DIRECTION!$A$2:$A$100,MATCH('AVI Antenna (Desc)'!$J97,[1]!MASTER_LANE_DIRECTION_DESC[#Data],0),0))","v":""}]
[{"$f":"IF('AVI Antenna (Desc)'!B98=\"\",\"\",\"2007\")","v":""},{"$f":"IF('AVI Antenna (Desc)'!E98=\"\",\"\",'AVI Antenna (Desc)'!B98)","v":""},{"$f":"IF('AVI Antenna (Desc)'!C98=\"\",\"\",'AVI Antenna (Desc)'!C98)","v":""},{"$f":"IF('AVI Antenna (Desc)'!D98=\"\",\"\",INDEX([1]ASSET_ID_SOURCE!$A$2:$A$50,MATCH('AVI Antenna (Desc)'!D98,[1]!MASTER_ASSET_ID_SOURCE_DESC,0),0))","v":""},{"$f":"IF('AVI Antenna (Desc)'!F98=\"\",\"\",'AVI Antenna (Desc)'!E98)","v":""},{"$f":"IF('AVI Antenna (Desc)'!F98=\"\",\"\",INDEX([1]ANTENNA_TYPE!$A$2:$A$100,MATCH('AVI Antenna (Desc)'!$F98,[1]!MASTER_ANTENNA_TYPE_DESC[#Data],0),0))","v":""},{"$f":"IF('AVI Antenna (Desc)'!G98=\"\",\"\",INDEX([1]ANTENNA_MANUF!$A$2:$A$100,MATCH('AVI Antenna (Desc)'!$G98,[1]!MASTER_ANTENNA_MANUF_DESC[#Data],0),0))","v":""},{"$f":"IF('AVI Antenna (Desc)'!H98=\"\",\"\",INDEX([1]ANTENNA_MODEL!$A$2:$A$50,MATCH(1,([1]ANTENNA_MODEL!$C$2:$C$50='AVI Antenna (Desc)'!$G98)*([1]ANTENNA_MODEL!$D$2:$D$50='AVI Antenna (Desc)'!$H98),0),0))","v":""},{"$f":"IF('AVI Antenna (Desc)'!I98=\"\",\"\",INDEX([1]LANE_COVERAGE!$A$2:$A$100,MATCH('AVI Antenna (Desc)'!$I98,[1]!MASTER_LANE_COVERAGE_DESC[#Data],0),0))","v":""},{"$f":"IF('AVI Antenna (Desc)'!J98=\"\",\"\",INDEX([1]LANE_DIRECTION!$A$2:$A$100,MATCH('AVI Antenna (Desc)'!$J98,[1]!MASTER_LANE_DIRECTION_DESC[#Data],0),0))","v":""}]
[{"$f":"IF('AVI Antenna (Desc)'!B99=\"\",\"\",\"2007\")","v":""},{"$f":"IF('AVI Antenna (Desc)'!E99=\"\",\"\",'AVI Antenna (Desc)'!B99)","v":""},{"$f":"IF('AVI Antenna (Desc)'!C99=\"\",\"\",'AVI Antenna (Desc)'!C99)","v":""},{"$f":"IF('AVI Antenna (Desc)'!D99=\"\",\"\",INDEX([1]ASSET_ID_SOURCE!$A$2:$A$50,MATCH('AVI Antenna (Desc)'!D99,[1]!MASTER_ASSET_ID_SOURCE_DESC,0),0))","v":""},{"$f":"IF('AVI Antenna (Desc)'!F99=\"\",\"\",'AVI Antenna (Desc)'!E99)","v":""},{"$f":"IF('AVI Antenna (Desc)'!F99=\"\",\"\",INDEX([1]ANTENNA_TYPE!$A$2:$A$100,MATCH('AVI Antenna (Desc)'!$F99,[1]!MASTER_ANTENNA_TYPE_DESC[#Data],0),0))","v":""},{"$f":"IF('AVI Antenna (Desc)'!G99=\"\",\"\",INDEX([1]ANTENNA_MANUF!$A$2:$A$100,MATCH('AVI Antenna (Desc)'!$G99,[1]!MASTER_ANTENNA_MANUF_DESC[#Data],0),0))","v":""},{"$f":"IF('AVI Antenna (Desc)'!H99=\"\",\"\",INDEX([1]ANTENNA_MODEL!$A$2:$A$50,MATCH(1,([1]ANTENNA_MODEL!$C$2:$C$50='AVI Antenna (Desc)'!$G99)*([1]ANTENNA_MODEL!$D$2:$D$50='AVI Antenna (Desc)'!$H99),0),0))","v":""},{"$f":"IF('AVI Antenna (Desc)'!I99=\"\",\"\",INDEX([1]LANE_COVERAGE!$A$2:$A$100,MATCH('AVI Antenna (Desc)'!$I99,[1]!MASTER_LANE_COVERAGE_DESC[#Data],0),0))","v":""},{"$f":"IF('AVI Antenna (Desc)'!J99=\"\",\"\",INDEX([1]LANE_DIRECTION!$A$2:$A$100,MATCH('AVI Antenna (Desc)'!$J99,[1]!MASTER_LANE_DIRECTION_DESC[#Data],0),0))","v":""}]
[{"$f":"IF('AVI Antenna (Desc)'!B100=\"\",\"\",\"2007\")","v":""},{"$f":"IF('AVI Antenna (Desc)'!E100=\"\",\"\",'AVI Antenna (Desc)'!B100)","v":""},{"$f":"IF('AVI Antenna (Desc)'!C100=\"\",\"\",'AVI Antenna (Desc)'!C100)","v":""},{"$f":"IF('AVI Antenna (Desc)'!D100=\"\",\"\",INDEX([1]ASSET_ID_SOURCE!$A$2:$A$50,MATCH('AVI Antenna (Desc)'!D100,[1]!MASTER_ASSET_ID_SOURCE_DESC,0),0))","v":""},{"$f":"IF('AVI Antenna (Desc)'!F100=\"\",\"\",'AVI Antenna (Desc)'!E100)","v":""},{"$f":"IF('AVI Antenna (Desc)'!F100=\"\",\"\",INDEX([1]ANTENNA_TYPE!$A$2:$A$100,MATCH('AVI Antenna (Desc)'!$F100,[1]!MASTER_ANTENNA_TYPE_DESC[#Data],0),0))","v":""},{"$f":"IF('AVI Antenna (Desc)'!G100=\"\",\"\",INDEX([1]ANTENNA_MANUF!$A$2:$A$100,MATCH('AVI Antenna (Desc)'!$G100,[1]!MASTER_ANTENNA_MANUF_DESC[#Data],0),0))","v":""},{"$f":"IF('AVI Antenna (Desc)'!H100=\"\",\"\",INDEX([1]ANTENNA_MODEL!$A$2:$A$50,MATCH(1,([1]ANTENNA_MODEL!$C$2:$C$50='AVI Antenna (Desc)'!$G100)*([1]ANTENNA_MODEL!$D$2:$D$50='AVI Antenna (Desc)'!$H100),0),0))","v":""},{"$f":"IF('AVI Antenna (Desc)'!I100=\"\",\"\",INDEX([1]LANE_COVERAGE!$A$2:$A$100,MATCH('AVI Antenna (Desc)'!$I100,[1]!MASTER_LANE_COVERAGE_DESC[#Data],0),0))","v":""},{"$f":"IF('AVI Antenna (Desc)'!J100=\"\",\"\",INDEX([1]LANE_DIRECTION!$A$2:$A$100,MATCH('AVI Antenna (Desc)'!$J100,[1]!MASTER_LANE_DIRECTION_DESC[#Data],0),0))","v":""}]
[{"$f":"IF('AVI Antenna (Desc)'!B101=\"\",\"\",\"2007\")","v":""},{"$f":"IF('AVI Antenna (Desc)'!E101=\"\",\"\",'AVI Antenna (Desc)'!B101)","v":""},{"$f":"IF('AVI Antenna (Desc)'!C101=\"\",\"\",'AVI Antenna (Desc)'!C101)","v":""},{"$f":"IF('AVI Antenna (Desc)'!D101=\"\",\"\",INDEX([1]ASSET_ID_SOURCE!$A$2:$A$50,MATCH('AVI Antenna (Desc)'!D101,[1]!MASTER_ASSET_ID_SOURCE_DESC,0),0))","v":""},{"$f":"IF('AVI Antenna (Desc)'!F101=\"\",\"\",'AVI Antenna (Desc)'!E101)","v":""},{"$f":"IF('AVI Antenna (Desc)'!F101=\"\",\"\",INDEX([1]ANTENNA_TYPE!$A$2:$A$100,MATCH('AVI Antenna (Desc)'!$F101,[1]!MASTER_ANTENNA_TYPE_DESC[#Data],0),0))","v":""},{"$f":"IF('AVI Antenna (Desc)'!G101=\"\",\"\",INDEX([1]ANTENNA_MANUF!$A$2:$A$100,MATCH('AVI Antenna (Desc)'!$G101,[1]!MASTER_ANTENNA_MANUF_DESC[#Data],0),0))","v":""},{"$f":"IF('AVI Antenna (Desc)'!H101=\"\",\"\",INDEX([1]ANTENNA_MODEL!$A$2:$A$50,MATCH(1,([1]ANTENNA_MODEL!$C$2:$C$50='AVI Antenna (Desc)'!$G101)*([1]ANTENNA_MODEL!$D$2:$D$50='AVI Antenna (Desc)'!$H101),0),0))","v":""},{"$f":"IF('AVI Antenna (Desc)'!I101=\"\",\"\",INDEX([1]LANE_COVERAGE!$A$2:$A$100,MATCH('AVI Antenna (Desc)'!$I101,[1]!MASTER_LANE_COVERAGE_DESC[#Data],0),0))","v":""},{"$f":"IF('AVI Antenna (Desc)'!J101=\"\",\"\",INDEX([1]LANE_DIRECTION!$A$2:$A$100,MATCH('AVI Antenna (Desc)'!$J101,[1]!MASTER_LANE_DIRECTION_DESC[#Data],0),0))","v":""}]
[{"$f":"IF('AVI Antenna (Desc)'!B102=\"\",\"\",\"2007\")","v":""},{"$f":"IF('AVI Antenna (Desc)'!E102=\"\",\"\",'AVI Antenna (Desc)'!B102)","v":""},{"$f":"IF('AVI Antenna (Desc)'!C102=\"\",\"\",'AVI Antenna (Desc)'!C102)","v":""},{"$f":"IF('AVI Antenna (Desc)'!D102=\"\",\"\",INDEX([1]ASSET_ID_SOURCE!$A$2:$A$50,MATCH('AVI Antenna (Desc)'!D102,[1]!MASTER_ASSET_ID_SOURCE_DESC,0),0))","v":""},{"$f":"IF('AVI Antenna (Desc)'!F102=\"\",\"\",'AVI Antenna (Desc)'!E102)","v":""},{"$f":"IF('AVI Antenna (Desc)'!F102=\"\",\"\",INDEX([1]ANTENNA_TYPE!$A$2:$A$100,MATCH('AVI Antenna (Desc)'!$F102,[1]!MASTER_ANTENNA_TYPE_DESC[#Data],0),0))","v":""},{"$f":"IF('AVI Antenna (Desc)'!G102=\"\",\"\",INDEX([1]ANTENNA_MANUF!$A$2:$A$100,MATCH('AVI Antenna (Desc)'!$G102,[1]!MASTER_ANTENNA_MANUF_DESC[#Data],0),0))","v":""},{"$f":"IF('AVI Antenna (Desc)'!H102=\"\",\"\",INDEX([1]ANTENNA_MODEL!$A$2:$A$50,MATCH(1,([1]ANTENNA_MODEL!$C$2:$C$50='AVI Antenna (Desc)'!$G102)*([1]ANTENNA_MODEL!$D$2:$D$50='AVI Antenna (Desc)'!$H102),0),0))","v":""},{"$f":"IF('AVI Antenna (Desc)'!I102=\"\",\"\",INDEX([1]LANE_COVERAGE!$A$2:$A$100,MATCH('AVI Antenna (Desc)'!$I102,[1]!MASTER_LANE_COVERAGE_DESC[#Data],0),0))","v":""},{"$f":"IF('AVI Antenna (Desc)'!J102=\"\",\"\",INDEX([1]LANE_DIRECTION!$A$2:$A$100,MATCH('AVI Antenna (Desc)'!$J102,[1]!MASTER_LANE_DIRECTION_DESC[#Data],0),0))","v":""}]
[{"$f":"IF('AVI Antenna (Desc)'!B103=\"\",\"\",\"2007\")","v":""},{"$f":"IF('AVI Antenna (Desc)'!E103=\"\",\"\",'AVI Antenna (Desc)'!B103)","v":""},{"$f":"IF('AVI Antenna (Desc)'!C103=\"\",\"\",'AVI Antenna (Desc)'!C103)","v":""},{"$f":"IF('AVI Antenna (Desc)'!D103=\"\",\"\",INDEX([1]ASSET_ID_SOURCE!$A$2:$A$50,MATCH('AVI Antenna (Desc)'!D103,[1]!MASTER_ASSET_ID_SOURCE_DESC,0),0))","v":""},{"$f":"IF('AVI Antenna (Desc)'!F103=\"\",\"\",'AVI Antenna (Desc)'!E103)","v":""},{"$f":"IF('AVI Antenna (Desc)'!F103=\"\",\"\",INDEX([1]ANTENNA_TYPE!$A$2:$A$100,MATCH('AVI Antenna (Desc)'!$F103,[1]!MASTER_ANTENNA_TYPE_DESC[#Data],0),0))","v":""},{"$f":"IF('AVI Antenna (Desc)'!G103=\"\",\"\",INDEX([1]ANTENNA_MANUF!$A$2:$A$100,MATCH('AVI Antenna (Desc)'!$G103,[1]!MASTER_ANTENNA_MANUF_DESC[#Data],0),0))","v":""},{"$f":"IF('AVI Antenna (Desc)'!H103=\"\",\"\",INDEX([1]ANTENNA_MODEL!$A$2:$A$50,MATCH(1,([1]ANTENNA_MODEL!$C$2:$C$50='AVI Antenna (Desc)'!$G103)*([1]ANTENNA_MODEL!$D$2:$D$50='AVI Antenna (Desc)'!$H103),0),0))","v":""},{"$f":"IF('AVI Antenna (Desc)'!I103=\"\",\"\",INDEX([1]LANE_COVERAGE!$A$2:$A$100,MATCH('AVI Antenna (Desc)'!$I103,[1]!MASTER_LANE_COVERAGE_DESC[#Data],0),0))","v":""},{"$f":"IF('AVI Antenna (Desc)'!J103=\"\",\"\",INDEX([1]LANE_DIRECTION!$A$2:$A$100,MATCH('AVI Antenna (Desc)'!$J103,[1]!MASTER_LANE_DIRECTION_DESC[#Data],0),0))","v":""}]
[{"$f":"IF('AVI Antenna (Desc)'!B104=\"\",\"\",\"2007\")","v":""},{"$f":"IF('AVI Antenna (Desc)'!E104=\"\",\"\",'AVI Antenna (Desc)'!B104)","v":""},{"$f":"IF('AVI Antenna (Desc)'!C104=\"\",\"\",'AVI Antenna (Desc)'!C104)","v":""},{"$f":"IF('AVI Antenna (Desc)'!D104=\"\",\"\",INDEX([1]ASSET_ID_SOURCE!$A$2:$A$50,MATCH('AVI Antenna (Desc)'!D104,[1]!MASTER_ASSET_ID_SOURCE_DESC,0),0))","v":""},{"$f":"IF('AVI Antenna (Desc)'!F104=\"\",\"\",'AVI Antenna (Desc)'!E104)","v":""},{"$f":"IF('AVI Antenna (Desc)'!F104=\"\",\"\",INDEX([1]ANTENNA_TYPE!$A$2:$A$100,MATCH('AVI Antenna (Desc)'!$F104,[1]!MASTER_ANTENNA_TYPE_DESC[#Data],0),0))","v":""},{"$f":"IF('AVI Antenna (Desc)'!G104=\"\",\"\",INDEX([1]ANTENNA_MANUF!$A$2:$A$100,MATCH('AVI Antenna (Desc)'!$G104,[1]!MASTER_ANTENNA_MANUF_DESC[#Data],0),0))","v":""},{"$f":"IF('AVI Antenna (Desc)'!H104=\"\",\"\",INDEX([1]ANTENNA_MODEL!$A$2:$A$50,MATCH(1,([1]ANTENNA_MODEL!$C$2:$C$50='AVI Antenna (Desc)'!$G104)*([1]ANTENNA_MODEL!$D$2:$D$50='AVI Antenna (Desc)'!$H104),0),0))","v":""},{"$f":"IF('AVI Antenna (Desc)'!I104=\"\",\"\",INDEX([1]LANE_COVERAGE!$A$2:$A$100,MATCH('AVI Antenna (Desc)'!$I104,[1]!MASTER_LANE_COVERAGE_DESC[#Data],0),0))","v":""},{"$f":"IF('AVI Antenna (Desc)'!J104=\"\",\"\",INDEX([1]LANE_DIRECTION!$A$2:$A$100,MATCH('AVI Antenna (Desc)'!$J104,[1]!MASTER_LANE_DIRECTION_DESC[#Data],0),0))","v":""}]
[{"$f":"IF('AVI Antenna (Desc)'!B105=\"\",\"\",\"2007\")","v":""},{"$f":"IF('AVI Antenna (Desc)'!E105=\"\",\"\",'AVI Antenna (Desc)'!B105)","v":""},{"$f":"IF('AVI Antenna (Desc)'!C105=\"\",\"\",'AVI Antenna (Desc)'!C105)","v":""},{"$f":"IF('AVI Antenna (Desc)'!D105=\"\",\"\",INDEX([1]ASSET_ID_SOURCE!$A$2:$A$50,MATCH('AVI Antenna (Desc)'!D105,[1]!MASTER_ASSET_ID_SOURCE_DESC,0),0))","v":""},{"$f":"IF('AVI Antenna (Desc)'!F105=\"\",\"\",'AVI Antenna (Desc)'!E105)","v":""},{"$f":"IF('AVI Antenna (Desc)'!F105=\"\",\"\",INDEX([1]ANTENNA_TYPE!$A$2:$A$100,MATCH('AVI Antenna (Desc)'!$F105,[1]!MASTER_ANTENNA_TYPE_DESC[#Data],0),0))","v":""},{"$f":"IF('AVI Antenna (Desc)'!G105=\"\",\"\",INDEX([1]ANTENNA_MANUF!$A$2:$A$100,MATCH('AVI Antenna (Desc)'!$G105,[1]!MASTER_ANTENNA_MANUF_DESC[#Data],0),0))","v":""},{"$f":"IF('AVI Antenna (Desc)'!H105=\"\",\"\",INDEX([1]ANTENNA_MODEL!$A$2:$A$50,MATCH(1,([1]ANTENNA_MODEL!$C$2:$C$50='AVI Antenna (Desc)'!$G105)*([1]ANTENNA_MODEL!$D$2:$D$50='AVI Antenna (Desc)'!$H105),0),0))","v":""},{"$f":"IF('AVI Antenna (Desc)'!I105=\"\",\"\",INDEX([1]LANE_COVERAGE!$A$2:$A$100,MATCH('AVI Antenna (Desc)'!$I105,[1]!MASTER_LANE_COVERAGE_DESC[#Data],0),0))","v":""},{"$f":"IF('AVI Antenna (Desc)'!J105=\"\",\"\",INDEX([1]LANE_DIRECTION!$A$2:$A$100,MATCH('AVI Antenna (Desc)'!$J105,[1]!MASTER_LANE_DIRECTION_DESC[#Data],0),0))","v":""}]
[{"$f":"IF('AVI Antenna (Desc)'!B106=\"\",\"\",\"2007\")","v":""},{"$f":"IF('AVI Antenna (Desc)'!E106=\"\",\"\",'AVI Antenna (Desc)'!B106)","v":""},{"$f":"IF('AVI Antenna (Desc)'!C106=\"\",\"\",'AVI Antenna (Desc)'!C106)","v":""},{"$f":"IF('AVI Antenna (Desc)'!D106=\"\",\"\",INDEX([1]ASSET_ID_SOURCE!$A$2:$A$50,MATCH('AVI Antenna (Desc)'!D106,[1]!MASTER_ASSET_ID_SOURCE_DESC,0),0))","v":""},{"$f":"IF('AVI Antenna (Desc)'!F106=\"\",\"\",'AVI Antenna (Desc)'!E106)","v":""},{"$f":"IF('AVI Antenna (Desc)'!F106=\"\",\"\",INDEX([1]ANTENNA_TYPE!$A$2:$A$100,MATCH('AVI Antenna (Desc)'!$F106,[1]!MASTER_ANTENNA_TYPE_DESC[#Data],0),0))","v":""},{"$f":"IF('AVI Antenna (Desc)'!G106=\"\",\"\",INDEX([1]ANTENNA_MANUF!$A$2:$A$100,MATCH('AVI Antenna (Desc)'!$G106,[1]!MASTER_ANTENNA_MANUF_DESC[#Data],0),0))","v":""},{"$f":"IF('AVI Antenna (Desc)'!H106=\"\",\"\",INDEX([1]ANTENNA_MODEL!$A$2:$A$50,MATCH(1,([1]ANTENNA_MODEL!$C$2:$C$50='AVI Antenna (Desc)'!$G106)*([1]ANTENNA_MODEL!$D$2:$D$50='AVI Antenna (Desc)'!$H106),0),0))","v":""},{"$f":"IF('AVI Antenna (Desc)'!I106=\"\",\"\",INDEX([1]LANE_COVERAGE!$A$2:$A$100,MATCH('AVI Antenna (Desc)'!$I106,[1]!MASTER_LANE_COVERAGE_DESC[#Data],0),0))","v":""},{"$f":"IF('AVI Antenna (Desc)'!J106=\"\",\"\",INDEX([1]LANE_DIRECTION!$A$2:$A$100,MATCH('AVI Antenna (Desc)'!$J106,[1]!MASTER_LANE_DIRECTION_DESC[#Data],0),0))","v":""}]
[{"$f":"IF('AVI Antenna (Desc)'!B107=\"\",\"\",\"2007\")","v":""},{"$f":"IF('AVI Antenna (Desc)'!E107=\"\",\"\",'AVI Antenna (Desc)'!B107)","v":""},{"$f":"IF('AVI Antenna (Desc)'!C107=\"\",\"\",'AVI Antenna (Desc)'!C107)","v":""},{"$f":"IF('AVI Antenna (Desc)'!D107=\"\",\"\",INDEX([1]ASSET_ID_SOURCE!$A$2:$A$50,MATCH('AVI Antenna (Desc)'!D107,[1]!MASTER_ASSET_ID_SOURCE_DESC,0),0))","v":""},{"$f":"IF('AVI Antenna (Desc)'!F107=\"\",\"\",'AVI Antenna (Desc)'!E107)","v":""},{"$f":"IF('AVI Antenna (Desc)'!F107=\"\",\"\",INDEX([1]ANTENNA_TYPE!$A$2:$A$100,MATCH('AVI Antenna (Desc)'!$F107,[1]!MASTER_ANTENNA_TYPE_DESC[#Data],0),0))","v":""},{"$f":"IF('AVI Antenna (Desc)'!G107=\"\",\"\",INDEX([1]ANTENNA_MANUF!$A$2:$A$100,MATCH('AVI Antenna (Desc)'!$G107,[1]!MASTER_ANTENNA_MANUF_DESC[#Data],0),0))","v":""},{"$f":"IF('AVI Antenna (Desc)'!H107=\"\",\"\",INDEX([1]ANTENNA_MODEL!$A$2:$A$50,MATCH(1,([1]ANTENNA_MODEL!$C$2:$C$50='AVI Antenna (Desc)'!$G107)*([1]ANTENNA_MODEL!$D$2:$D$50='AVI Antenna (Desc)'!$H107),0),0))","v":""},{"$f":"IF('AVI Antenna (Desc)'!I107=\"\",\"\",INDEX([1]LANE_COVERAGE!$A$2:$A$100,MATCH('AVI Antenna (Desc)'!$I107,[1]!MASTER_LANE_COVERAGE_DESC[#Data],0),0))","v":""},{"$f":"IF('AVI Antenna (Desc)'!J107=\"\",\"\",INDEX([1]LANE_DIRECTION!$A$2:$A$100,MATCH('AVI Antenna (Desc)'!$J107,[1]!MASTER_LANE_DIRECTION_DESC[#Data],0),0))","v":""}]
[{"$f":"IF('AVI Antenna (Desc)'!B108=\"\",\"\",\"2007\")","v":""},{"$f":"IF('AVI Antenna (Desc)'!E108=\"\",\"\",'AVI Antenna (Desc)'!B108)","v":""},{"$f":"IF('AVI Antenna (Desc)'!C108=\"\",\"\",'AVI Antenna (Desc)'!C108)","v":""},{"$f":"IF('AVI Antenna (Desc)'!D108=\"\",\"\",INDEX([1]ASSET_ID_SOURCE!$A$2:$A$50,MATCH('AVI Antenna (Desc)'!D108,[1]!MASTER_ASSET_ID_SOURCE_DESC,0),0))","v":""},{"$f":"IF('AVI Antenna (Desc)'!F108=\"\",\"\",'AVI Antenna (Desc)'!E108)","v":""},{"$f":"IF('AVI Antenna (Desc)'!F108=\"\",\"\",INDEX([1]ANTENNA_TYPE!$A$2:$A$100,MATCH('AVI Antenna (Desc)'!$F108,[1]!MASTER_ANTENNA_TYPE_DESC[#Data],0),0))","v":""},{"$f":"IF('AVI Antenna (Desc)'!G108=\"\",\"\",INDEX([1]ANTENNA_MANUF!$A$2:$A$100,MATCH('AVI Antenna (Desc)'!$G108,[1]!MASTER_ANTENNA_MANUF_DESC[#Data],0),0))","v":""},{"$f":"IF('AVI Antenna (Desc)'!H108=\"\",\"\",INDEX([1]ANTENNA_MODEL!$A$2:$A$50,MATCH(1,([1]ANTENNA_MODEL!$C$2:$C$50='AVI Antenna (Desc)'!$G108)*([1]ANTENNA_MODEL!$D$2:$D$50='AVI Antenna (Desc)'!$H108),0),0))","v":""},{"$f":"IF('AVI Antenna (Desc)'!I108=\"\",\"\",INDEX([1]LANE_COVERAGE!$A$2:$A$100,MATCH('AVI Antenna (Desc)'!$I108,[1]!MASTER_LANE_COVERAGE_DESC[#Data],0),0))","v":""},{"$f":"IF('AVI Antenna (Desc)'!J108=\"\",\"\",INDEX([1]LANE_DIRECTION!$A$2:$A$100,MATCH('AVI Antenna (Desc)'!$J108,[1]!MASTER_LANE_DIRECTION_DESC[#Data],0),0))","v":""}]
[{"$f":"IF('AVI Antenna (Desc)'!B109=\"\",\"\",\"2007\")","v":""},{"$f":"IF('AVI Antenna (Desc)'!E109=\"\",\"\",'AVI Antenna (Desc)'!B109)","v":""},{"$f":"IF('AVI Antenna (Desc)'!C109=\"\",\"\",'AVI Antenna (Desc)'!C109)","v":""},{"$f":"IF('AVI Antenna (Desc)'!D109=\"\",\"\",INDEX([1]ASSET_ID_SOURCE!$A$2:$A$50,MATCH('AVI Antenna (Desc)'!D109,[1]!MASTER_ASSET_ID_SOURCE_DESC,0),0))","v":""},{"$f":"IF('AVI Antenna (Desc)'!F109=\"\",\"\",'AVI Antenna (Desc)'!E109)","v":""},{"$f":"IF('AVI Antenna (Desc)'!F109=\"\",\"\",INDEX([1]ANTENNA_TYPE!$A$2:$A$100,MATCH('AVI Antenna (Desc)'!$F109,[1]!MASTER_ANTENNA_TYPE_DESC[#Data],0),0))","v":""},{"$f":"IF('AVI Antenna (Desc)'!G109=\"\",\"\",INDEX([1]ANTENNA_MANUF!$A$2:$A$100,MATCH('AVI Antenna (Desc)'!$G109,[1]!MASTER_ANTENNA_MANUF_DESC[#Data],0),0))","v":""},{"$f":"IF('AVI Antenna (Desc)'!H109=\"\",\"\",INDEX([1]ANTENNA_MODEL!$A$2:$A$50,MATCH(1,([1]ANTENNA_MODEL!$C$2:$C$50='AVI Antenna (Desc)'!$G109)*([1]ANTENNA_MODEL!$D$2:$D$50='AVI Antenna (Desc)'!$H109),0),0))","v":""},{"$f":"IF('AVI Antenna (Desc)'!I109=\"\",\"\",INDEX([1]LANE_COVERAGE!$A$2:$A$100,MATCH('AVI Antenna (Desc)'!$I109,[1]!MASTER_LANE_COVERAGE_DESC[#Data],0),0))","v":""},{"$f":"IF('AVI Antenna (Desc)'!J109=\"\",\"\",INDEX([1]LANE_DIRECTION!$A$2:$A$100,MATCH('AVI Antenna (Desc)'!$J109,[1]!MASTER_LANE_DIRECTION_DESC[#Data],0),0))","v":""}]
[{"$f":"IF('AVI Antenna (Desc)'!B110=\"\",\"\",\"2007\")","v":""},{"$f":"IF('AVI Antenna (Desc)'!E110=\"\",\"\",'AVI Antenna (Desc)'!B110)","v":""},{"$f":"IF('AVI Antenna (Desc)'!C110=\"\",\"\",'AVI Antenna (Desc)'!C110)","v":""},{"$f":"IF('AVI Antenna (Desc)'!D110=\"\",\"\",INDEX([1]ASSET_ID_SOURCE!$A$2:$A$50,MATCH('AVI Antenna (Desc)'!D110,[1]!MASTER_ASSET_ID_SOURCE_DESC,0),0))","v":""},{"$f":"IF('AVI Antenna (Desc)'!F110=\"\",\"\",'AVI Antenna (Desc)'!E110)","v":""},{"$f":"IF('AVI Antenna (Desc)'!F110=\"\",\"\",INDEX([1]ANTENNA_TYPE!$A$2:$A$100,MATCH('AVI Antenna (Desc)'!$F110,[1]!MASTER_ANTENNA_TYPE_DESC[#Data],0),0))","v":""},{"$f":"IF('AVI Antenna (Desc)'!G110=\"\",\"\",INDEX([1]ANTENNA_MANUF!$A$2:$A$100,MATCH('AVI Antenna (Desc)'!$G110,[1]!MASTER_ANTENNA_MANUF_DESC[#Data],0),0))","v":""},{"$f":"IF('AVI Antenna (Desc)'!H110=\"\",\"\",INDEX([1]ANTENNA_MODEL!$A$2:$A$50,MATCH(1,([1]ANTENNA_MODEL!$C$2:$C$50='AVI Antenna (Desc)'!$G110)*([1]ANTENNA_MODEL!$D$2:$D$50='AVI Antenna (Desc)'!$H110),0),0))","v":""},{"$f":"IF('AVI Antenna (Desc)'!I110=\"\",\"\",INDEX([1]LANE_COVERAGE!$A$2:$A$100,MATCH('AVI Antenna (Desc)'!$I110,[1]!MASTER_LANE_COVERAGE_DESC[#Data],0),0))","v":""},{"$f":"IF('AVI Antenna (Desc)'!J110=\"\",\"\",INDEX([1]LANE_DIRECTION!$A$2:$A$100,MATCH('AVI Antenna (Desc)'!$J110,[1]!MASTER_LANE_DIRECTION_DESC[#Data],0),0))","v":""}]
[{"$f":"IF('AVI Antenna (Desc)'!B111=\"\",\"\",\"2007\")","v":""},{"$f":"IF('AVI Antenna (Desc)'!E111=\"\",\"\",'AVI Antenna (Desc)'!B111)","v":""},{"$f":"IF('AVI Antenna (Desc)'!C111=\"\",\"\",'AVI Antenna (Desc)'!C111)","v":""},{"$f":"IF('AVI Antenna (Desc)'!D111=\"\",\"\",INDEX([1]ASSET_ID_SOURCE!$A$2:$A$50,MATCH('AVI Antenna (Desc)'!D111,[1]!MASTER_ASSET_ID_SOURCE_DESC,0),0))","v":""},{"$f":"IF('AVI Antenna (Desc)'!F111=\"\",\"\",'AVI Antenna (Desc)'!E111)","v":""},{"$f":"IF('AVI Antenna (Desc)'!F111=\"\",\"\",INDEX([1]ANTENNA_TYPE!$A$2:$A$100,MATCH('AVI Antenna (Desc)'!$F111,[1]!MASTER_ANTENNA_TYPE_DESC[#Data],0),0))","v":""},{"$f":"IF('AVI Antenna (Desc)'!G111=\"\",\"\",INDEX([1]ANTENNA_MANUF!$A$2:$A$100,MATCH('AVI Antenna (Desc)'!$G111,[1]!MASTER_ANTENNA_MANUF_DESC[#Data],0),0))","v":""},{"$f":"IF('AVI Antenna (Desc)'!H111=\"\",\"\",INDEX([1]ANTENNA_MODEL!$A$2:$A$50,MATCH(1,([1]ANTENNA_MODEL!$C$2:$C$50='AVI Antenna (Desc)'!$G111)*([1]ANTENNA_MODEL!$D$2:$D$50='AVI Antenna (Desc)'!$H111),0),0))","v":""},{"$f":"IF('AVI Antenna (Desc)'!I111=\"\",\"\",INDEX([1]LANE_COVERAGE!$A$2:$A$100,MATCH('AVI Antenna (Desc)'!$I111,[1]!MASTER_LANE_COVERAGE_DESC[#Data],0),0))","v":""},{"$f":"IF('AVI Antenna (Desc)'!J111=\"\",\"\",INDEX([1]LANE_DIRECTION!$A$2:$A$100,MATCH('AVI Antenna (Desc)'!$J111,[1]!MASTER_LANE_DIRECTION_DESC[#Data],0),0))","v":""}]
[{"$f":"IF('AVI Antenna (Desc)'!B112=\"\",\"\",\"2007\")","v":""},{"$f":"IF('AVI Antenna (Desc)'!E112=\"\",\"\",'AVI Antenna (Desc)'!B112)","v":""},{"$f":"IF('AVI Antenna (Desc)'!C112=\"\",\"\",'AVI Antenna (Desc)'!C112)","v":""},{"$f":"IF('AVI Antenna (Desc)'!D112=\"\",\"\",INDEX([1]ASSET_ID_SOURCE!$A$2:$A$50,MATCH('AVI Antenna (Desc)'!D112,[1]!MASTER_ASSET_ID_SOURCE_DESC,0),0))","v":""},{"$f":"IF('AVI Antenna (Desc)'!F112=\"\",\"\",'AVI Antenna (Desc)'!E112)","v":""},{"$f":"IF('AVI Antenna (Desc)'!F112=\"\",\"\",INDEX([1]ANTENNA_TYPE!$A$2:$A$100,MATCH('AVI Antenna (Desc)'!$F112,[1]!MASTER_ANTENNA_TYPE_DESC[#Data],0),0))","v":""},{"$f":"IF('AVI Antenna (Desc)'!G112=\"\",\"\",INDEX([1]ANTENNA_MANUF!$A$2:$A$100,MATCH('AVI Antenna (Desc)'!$G112,[1]!MASTER_ANTENNA_MANUF_DESC[#Data],0),0))","v":""},{"$f":"IF('AVI Antenna (Desc)'!H112=\"\",\"\",INDEX([1]ANTENNA_MODEL!$A$2:$A$50,MATCH(1,([1]ANTENNA_MODEL!$C$2:$C$50='AVI Antenna (Desc)'!$G112)*([1]ANTENNA_MODEL!$D$2:$D$50='AVI Antenna (Desc)'!$H112),0),0))","v":""},{"$f":"IF('AVI Antenna (Desc)'!I112=\"\",\"\",INDEX([1]LANE_COVERAGE!$A$2:$A$100,MATCH('AVI Antenna (Desc)'!$I112,[1]!MASTER_LANE_COVERAGE_DESC[#Data],0),0))","v":""},{"$f":"IF('AVI Antenna (Desc)'!J112=\"\",\"\",INDEX([1]LANE_DIRECTION!$A$2:$A$100,MATCH('AVI Antenna (Desc)'!$J112,[1]!MASTER_LANE_DIRECTION_DESC[#Data],0),0))","v":""}]
[{"$f":"IF('AVI Antenna (Desc)'!B113=\"\",\"\",\"2007\")","v":""},{"$f":"IF('AVI Antenna (Desc)'!E113=\"\",\"\",'AVI Antenna (Desc)'!B113)","v":""},{"$f":"IF('AVI Antenna (Desc)'!C113=\"\",\"\",'AVI Antenna (Desc)'!C113)","v":""},{"$f":"IF('AVI Antenna (Desc)'!D113=\"\",\"\",INDEX([1]ASSET_ID_SOURCE!$A$2:$A$50,MATCH('AVI Antenna (Desc)'!D113,[1]!MASTER_ASSET_ID_SOURCE_DESC,0),0))","v":""},{"$f":"IF('AVI Antenna (Desc)'!F113=\"\",\"\",'AVI Antenna (Desc)'!E113)","v":""},{"$f":"IF('AVI Antenna (Desc)'!F113=\"\",\"\",INDEX([1]ANTENNA_TYPE!$A$2:$A$100,MATCH('AVI Antenna (Desc)'!$F113,[1]!MASTER_ANTENNA_TYPE_DESC[#Data],0),0))","v":""},{"$f":"IF('AVI Antenna (Desc)'!G113=\"\",\"\",INDEX([1]ANTENNA_MANUF!$A$2:$A$100,MATCH('AVI Antenna (Desc)'!$G113,[1]!MASTER_ANTENNA_MANUF_DESC[#Data],0),0))","v":""},{"$f":"IF('AVI Antenna (Desc)'!H113=\"\",\"\",INDEX([1]ANTENNA_MODEL!$A$2:$A$50,MATCH(1,([1]ANTENNA_MODEL!$C$2:$C$50='AVI Antenna (Desc)'!$G113)*([1]ANTENNA_MODEL!$D$2:$D$50='AVI Antenna (Desc)'!$H113),0),0))","v":""},{"$f":"IF('AVI Antenna (Desc)'!I113=\"\",\"\",INDEX([1]LANE_COVERAGE!$A$2:$A$100,MATCH('AVI Antenna (Desc)'!$I113,[1]!MASTER_LANE_COVERAGE_DESC[#Data],0),0))","v":""},{"$f":"IF('AVI Antenna (Desc)'!J113=\"\",\"\",INDEX([1]LANE_DIRECTION!$A$2:$A$100,MATCH('AVI Antenna (Desc)'!$J113,[1]!MASTER_LANE_DIRECTION_DESC[#Data],0),0))","v":""}]
[{"$f":"IF('AVI Antenna (Desc)'!B114=\"\",\"\",\"2007\")","v":""},{"$f":"IF('AVI Antenna (Desc)'!E114=\"\",\"\",'AVI Antenna (Desc)'!B114)","v":""},{"$f":"IF('AVI Antenna (Desc)'!C114=\"\",\"\",'AVI Antenna (Desc)'!C114)","v":""},{"$f":"IF('AVI Antenna (Desc)'!D114=\"\",\"\",INDEX([1]ASSET_ID_SOURCE!$A$2:$A$50,MATCH('AVI Antenna (Desc)'!D114,[1]!MASTER_ASSET_ID_SOURCE_DESC,0),0))","v":""},{"$f":"IF('AVI Antenna (Desc)'!F114=\"\",\"\",'AVI Antenna (Desc)'!E114)","v":""},{"$f":"IF('AVI Antenna (Desc)'!F114=\"\",\"\",INDEX([1]ANTENNA_TYPE!$A$2:$A$100,MATCH('AVI Antenna (Desc)'!$F114,[1]!MASTER_ANTENNA_TYPE_DESC[#Data],0),0))","v":""},{"$f":"IF('AVI Antenna (Desc)'!G114=\"\",\"\",INDEX([1]ANTENNA_MANUF!$A$2:$A$100,MATCH('AVI Antenna (Desc)'!$G114,[1]!MASTER_ANTENNA_MANUF_DESC[#Data],0),0))","v":""},{"$f":"IF('AVI Antenna (Desc)'!H114=\"\",\"\",INDEX([1]ANTENNA_MODEL!$A$2:$A$50,MATCH(1,([1]ANTENNA_MODEL!$C$2:$C$50='AVI Antenna (Desc)'!$G114)*([1]ANTENNA_MODEL!$D$2:$D$50='AVI Antenna (Desc)'!$H114),0),0))","v":""},{"$f":"IF('AVI Antenna (Desc)'!I114=\"\",\"\",INDEX([1]LANE_COVERAGE!$A$2:$A$100,MATCH('AVI Antenna (Desc)'!$I114,[1]!MASTER_LANE_COVERAGE_DESC[#Data],0),0))","v":""},{"$f":"IF('AVI Antenna (Desc)'!J114=\"\",\"\",INDEX([1]LANE_DIRECTION!$A$2:$A$100,MATCH('AVI Antenna (Desc)'!$J114,[1]!MASTER_LANE_DIRECTION_DESC[#Data],0),0))","v":""}]
[{"$f":"IF('AVI Antenna (Desc)'!B115=\"\",\"\",\"2007\")","v":""},{"$f":"IF('AVI Antenna (Desc)'!E115=\"\",\"\",'AVI Antenna (Desc)'!B115)","v":""},{"$f":"IF('AVI Antenna (Desc)'!C115=\"\",\"\",'AVI Antenna (Desc)'!C115)","v":""},{"$f":"IF('AVI Antenna (Desc)'!D115=\"\",\"\",INDEX([1]ASSET_ID_SOURCE!$A$2:$A$50,MATCH('AVI Antenna (Desc)'!D115,[1]!MASTER_ASSET_ID_SOURCE_DESC,0),0))","v":""},{"$f":"IF('AVI Antenna (Desc)'!F115=\"\",\"\",'AVI Antenna (Desc)'!E115)","v":""},{"$f":"IF('AVI Antenna (Desc)'!F115=\"\",\"\",INDEX([1]ANTENNA_TYPE!$A$2:$A$100,MATCH('AVI Antenna (Desc)'!$F115,[1]!MASTER_ANTENNA_TYPE_DESC[#Data],0),0))","v":""},{"$f":"IF('AVI Antenna (Desc)'!G115=\"\",\"\",INDEX([1]ANTENNA_MANUF!$A$2:$A$100,MATCH('AVI Antenna (Desc)'!$G115,[1]!MASTER_ANTENNA_MANUF_DESC[#Data],0),0))","v":""},{"$f":"IF('AVI Antenna (Desc)'!H115=\"\",\"\",INDEX([1]ANTENNA_MODEL!$A$2:$A$50,MATCH(1,([1]ANTENNA_MODEL!$C$2:$C$50='AVI Antenna (Desc)'!$G115)*([1]ANTENNA_MODEL!$D$2:$D$50='AVI Antenna (Desc)'!$H115),0),0))","v":""},{"$f":"IF('AVI Antenna (Desc)'!I115=\"\",\"\",INDEX([1]LANE_COVERAGE!$A$2:$A$100,MATCH('AVI Antenna (Desc)'!$I115,[1]!MASTER_LANE_COVERAGE_DESC[#Data],0),0))","v":""},{"$f":"IF('AVI Antenna (Desc)'!J115=\"\",\"\",INDEX([1]LANE_DIRECTION!$A$2:$A$100,MATCH('AVI Antenna (Desc)'!$J115,[1]!MASTER_LANE_DIRECTION_DESC[#Data],0),0))","v":""}]
[{"$f":"IF('AVI Antenna (Desc)'!B116=\"\",\"\",\"2007\")","v":""},{"$f":"IF('AVI Antenna (Desc)'!E116=\"\",\"\",'AVI Antenna (Desc)'!B116)","v":""},{"$f":"IF('AVI Antenna (Desc)'!C116=\"\",\"\",'AVI Antenna (Desc)'!C116)","v":""},{"$f":"IF('AVI Antenna (Desc)'!D116=\"\",\"\",INDEX([1]ASSET_ID_SOURCE!$A$2:$A$50,MATCH('AVI Antenna (Desc)'!D116,[1]!MASTER_ASSET_ID_SOURCE_DESC,0),0))","v":""},{"$f":"IF('AVI Antenna (Desc)'!F116=\"\",\"\",'AVI Antenna (Desc)'!E116)","v":""},{"$f":"IF('AVI Antenna (Desc)'!F116=\"\",\"\",INDEX([1]ANTENNA_TYPE!$A$2:$A$100,MATCH('AVI Antenna (Desc)'!$F116,[1]!MASTER_ANTENNA_TYPE_DESC[#Data],0),0))","v":""},{"$f":"IF('AVI Antenna (Desc)'!G116=\"\",\"\",INDEX([1]ANTENNA_MANUF!$A$2:$A$100,MATCH('AVI Antenna (Desc)'!$G116,[1]!MASTER_ANTENNA_MANUF_DESC[#Data],0),0))","v":""},{"$f":"IF('AVI Antenna (Desc)'!H116=\"\",\"\",INDEX([1]ANTENNA_MODEL!$A$2:$A$50,MATCH(1,([1]ANTENNA_MODEL!$C$2:$C$50='AVI Antenna (Desc)'!$G116)*([1]ANTENNA_MODEL!$D$2:$D$50='AVI Antenna (Desc)'!$H116),0),0))","v":""},{"$f":"IF('AVI Antenna (Desc)'!I116=\"\",\"\",INDEX([1]LANE_COVERAGE!$A$2:$A$100,MATCH('AVI Antenna (Desc)'!$I116,[1]!MASTER_LANE_COVERAGE_DESC[#Data],0),0))","v":""},{"$f":"IF('AVI Antenna (Desc)'!J116=\"\",\"\",INDEX([1]LANE_DIRECTION!$A$2:$A$100,MATCH('AVI Antenna (Desc)'!$J116,[1]!MASTER_LANE_DIRECTION_DESC[#Data],0),0))","v":""}]
[{"$f":"IF('AVI Antenna (Desc)'!B117=\"\",\"\",\"2007\")","v":""},{"$f":"IF('AVI Antenna (Desc)'!E117=\"\",\"\",'AVI Antenna (Desc)'!B117)","v":""},{"$f":"IF('AVI Antenna (Desc)'!C117=\"\",\"\",'AVI Antenna (Desc)'!C117)","v":""},{"$f":"IF('AVI Antenna (Desc)'!D117=\"\",\"\",INDEX([1]ASSET_ID_SOURCE!$A$2:$A$50,MATCH('AVI Antenna (Desc)'!D117,[1]!MASTER_ASSET_ID_SOURCE_DESC,0),0))","v":""},{"$f":"IF('AVI Antenna (Desc)'!F117=\"\",\"\",'AVI Antenna (Desc)'!E117)","v":""},{"$f":"IF('AVI Antenna (Desc)'!F117=\"\",\"\",INDEX([1]ANTENNA_TYPE!$A$2:$A$100,MATCH('AVI Antenna (Desc)'!$F117,[1]!MASTER_ANTENNA_TYPE_DESC[#Data],0),0))","v":""},{"$f":"IF('AVI Antenna (Desc)'!G117=\"\",\"\",INDEX([1]ANTENNA_MANUF!$A$2:$A$100,MATCH('AVI Antenna (Desc)'!$G117,[1]!MASTER_ANTENNA_MANUF_DESC[#Data],0),0))","v":""},{"$f":"IF('AVI Antenna (Desc)'!H117=\"\",\"\",INDEX([1]ANTENNA_MODEL!$A$2:$A$50,MATCH(1,([1]ANTENNA_MODEL!$C$2:$C$50='AVI Antenna (Desc)'!$G117)*([1]ANTENNA_MODEL!$D$2:$D$50='AVI Antenna (Desc)'!$H117),0),0))","v":""},{"$f":"IF('AVI Antenna (Desc)'!I117=\"\",\"\",INDEX([1]LANE_COVERAGE!$A$2:$A$100,MATCH('AVI Antenna (Desc)'!$I117,[1]!MASTER_LANE_COVERAGE_DESC[#Data],0),0))","v":""},{"$f":"IF('AVI Antenna (Desc)'!J117=\"\",\"\",INDEX([1]LANE_DIRECTION!$A$2:$A$100,MATCH('AVI Antenna (Desc)'!$J117,[1]!MASTER_LANE_DIRECTION_DESC[#Data],0),0))","v":""}]
[{"$f":"IF('AVI Antenna (Desc)'!B118=\"\",\"\",\"2007\")","v":""},{"$f":"IF('AVI Antenna (Desc)'!E118=\"\",\"\",'AVI Antenna (Desc)'!B118)","v":""},{"$f":"IF('AVI Antenna (Desc)'!C118=\"\",\"\",'AVI Antenna (Desc)'!C118)","v":""},{"$f":"IF('AVI Antenna (Desc)'!D118=\"\",\"\",INDEX([1]ASSET_ID_SOURCE!$A$2:$A$50,MATCH('AVI Antenna (Desc)'!D118,[1]!MASTER_ASSET_ID_SOURCE_DESC,0),0))","v":""},{"$f":"IF('AVI Antenna (Desc)'!F118=\"\",\"\",'AVI Antenna (Desc)'!E118)","v":""},{"$f":"IF('AVI Antenna (Desc)'!F118=\"\",\"\",INDEX([1]ANTENNA_TYPE!$A$2:$A$100,MATCH('AVI Antenna (Desc)'!$F118,[1]!MASTER_ANTENNA_TYPE_DESC[#Data],0),0))","v":""},{"$f":"IF('AVI Antenna (Desc)'!G118=\"\",\"\",INDEX([1]ANTENNA_MANUF!$A$2:$A$100,MATCH('AVI Antenna (Desc)'!$G118,[1]!MASTER_ANTENNA_MANUF_DESC[#Data],0),0))","v":""},{"$f":"IF('AVI Antenna (Desc)'!H118=\"\",\"\",INDEX([1]ANTENNA_MODEL!$A$2:$A$50,MATCH(1,([1]ANTENNA_MODEL!$C$2:$C$50='AVI Antenna (Desc)'!$G118)*([1]ANTENNA_MODEL!$D$2:$D$50='AVI Antenna (Desc)'!$H118),0),0))","v":""},{"$f":"IF('AVI Antenna (Desc)'!I118=\"\",\"\",INDEX([1]LANE_COVERAGE!$A$2:$A$100,MATCH('AVI Antenna (Desc)'!$I118,[1]!MASTER_LANE_COVERAGE_DESC[#Data],0),0))","v":""},{"$f":"IF('AVI Antenna (Desc)'!J118=\"\",\"\",INDEX([1]LANE_DIRECTION!$A$2:$A$100,MATCH('AVI Antenna (Desc)'!$J118,[1]!MASTER_LANE_DIRECTION_DESC[#Data],0),0))","v":""}]
[{"$f":"IF('AVI Antenna (Desc)'!B119=\"\",\"\",\"2007\")","v":""},{"$f":"IF('AVI Antenna (Desc)'!E119=\"\",\"\",'AVI Antenna (Desc)'!B119)","v":""},{"$f":"IF('AVI Antenna (Desc)'!C119=\"\",\"\",'AVI Antenna (Desc)'!C119)","v":""},{"$f":"IF('AVI Antenna (Desc)'!D119=\"\",\"\",INDEX([1]ASSET_ID_SOURCE!$A$2:$A$50,MATCH('AVI Antenna (Desc)'!D119,[1]!MASTER_ASSET_ID_SOURCE_DESC,0),0))","v":""},{"$f":"IF('AVI Antenna (Desc)'!F119=\"\",\"\",'AVI Antenna (Desc)'!E119)","v":""},{"$f":"IF('AVI Antenna (Desc)'!F119=\"\",\"\",INDEX([1]ANTENNA_TYPE!$A$2:$A$100,MATCH('AVI Antenna (Desc)'!$F119,[1]!MASTER_ANTENNA_TYPE_DESC[#Data],0),0))","v":""},{"$f":"IF('AVI Antenna (Desc)'!G119=\"\",\"\",INDEX([1]ANTENNA_MANUF!$A$2:$A$100,MATCH('AVI Antenna (Desc)'!$G119,[1]!MASTER_ANTENNA_MANUF_DESC[#Data],0),0))","v":""},{"$f":"IF('AVI Antenna (Desc)'!H119=\"\",\"\",INDEX([1]ANTENNA_MODEL!$A$2:$A$50,MATCH(1,([1]ANTENNA_MODEL!$C$2:$C$50='AVI Antenna (Desc)'!$G119)*([1]ANTENNA_MODEL!$D$2:$D$50='AVI Antenna (Desc)'!$H119),0),0))","v":""},{"$f":"IF('AVI Antenna (Desc)'!I119=\"\",\"\",INDEX([1]LANE_COVERAGE!$A$2:$A$100,MATCH('AVI Antenna (Desc)'!$I119,[1]!MASTER_LANE_COVERAGE_DESC[#Data],0),0))","v":""},{"$f":"IF('AVI Antenna (Desc)'!J119=\"\",\"\",INDEX([1]LANE_DIRECTION!$A$2:$A$100,MATCH('AVI Antenna (Desc)'!$J119,[1]!MASTER_LANE_DIRECTION_DESC[#Data],0),0))","v":""}]
[{"$f":"IF('AVI Antenna (Desc)'!B120=\"\",\"\",\"2007\")","v":""},{"$f":"IF('AVI Antenna (Desc)'!E120=\"\",\"\",'AVI Antenna (Desc)'!B120)","v":""},{"$f":"IF('AVI Antenna (Desc)'!C120=\"\",\"\",'AVI Antenna (Desc)'!C120)","v":""},{"$f":"IF('AVI Antenna (Desc)'!D120=\"\",\"\",INDEX([1]ASSET_ID_SOURCE!$A$2:$A$50,MATCH('AVI Antenna (Desc)'!D120,[1]!MASTER_ASSET_ID_SOURCE_DESC,0),0))","v":""},{"$f":"IF('AVI Antenna (Desc)'!F120=\"\",\"\",'AVI Antenna (Desc)'!E120)","v":""},{"$f":"IF('AVI Antenna (Desc)'!F120=\"\",\"\",INDEX([1]ANTENNA_TYPE!$A$2:$A$100,MATCH('AVI Antenna (Desc)'!$F120,[1]!MASTER_ANTENNA_TYPE_DESC[#Data],0),0))","v":""},{"$f":"IF('AVI Antenna (Desc)'!G120=\"\",\"\",INDEX([1]ANTENNA_MANUF!$A$2:$A$100,MATCH('AVI Antenna (Desc)'!$G120,[1]!MASTER_ANTENNA_MANUF_DESC[#Data],0),0))","v":""},{"$f":"IF('AVI Antenna (Desc)'!H120=\"\",\"\",INDEX([1]ANTENNA_MODEL!$A$2:$A$50,MATCH(1,([1]ANTENNA_MODEL!$C$2:$C$50='AVI Antenna (Desc)'!$G120)*([1]ANTENNA_MODEL!$D$2:$D$50='AVI Antenna (Desc)'!$H120),0),0))","v":""},{"$f":"IF('AVI Antenna (Desc)'!I120=\"\",\"\",INDEX([1]LANE_COVERAGE!$A$2:$A$100,MATCH('AVI Antenna (Desc)'!$I120,[1]!MASTER_LANE_COVERAGE_DESC[#Data],0),0))","v":""},{"$f":"IF('AVI Antenna (Desc)'!J120=\"\",\"\",INDEX([1]LANE_DIRECTION!$A$2:$A$100,MATCH('AVI Antenna (Desc)'!$J120,[1]!MASTER_LANE_DIRECTION_DESC[#Data],0),0))","v":""}]
[{"$f":"IF('AVI Antenna (Desc)'!B121=\"\",\"\",\"2007\")","v":""},{"$f":"IF('AVI Antenna (Desc)'!E121=\"\",\"\",'AVI Antenna (Desc)'!B121)","v":""},{"$f":"IF('AVI Antenna (Desc)'!C121=\"\",\"\",'AVI Antenna (Desc)'!C121)","v":""},{"$f":"IF('AVI Antenna (Desc)'!D121=\"\",\"\",INDEX([1]ASSET_ID_SOURCE!$A$2:$A$50,MATCH('AVI Antenna (Desc)'!D121,[1]!MASTER_ASSET_ID_SOURCE_DESC,0),0))","v":""},{"$f":"IF('AVI Antenna (Desc)'!F121=\"\",\"\",'AVI Antenna (Desc)'!E121)","v":""},{"$f":"IF('AVI Antenna (Desc)'!F121=\"\",\"\",INDEX([1]ANTENNA_TYPE!$A$2:$A$100,MATCH('AVI Antenna (Desc)'!$F121,[1]!MASTER_ANTENNA_TYPE_DESC[#Data],0),0))","v":""},{"$f":"IF('AVI Antenna (Desc)'!G121=\"\",\"\",INDEX([1]ANTENNA_MANUF!$A$2:$A$100,MATCH('AVI Antenna (Desc)'!$G121,[1]!MASTER_ANTENNA_MANUF_DESC[#Data],0),0))","v":""},{"$f":"IF('AVI Antenna (Desc)'!H121=\"\",\"\",INDEX([1]ANTENNA_MODEL!$A$2:$A$50,MATCH(1,([1]ANTENNA_MODEL!$C$2:$C$50='AVI Antenna (Desc)'!$G121)*([1]ANTENNA_MODEL!$D$2:$D$50='AVI Antenna (Desc)'!$H121),0),0))","v":""},{"$f":"IF('AVI Antenna (Desc)'!I121=\"\",\"\",INDEX([1]LANE_COVERAGE!$A$2:$A$100,MATCH('AVI Antenna (Desc)'!$I121,[1]!MASTER_LANE_COVERAGE_DESC[#Data],0),0))","v":""},{"$f":"IF('AVI Antenna (Desc)'!J121=\"\",\"\",INDEX([1]LANE_DIRECTION!$A$2:$A$100,MATCH('AVI Antenna (Desc)'!$J121,[1]!MASTER_LANE_DIRECTION_DESC[#Data],0),0))","v":""}]
[{"$f":"IF('AVI Antenna (Desc)'!B122=\"\",\"\",\"2007\")","v":""},{"$f":"IF('AVI Antenna (Desc)'!E122=\"\",\"\",'AVI Antenna (Desc)'!B122)","v":""},{"$f":"IF('AVI Antenna (Desc)'!C122=\"\",\"\",'AVI Antenna (Desc)'!C122)","v":""},{"$f":"IF('AVI Antenna (Desc)'!D122=\"\",\"\",INDEX([1]ASSET_ID_SOURCE!$A$2:$A$50,MATCH('AVI Antenna (Desc)'!D122,[1]!MASTER_ASSET_ID_SOURCE_DESC,0),0))","v":""},{"$f":"IF('AVI Antenna (Desc)'!F122=\"\",\"\",'AVI Antenna (Desc)'!E122)","v":""},{"$f":"IF('AVI Antenna (Desc)'!F122=\"\",\"\",INDEX([1]ANTENNA_TYPE!$A$2:$A$100,MATCH('AVI Antenna (Desc)'!$F122,[1]!MASTER_ANTENNA_TYPE_DESC[#Data],0),0))","v":""},{"$f":"IF('AVI Antenna (Desc)'!G122=\"\",\"\",INDEX([1]ANTENNA_MANUF!$A$2:$A$100,MATCH('AVI Antenna (Desc)'!$G122,[1]!MASTER_ANTENNA_MANUF_DESC[#Data],0),0))","v":""},{"$f":"IF('AVI Antenna (Desc)'!H122=\"\",\"\",INDEX([1]ANTENNA_MODEL!$A$2:$A$50,MATCH(1,([1]ANTENNA_MODEL!$C$2:$C$50='AVI Antenna (Desc)'!$G122)*([1]ANTENNA_MODEL!$D$2:$D$50='AVI Antenna (Desc)'!$H122),0),0))","v":""},{"$f":"IF('AVI Antenna (Desc)'!I122=\"\",\"\",INDEX([1]LANE_COVERAGE!$A$2:$A$100,MATCH('AVI Antenna (Desc)'!$I122,[1]!MASTER_LANE_COVERAGE_DESC[#Data],0),0))","v":""},{"$f":"IF('AVI Antenna (Desc)'!J122=\"\",\"\",INDEX([1]LANE_DIRECTION!$A$2:$A$100,MATCH('AVI Antenna (Desc)'!$J122,[1]!MASTER_LANE_DIRECTION_DESC[#Data],0),0))","v":""}]
[{"$f":"IF('AVI Antenna (Desc)'!B123=\"\",\"\",\"2007\")","v":""},{"$f":"IF('AVI Antenna (Desc)'!E123=\"\",\"\",'AVI Antenna (Desc)'!B123)","v":""},{"$f":"IF('AVI Antenna (Desc)'!C123=\"\",\"\",'AVI Antenna (Desc)'!C123)","v":""},{"$f":"IF('AVI Antenna (Desc)'!D123=\"\",\"\",INDEX([1]ASSET_ID_SOURCE!$A$2:$A$50,MATCH('AVI Antenna (Desc)'!D123,[1]!MASTER_ASSET_ID_SOURCE_DESC,0),0))","v":""},{"$f":"IF('AVI Antenna (Desc)'!F123=\"\",\"\",'AVI Antenna (Desc)'!E123)","v":""},{"$f":"IF('AVI Antenna (Desc)'!F123=\"\",\"\",INDEX([1]ANTENNA_TYPE!$A$2:$A$100,MATCH('AVI Antenna (Desc)'!$F123,[1]!MASTER_ANTENNA_TYPE_DESC[#Data],0),0))","v":""},{"$f":"IF('AVI Antenna (Desc)'!G123=\"\",\"\",INDEX([1]ANTENNA_MANUF!$A$2:$A$100,MATCH('AVI Antenna (Desc)'!$G123,[1]!MASTER_ANTENNA_MANUF_DESC[#Data],0),0))","v":""},{"$f":"IF('AVI Antenna (Desc)'!H123=\"\",\"\",INDEX([1]ANTENNA_MODEL!$A$2:$A$50,MATCH(1,([1]ANTENNA_MODEL!$C$2:$C$50='AVI Antenna (Desc)'!$G123)*([1]ANTENNA_MODEL!$D$2:$D$50='AVI Antenna (Desc)'!$H123),0),0))","v":""},{"$f":"IF('AVI Antenna (Desc)'!I123=\"\",\"\",INDEX([1]LANE_COVERAGE!$A$2:$A$100,MATCH('AVI Antenna (Desc)'!$I123,[1]!MASTER_LANE_COVERAGE_DESC[#Data],0),0))","v":""},{"$f":"IF('AVI Antenna (Desc)'!J123=\"\",\"\",INDEX([1]LANE_DIRECTION!$A$2:$A$100,MATCH('AVI Antenna (Desc)'!$J123,[1]!MASTER_LANE_DIRECTION_DESC[#Data],0),0))","v":""}]
[{"$f":"IF('AVI Antenna (Desc)'!B124=\"\",\"\",\"2007\")","v":""},{"$f":"IF('AVI Antenna (Desc)'!E124=\"\",\"\",'AVI Antenna (Desc)'!B124)","v":""},{"$f":"IF('AVI Antenna (Desc)'!C124=\"\",\"\",'AVI Antenna (Desc)'!C124)","v":""},{"$f":"IF('AVI Antenna (Desc)'!D124=\"\",\"\",INDEX([1]ASSET_ID_SOURCE!$A$2:$A$50,MATCH('AVI Antenna (Desc)'!D124,[1]!MASTER_ASSET_ID_SOURCE_DESC,0),0))","v":""},{"$f":"IF('AVI Antenna (Desc)'!F124=\"\",\"\",'AVI Antenna (Desc)'!E124)","v":""},{"$f":"IF('AVI Antenna (Desc)'!F124=\"\",\"\",INDEX([1]ANTENNA_TYPE!$A$2:$A$100,MATCH('AVI Antenna (Desc)'!$F124,[1]!MASTER_ANTENNA_TYPE_DESC[#Data],0),0))","v":""},{"$f":"IF('AVI Antenna (Desc)'!G124=\"\",\"\",INDEX([1]ANTENNA_MANUF!$A$2:$A$100,MATCH('AVI Antenna (Desc)'!$G124,[1]!MASTER_ANTENNA_MANUF_DESC[#Data],0),0))","v":""},{"$f":"IF('AVI Antenna (Desc)'!H124=\"\",\"\",INDEX([1]ANTENNA_MODEL!$A$2:$A$50,MATCH(1,([1]ANTENNA_MODEL!$C$2:$C$50='AVI Antenna (Desc)'!$G124)*([1]ANTENNA_MODEL!$D$2:$D$50='AVI Antenna (Desc)'!$H124),0),0))","v":""},{"$f":"IF('AVI Antenna (Desc)'!I124=\"\",\"\",INDEX([1]LANE_COVERAGE!$A$2:$A$100,MATCH('AVI Antenna (Desc)'!$I124,[1]!MASTER_LANE_COVERAGE_DESC[#Data],0),0))","v":""},{"$f":"IF('AVI Antenna (Desc)'!J124=\"\",\"\",INDEX([1]LANE_DIRECTION!$A$2:$A$100,MATCH('AVI Antenna (Desc)'!$J124,[1]!MASTER_LANE_DIRECTION_DESC[#Data],0),0))","v":""}]
[{"$f":"IF('AVI Antenna (Desc)'!B125=\"\",\"\",\"2007\")","v":""},{"$f":"IF('AVI Antenna (Desc)'!E125=\"\",\"\",'AVI Antenna (Desc)'!B125)","v":""},{"$f":"IF('AVI Antenna (Desc)'!C125=\"\",\"\",'AVI Antenna (Desc)'!C125)","v":""},{"$f":"IF('AVI Antenna (Desc)'!D125=\"\",\"\",INDEX([1]ASSET_ID_SOURCE!$A$2:$A$50,MATCH('AVI Antenna (Desc)'!D125,[1]!MASTER_ASSET_ID_SOURCE_DESC,0),0))","v":""},{"$f":"IF('AVI Antenna (Desc)'!F125=\"\",\"\",'AVI Antenna (Desc)'!E125)","v":""},{"$f":"IF('AVI Antenna (Desc)'!F125=\"\",\"\",INDEX([1]ANTENNA_TYPE!$A$2:$A$100,MATCH('AVI Antenna (Desc)'!$F125,[1]!MASTER_ANTENNA_TYPE_DESC[#Data],0),0))","v":""},{"$f":"IF('AVI Antenna (Desc)'!G125=\"\",\"\",INDEX([1]ANTENNA_MANUF!$A$2:$A$100,MATCH('AVI Antenna (Desc)'!$G125,[1]!MASTER_ANTENNA_MANUF_DESC[#Data],0),0))","v":""},{"$f":"IF('AVI Antenna (Desc)'!H125=\"\",\"\",INDEX([1]ANTENNA_MODEL!$A$2:$A$50,MATCH(1,([1]ANTENNA_MODEL!$C$2:$C$50='AVI Antenna (Desc)'!$G125)*([1]ANTENNA_MODEL!$D$2:$D$50='AVI Antenna (Desc)'!$H125),0),0))","v":""},{"$f":"IF('AVI Antenna (Desc)'!I125=\"\",\"\",INDEX([1]LANE_COVERAGE!$A$2:$A$100,MATCH('AVI Antenna (Desc)'!$I125,[1]!MASTER_LANE_COVERAGE_DESC[#Data],0),0))","v":""},{"$f":"IF('AVI Antenna (Desc)'!J125=\"\",\"\",INDEX([1]LANE_DIRECTION!$A$2:$A$100,MATCH('AVI Antenna (Desc)'!$J125,[1]!MASTER_LANE_DIRECTION_DESC[#Data],0),0))","v":""}]
[{"$f":"IF('AVI Antenna (Desc)'!B126=\"\",\"\",\"2007\")","v":""},{"$f":"IF('AVI Antenna (Desc)'!E126=\"\",\"\",'AVI Antenna (Desc)'!B126)","v":""},{"$f":"IF('AVI Antenna (Desc)'!C126=\"\",\"\",'AVI Antenna (Desc)'!C126)","v":""},{"$f":"IF('AVI Antenna (Desc)'!D126=\"\",\"\",INDEX([1]ASSET_ID_SOURCE!$A$2:$A$50,MATCH('AVI Antenna (Desc)'!D126,[1]!MASTER_ASSET_ID_SOURCE_DESC,0),0))","v":""},{"$f":"IF('AVI Antenna (Desc)'!F126=\"\",\"\",'AVI Antenna (Desc)'!E126)","v":""},{"$f":"IF('AVI Antenna (Desc)'!F126=\"\",\"\",INDEX([1]ANTENNA_TYPE!$A$2:$A$100,MATCH('AVI Antenna (Desc)'!$F126,[1]!MASTER_ANTENNA_TYPE_DESC[#Data],0),0))","v":""},{"$f":"IF('AVI Antenna (Desc)'!G126=\"\",\"\",INDEX([1]ANTENNA_MANUF!$A$2:$A$100,MATCH('AVI Antenna (Desc)'!$G126,[1]!MASTER_ANTENNA_MANUF_DESC[#Data],0),0))","v":""},{"$f":"IF('AVI Antenna (Desc)'!H126=\"\",\"\",INDEX([1]ANTENNA_MODEL!$A$2:$A$50,MATCH(1,([1]ANTENNA_MODEL!$C$2:$C$50='AVI Antenna (Desc)'!$G126)*([1]ANTENNA_MODEL!$D$2:$D$50='AVI Antenna (Desc)'!$H126),0),0))","v":""},{"$f":"IF('AVI Antenna (Desc)'!I126=\"\",\"\",INDEX([1]LANE_COVERAGE!$A$2:$A$100,MATCH('AVI Antenna (Desc)'!$I126,[1]!MASTER_LANE_COVERAGE_DESC[#Data],0),0))","v":""},{"$f":"IF('AVI Antenna (Desc)'!J126=\"\",\"\",INDEX([1]LANE_DIRECTION!$A$2:$A$100,MATCH('AVI Antenna (Desc)'!$J126,[1]!MASTER_LANE_DIRECTION_DESC[#Data],0),0))","v":""}]
[{"$f":"IF('AVI Antenna (Desc)'!B127=\"\",\"\",\"2007\")","v":""},{"$f":"IF('AVI Antenna (Desc)'!E127=\"\",\"\",'AVI Antenna (Desc)'!B127)","v":""},{"$f":"IF('AVI Antenna (Desc)'!C127=\"\",\"\",'AVI Antenna (Desc)'!C127)","v":""},{"$f":"IF('AVI Antenna (Desc)'!D127=\"\",\"\",INDEX([1]ASSET_ID_SOURCE!$A$2:$A$50,MATCH('AVI Antenna (Desc)'!D127,[1]!MASTER_ASSET_ID_SOURCE_DESC,0),0))","v":""},{"$f":"IF('AVI Antenna (Desc)'!F127=\"\",\"\",'AVI Antenna (Desc)'!E127)","v":""},{"$f":"IF('AVI Antenna (Desc)'!F127=\"\",\"\",INDEX([1]ANTENNA_TYPE!$A$2:$A$100,MATCH('AVI Antenna (Desc)'!$F127,[1]!MASTER_ANTENNA_TYPE_DESC[#Data],0),0))","v":""},{"$f":"IF('AVI Antenna (Desc)'!G127=\"\",\"\",INDEX([1]ANTENNA_MANUF!$A$2:$A$100,MATCH('AVI Antenna (Desc)'!$G127,[1]!MASTER_ANTENNA_MANUF_DESC[#Data],0),0))","v":""},{"$f":"IF('AVI Antenna (Desc)'!H127=\"\",\"\",INDEX([1]ANTENNA_MODEL!$A$2:$A$50,MATCH(1,([1]ANTENNA_MODEL!$C$2:$C$50='AVI Antenna (Desc)'!$G127)*([1]ANTENNA_MODEL!$D$2:$D$50='AVI Antenna (Desc)'!$H127),0),0))","v":""},{"$f":"IF('AVI Antenna (Desc)'!I127=\"\",\"\",INDEX([1]LANE_COVERAGE!$A$2:$A$100,MATCH('AVI Antenna (Desc)'!$I127,[1]!MASTER_LANE_COVERAGE_DESC[#Data],0),0))","v":""},{"$f":"IF('AVI Antenna (Desc)'!J127=\"\",\"\",INDEX([1]LANE_DIRECTION!$A$2:$A$100,MATCH('AVI Antenna (Desc)'!$J127,[1]!MASTER_LANE_DIRECTION_DESC[#Data],0),0))","v":""}]
[{"$f":"IF('AVI Antenna (Desc)'!B128=\"\",\"\",\"2007\")","v":""},{"$f":"IF('AVI Antenna (Desc)'!E128=\"\",\"\",'AVI Antenna (Desc)'!B128)","v":""},{"$f":"IF('AVI Antenna (Desc)'!C128=\"\",\"\",'AVI Antenna (Desc)'!C128)","v":""},{"$f":"IF('AVI Antenna (Desc)'!D128=\"\",\"\",INDEX([1]ASSET_ID_SOURCE!$A$2:$A$50,MATCH('AVI Antenna (Desc)'!D128,[1]!MASTER_ASSET_ID_SOURCE_DESC,0),0))","v":""},{"$f":"IF('AVI Antenna (Desc)'!F128=\"\",\"\",'AVI Antenna (Desc)'!E128)","v":""},{"$f":"IF('AVI Antenna (Desc)'!F128=\"\",\"\",INDEX([1]ANTENNA_TYPE!$A$2:$A$100,MATCH('AVI Antenna (Desc)'!$F128,[1]!MASTER_ANTENNA_TYPE_DESC[#Data],0),0))","v":""},{"$f":"IF('AVI Antenna (Desc)'!G128=\"\",\"\",INDEX([1]ANTENNA_MANUF!$A$2:$A$100,MATCH('AVI Antenna (Desc)'!$G128,[1]!MASTER_ANTENNA_MANUF_DESC[#Data],0),0))","v":""},{"$f":"IF('AVI Antenna (Desc)'!H128=\"\",\"\",INDEX([1]ANTENNA_MODEL!$A$2:$A$50,MATCH(1,([1]ANTENNA_MODEL!$C$2:$C$50='AVI Antenna (Desc)'!$G128)*([1]ANTENNA_MODEL!$D$2:$D$50='AVI Antenna (Desc)'!$H128),0),0))","v":""},{"$f":"IF('AVI Antenna (Desc)'!I128=\"\",\"\",INDEX([1]LANE_COVERAGE!$A$2:$A$100,MATCH('AVI Antenna (Desc)'!$I128,[1]!MASTER_LANE_COVERAGE_DESC[#Data],0),0))","v":""},{"$f":"IF('AVI Antenna (Desc)'!J128=\"\",\"\",INDEX([1]LANE_DIRECTION!$A$2:$A$100,MATCH('AVI Antenna (Desc)'!$J128,[1]!MASTER_LANE_DIRECTION_DESC[#Data],0),0))","v":""}]
[{"$f":"IF('AVI Antenna (Desc)'!B129=\"\",\"\",\"2007\")","v":""},{"$f":"IF('AVI Antenna (Desc)'!E129=\"\",\"\",'AVI Antenna (Desc)'!B129)","v":""},{"$f":"IF('AVI Antenna (Desc)'!C129=\"\",\"\",'AVI Antenna (Desc)'!C129)","v":""},{"$f":"IF('AVI Antenna (Desc)'!D129=\"\",\"\",INDEX([1]ASSET_ID_SOURCE!$A$2:$A$50,MATCH('AVI Antenna (Desc)'!D129,[1]!MASTER_ASSET_ID_SOURCE_DESC,0),0))","v":""},{"$f":"IF('AVI Antenna (Desc)'!F129=\"\",\"\",'AVI Antenna (Desc)'!E129)","v":""},{"$f":"IF('AVI Antenna (Desc)'!F129=\"\",\"\",INDEX([1]ANTENNA_TYPE!$A$2:$A$100,MATCH('AVI Antenna (Desc)'!$F129,[1]!MASTER_ANTENNA_TYPE_DESC[#Data],0),0))","v":""},{"$f":"IF('AVI Antenna (Desc)'!G129=\"\",\"\",INDEX([1]ANTENNA_MANUF!$A$2:$A$100,MATCH('AVI Antenna (Desc)'!$G129,[1]!MASTER_ANTENNA_MANUF_DESC[#Data],0),0))","v":""},{"$f":"IF('AVI Antenna (Desc)'!H129=\"\",\"\",INDEX([1]ANTENNA_MODEL!$A$2:$A$50,MATCH(1,([1]ANTENNA_MODEL!$C$2:$C$50='AVI Antenna (Desc)'!$G129)*([1]ANTENNA_MODEL!$D$2:$D$50='AVI Antenna (Desc)'!$H129),0),0))","v":""},{"$f":"IF('AVI Antenna (Desc)'!I129=\"\",\"\",INDEX([1]LANE_COVERAGE!$A$2:$A$100,MATCH('AVI Antenna (Desc)'!$I129,[1]!MASTER_LANE_COVERAGE_DESC[#Data],0),0))","v":""},{"$f":"IF('AVI Antenna (Desc)'!J129=\"\",\"\",INDEX([1]LANE_DIRECTION!$A$2:$A$100,MATCH('AVI Antenna (Desc)'!$J129,[1]!MASTER_LANE_DIRECTION_DESC[#Data],0),0))","v":""}]
[{"$f":"IF('AVI Antenna (Desc)'!B130=\"\",\"\",\"2007\")","v":""},{"$f":"IF('AVI Antenna (Desc)'!E130=\"\",\"\",'AVI Antenna (Desc)'!B130)","v":""},{"$f":"IF('AVI Antenna (Desc)'!C130=\"\",\"\",'AVI Antenna (Desc)'!C130)","v":""},{"$f":"IF('AVI Antenna (Desc)'!D130=\"\",\"\",INDEX([1]ASSET_ID_SOURCE!$A$2:$A$50,MATCH('AVI Antenna (Desc)'!D130,[1]!MASTER_ASSET_ID_SOURCE_DESC,0),0))","v":""},{"$f":"IF('AVI Antenna (Desc)'!F130=\"\",\"\",'AVI Antenna (Desc)'!E130)","v":""},{"$f":"IF('AVI Antenna (Desc)'!F130=\"\",\"\",INDEX([1]ANTENNA_TYPE!$A$2:$A$100,MATCH('AVI Antenna (Desc)'!$F130,[1]!MASTER_ANTENNA_TYPE_DESC[#Data],0),0))","v":""},{"$f":"IF('AVI Antenna (Desc)'!G130=\"\",\"\",INDEX([1]ANTENNA_MANUF!$A$2:$A$100,MATCH('AVI Antenna (Desc)'!$G130,[1]!MASTER_ANTENNA_MANUF_DESC[#Data],0),0))","v":""},{"$f":"IF('AVI Antenna (Desc)'!H130=\"\",\"\",INDEX([1]ANTENNA_MODEL!$A$2:$A$50,MATCH(1,([1]ANTENNA_MODEL!$C$2:$C$50='AVI Antenna (Desc)'!$G130)*([1]ANTENNA_MODEL!$D$2:$D$50='AVI Antenna (Desc)'!$H130),0),0))","v":""},{"$f":"IF('AVI Antenna (Desc)'!I130=\"\",\"\",INDEX([1]LANE_COVERAGE!$A$2:$A$100,MATCH('AVI Antenna (Desc)'!$I130,[1]!MASTER_LANE_COVERAGE_DESC[#Data],0),0))","v":""},{"$f":"IF('AVI Antenna (Desc)'!J130=\"\",\"\",INDEX([1]LANE_DIRECTION!$A$2:$A$100,MATCH('AVI Antenna (Desc)'!$J130,[1]!MASTER_LANE_DIRECTION_DESC[#Data],0),0))","v":""}]
[{"$f":"IF('AVI Antenna (Desc)'!B131=\"\",\"\",\"2007\")","v":""},{"$f":"IF('AVI Antenna (Desc)'!E131=\"\",\"\",'AVI Antenna (Desc)'!B131)","v":""},{"$f":"IF('AVI Antenna (Desc)'!C131=\"\",\"\",'AVI Antenna (Desc)'!C131)","v":""},{"$f":"IF('AVI Antenna (Desc)'!D131=\"\",\"\",INDEX([1]ASSET_ID_SOURCE!$A$2:$A$50,MATCH('AVI Antenna (Desc)'!D131,[1]!MASTER_ASSET_ID_SOURCE_DESC,0),0))","v":""},{"$f":"IF('AVI Antenna (Desc)'!F131=\"\",\"\",'AVI Antenna (Desc)'!E131)","v":""},{"$f":"IF('AVI Antenna (Desc)'!F131=\"\",\"\",INDEX([1]ANTENNA_TYPE!$A$2:$A$100,MATCH('AVI Antenna (Desc)'!$F131,[1]!MASTER_ANTENNA_TYPE_DESC[#Data],0),0))","v":""},{"$f":"IF('AVI Antenna (Desc)'!G131=\"\",\"\",INDEX([1]ANTENNA_MANUF!$A$2:$A$100,MATCH('AVI Antenna (Desc)'!$G131,[1]!MASTER_ANTENNA_MANUF_DESC[#Data],0),0))","v":""},{"$f":"IF('AVI Antenna (Desc)'!H131=\"\",\"\",INDEX([1]ANTENNA_MODEL!$A$2:$A$50,MATCH(1,([1]ANTENNA_MODEL!$C$2:$C$50='AVI Antenna (Desc)'!$G131)*([1]ANTENNA_MODEL!$D$2:$D$50='AVI Antenna (Desc)'!$H131),0),0))","v":""},{"$f":"IF('AVI Antenna (Desc)'!I131=\"\",\"\",INDEX([1]LANE_COVERAGE!$A$2:$A$100,MATCH('AVI Antenna (Desc)'!$I131,[1]!MASTER_LANE_COVERAGE_DESC[#Data],0),0))","v":""},{"$f":"IF('AVI Antenna (Desc)'!J131=\"\",\"\",INDEX([1]LANE_DIRECTION!$A$2:$A$100,MATCH('AVI Antenna (Desc)'!$J131,[1]!MASTER_LANE_DIRECTION_DESC[#Data],0),0))","v":""}]
[{"$f":"IF('AVI Antenna (Desc)'!B132=\"\",\"\",\"2007\")","v":""},{"$f":"IF('AVI Antenna (Desc)'!E132=\"\",\"\",'AVI Antenna (Desc)'!B132)","v":""},{"$f":"IF('AVI Antenna (Desc)'!C132=\"\",\"\",'AVI Antenna (Desc)'!C132)","v":""},{"$f":"IF('AVI Antenna (Desc)'!D132=\"\",\"\",INDEX([1]ASSET_ID_SOURCE!$A$2:$A$50,MATCH('AVI Antenna (Desc)'!D132,[1]!MASTER_ASSET_ID_SOURCE_DESC,0),0))","v":""},{"$f":"IF('AVI Antenna (Desc)'!F132=\"\",\"\",'AVI Antenna (Desc)'!E132)","v":""},{"$f":"IF('AVI Antenna (Desc)'!F132=\"\",\"\",INDEX([1]ANTENNA_TYPE!$A$2:$A$100,MATCH('AVI Antenna (Desc)'!$F132,[1]!MASTER_ANTENNA_TYPE_DESC[#Data],0),0))","v":""},{"$f":"IF('AVI Antenna (Desc)'!G132=\"\",\"\",INDEX([1]ANTENNA_MANUF!$A$2:$A$100,MATCH('AVI Antenna (Desc)'!$G132,[1]!MASTER_ANTENNA_MANUF_DESC[#Data],0),0))","v":""},{"$f":"IF('AVI Antenna (Desc)'!H132=\"\",\"\",INDEX([1]ANTENNA_MODEL!$A$2:$A$50,MATCH(1,([1]ANTENNA_MODEL!$C$2:$C$50='AVI Antenna (Desc)'!$G132)*([1]ANTENNA_MODEL!$D$2:$D$50='AVI Antenna (Desc)'!$H132),0),0))","v":""},{"$f":"IF('AVI Antenna (Desc)'!I132=\"\",\"\",INDEX([1]LANE_COVERAGE!$A$2:$A$100,MATCH('AVI Antenna (Desc)'!$I132,[1]!MASTER_LANE_COVERAGE_DESC[#Data],0),0))","v":""},{"$f":"IF('AVI Antenna (Desc)'!J132=\"\",\"\",INDEX([1]LANE_DIRECTION!$A$2:$A$100,MATCH('AVI Antenna (Desc)'!$J132,[1]!MASTER_LANE_DIRECTION_DESC[#Data],0),0))","v":""}]
[{"$f":"IF('AVI Antenna (Desc)'!B133=\"\",\"\",\"2007\")","v":""},{"$f":"IF('AVI Antenna (Desc)'!E133=\"\",\"\",'AVI Antenna (Desc)'!B133)","v":""},{"$f":"IF('AVI Antenna (Desc)'!C133=\"\",\"\",'AVI Antenna (Desc)'!C133)","v":""},{"$f":"IF('AVI Antenna (Desc)'!D133=\"\",\"\",INDEX([1]ASSET_ID_SOURCE!$A$2:$A$50,MATCH('AVI Antenna (Desc)'!D133,[1]!MASTER_ASSET_ID_SOURCE_DESC,0),0))","v":""},{"$f":"IF('AVI Antenna (Desc)'!F133=\"\",\"\",'AVI Antenna (Desc)'!E133)","v":""},{"$f":"IF('AVI Antenna (Desc)'!F133=\"\",\"\",INDEX([1]ANTENNA_TYPE!$A$2:$A$100,MATCH('AVI Antenna (Desc)'!$F133,[1]!MASTER_ANTENNA_TYPE_DESC[#Data],0),0))","v":""},{"$f":"IF('AVI Antenna (Desc)'!G133=\"\",\"\",INDEX([1]ANTENNA_MANUF!$A$2:$A$100,MATCH('AVI Antenna (Desc)'!$G133,[1]!MASTER_ANTENNA_MANUF_DESC[#Data],0),0))","v":""},{"$f":"IF('AVI Antenna (Desc)'!H133=\"\",\"\",INDEX([1]ANTENNA_MODEL!$A$2:$A$50,MATCH(1,([1]ANTENNA_MODEL!$C$2:$C$50='AVI Antenna (Desc)'!$G133)*([1]ANTENNA_MODEL!$D$2:$D$50='AVI Antenna (Desc)'!$H133),0),0))","v":""},{"$f":"IF('AVI Antenna (Desc)'!I133=\"\",\"\",INDEX([1]LANE_COVERAGE!$A$2:$A$100,MATCH('AVI Antenna (Desc)'!$I133,[1]!MASTER_LANE_COVERAGE_DESC[#Data],0),0))","v":""},{"$f":"IF('AVI Antenna (Desc)'!J133=\"\",\"\",INDEX([1]LANE_DIRECTION!$A$2:$A$100,MATCH('AVI Antenna (Desc)'!$J133,[1]!MASTER_LANE_DIRECTION_DESC[#Data],0),0))","v":""}]
[{"$f":"IF('AVI Antenna (Desc)'!B134=\"\",\"\",\"2007\")","v":""},{"$f":"IF('AVI Antenna (Desc)'!E134=\"\",\"\",'AVI Antenna (Desc)'!B134)","v":""},{"$f":"IF('AVI Antenna (Desc)'!C134=\"\",\"\",'AVI Antenna (Desc)'!C134)","v":""},{"$f":"IF('AVI Antenna (Desc)'!D134=\"\",\"\",INDEX([1]ASSET_ID_SOURCE!$A$2:$A$50,MATCH('AVI Antenna (Desc)'!D134,[1]!MASTER_ASSET_ID_SOURCE_DESC,0),0))","v":""},{"$f":"IF('AVI Antenna (Desc)'!F134=\"\",\"\",'AVI Antenna (Desc)'!E134)","v":""},{"$f":"IF('AVI Antenna (Desc)'!F134=\"\",\"\",INDEX([1]ANTENNA_TYPE!$A$2:$A$100,MATCH('AVI Antenna (Desc)'!$F134,[1]!MASTER_ANTENNA_TYPE_DESC[#Data],0),0))","v":""},{"$f":"IF('AVI Antenna (Desc)'!G134=\"\",\"\",INDEX([1]ANTENNA_MANUF!$A$2:$A$100,MATCH('AVI Antenna (Desc)'!$G134,[1]!MASTER_ANTENNA_MANUF_DESC[#Data],0),0))","v":""},{"$f":"IF('AVI Antenna (Desc)'!H134=\"\",\"\",INDEX([1]ANTENNA_MODEL!$A$2:$A$50,MATCH(1,([1]ANTENNA_MODEL!$C$2:$C$50='AVI Antenna (Desc)'!$G134)*([1]ANTENNA_MODEL!$D$2:$D$50='AVI Antenna (Desc)'!$H134),0),0))","v":""},{"$f":"IF('AVI Antenna (Desc)'!I134=\"\",\"\",INDEX([1]LANE_COVERAGE!$A$2:$A$100,MATCH('AVI Antenna (Desc)'!$I134,[1]!MASTER_LANE_COVERAGE_DESC[#Data],0),0))","v":""},{"$f":"IF('AVI Antenna (Desc)'!J134=\"\",\"\",INDEX([1]LANE_DIRECTION!$A$2:$A$100,MATCH('AVI Antenna (Desc)'!$J134,[1]!MASTER_LANE_DIRECTION_DESC[#Data],0),0))","v":""}]
[{"$f":"IF('AVI Antenna (Desc)'!B135=\"\",\"\",\"2007\")","v":""},{"$f":"IF('AVI Antenna (Desc)'!E135=\"\",\"\",'AVI Antenna (Desc)'!B135)","v":""},{"$f":"IF('AVI Antenna (Desc)'!C135=\"\",\"\",'AVI Antenna (Desc)'!C135)","v":""},{"$f":"IF('AVI Antenna (Desc)'!D135=\"\",\"\",INDEX([1]ASSET_ID_SOURCE!$A$2:$A$50,MATCH('AVI Antenna (Desc)'!D135,[1]!MASTER_ASSET_ID_SOURCE_DESC,0),0))","v":""},{"$f":"IF('AVI Antenna (Desc)'!F135=\"\",\"\",'AVI Antenna (Desc)'!E135)","v":""},{"$f":"IF('AVI Antenna (Desc)'!F135=\"\",\"\",INDEX([1]ANTENNA_TYPE!$A$2:$A$100,MATCH('AVI Antenna (Desc)'!$F135,[1]!MASTER_ANTENNA_TYPE_DESC[#Data],0),0))","v":""},{"$f":"IF('AVI Antenna (Desc)'!G135=\"\",\"\",INDEX([1]ANTENNA_MANUF!$A$2:$A$100,MATCH('AVI Antenna (Desc)'!$G135,[1]!MASTER_ANTENNA_MANUF_DESC[#Data],0),0))","v":""},{"$f":"IF('AVI Antenna (Desc)'!H135=\"\",\"\",INDEX([1]ANTENNA_MODEL!$A$2:$A$50,MATCH(1,([1]ANTENNA_MODEL!$C$2:$C$50='AVI Antenna (Desc)'!$G135)*([1]ANTENNA_MODEL!$D$2:$D$50='AVI Antenna (Desc)'!$H135),0),0))","v":""},{"$f":"IF('AVI Antenna (Desc)'!I135=\"\",\"\",INDEX([1]LANE_COVERAGE!$A$2:$A$100,MATCH('AVI Antenna (Desc)'!$I135,[1]!MASTER_LANE_COVERAGE_DESC[#Data],0),0))","v":""},{"$f":"IF('AVI Antenna (Desc)'!J135=\"\",\"\",INDEX([1]LANE_DIRECTION!$A$2:$A$100,MATCH('AVI Antenna (Desc)'!$J135,[1]!MASTER_LANE_DIRECTION_DESC[#Data],0),0))","v":""}]
[{"$f":"IF('AVI Antenna (Desc)'!B136=\"\",\"\",\"2007\")","v":""},{"$f":"IF('AVI Antenna (Desc)'!E136=\"\",\"\",'AVI Antenna (Desc)'!B136)","v":""},{"$f":"IF('AVI Antenna (Desc)'!C136=\"\",\"\",'AVI Antenna (Desc)'!C136)","v":""},{"$f":"IF('AVI Antenna (Desc)'!D136=\"\",\"\",INDEX([1]ASSET_ID_SOURCE!$A$2:$A$50,MATCH('AVI Antenna (Desc)'!D136,[1]!MASTER_ASSET_ID_SOURCE_DESC,0),0))","v":""},{"$f":"IF('AVI Antenna (Desc)'!F136=\"\",\"\",'AVI Antenna (Desc)'!E136)","v":""},{"$f":"IF('AVI Antenna (Desc)'!F136=\"\",\"\",INDEX([1]ANTENNA_TYPE!$A$2:$A$100,MATCH('AVI Antenna (Desc)'!$F136,[1]!MASTER_ANTENNA_TYPE_DESC[#Data],0),0))","v":""},{"$f":"IF('AVI Antenna (Desc)'!G136=\"\",\"\",INDEX([1]ANTENNA_MANUF!$A$2:$A$100,MATCH('AVI Antenna (Desc)'!$G136,[1]!MASTER_ANTENNA_MANUF_DESC[#Data],0),0))","v":""},{"$f":"IF('AVI Antenna (Desc)'!H136=\"\",\"\",INDEX([1]ANTENNA_MODEL!$A$2:$A$50,MATCH(1,([1]ANTENNA_MODEL!$C$2:$C$50='AVI Antenna (Desc)'!$G136)*([1]ANTENNA_MODEL!$D$2:$D$50='AVI Antenna (Desc)'!$H136),0),0))","v":""},{"$f":"IF('AVI Antenna (Desc)'!I136=\"\",\"\",INDEX([1]LANE_COVERAGE!$A$2:$A$100,MATCH('AVI Antenna (Desc)'!$I136,[1]!MASTER_LANE_COVERAGE_DESC[#Data],0),0))","v":""},{"$f":"IF('AVI Antenna (Desc)'!J136=\"\",\"\",INDEX([1]LANE_DIRECTION!$A$2:$A$100,MATCH('AVI Antenna (Desc)'!$J136,[1]!MASTER_LANE_DIRECTION_DESC[#Data],0),0))","v":""}]
[{"$f":"IF('AVI Antenna (Desc)'!B137=\"\",\"\",\"2007\")","v":""},{"$f":"IF('AVI Antenna (Desc)'!E137=\"\",\"\",'AVI Antenna (Desc)'!B137)","v":""},{"$f":"IF('AVI Antenna (Desc)'!C137=\"\",\"\",'AVI Antenna (Desc)'!C137)","v":""},{"$f":"IF('AVI Antenna (Desc)'!D137=\"\",\"\",INDEX([1]ASSET_ID_SOURCE!$A$2:$A$50,MATCH('AVI Antenna (Desc)'!D137,[1]!MASTER_ASSET_ID_SOURCE_DESC,0),0))","v":""},{"$f":"IF('AVI Antenna (Desc)'!F137=\"\",\"\",'AVI Antenna (Desc)'!E137)","v":""},{"$f":"IF('AVI Antenna (Desc)'!F137=\"\",\"\",INDEX([1]ANTENNA_TYPE!$A$2:$A$100,MATCH('AVI Antenna (Desc)'!$F137,[1]!MASTER_ANTENNA_TYPE_DESC[#Data],0),0))","v":""},{"$f":"IF('AVI Antenna (Desc)'!G137=\"\",\"\",INDEX([1]ANTENNA_MANUF!$A$2:$A$100,MATCH('AVI Antenna (Desc)'!$G137,[1]!MASTER_ANTENNA_MANUF_DESC[#Data],0),0))","v":""},{"$f":"IF('AVI Antenna (Desc)'!H137=\"\",\"\",INDEX([1]ANTENNA_MODEL!$A$2:$A$50,MATCH(1,([1]ANTENNA_MODEL!$C$2:$C$50='AVI Antenna (Desc)'!$G137)*([1]ANTENNA_MODEL!$D$2:$D$50='AVI Antenna (Desc)'!$H137),0),0))","v":""},{"$f":"IF('AVI Antenna (Desc)'!I137=\"\",\"\",INDEX([1]LANE_COVERAGE!$A$2:$A$100,MATCH('AVI Antenna (Desc)'!$I137,[1]!MASTER_LANE_COVERAGE_DESC[#Data],0),0))","v":""},{"$f":"IF('AVI Antenna (Desc)'!J137=\"\",\"\",INDEX([1]LANE_DIRECTION!$A$2:$A$100,MATCH('AVI Antenna (Desc)'!$J137,[1]!MASTER_LANE_DIRECTION_DESC[#Data],0),0))","v":""}]
[{"$f":"IF('AVI Antenna (Desc)'!B138=\"\",\"\",\"2007\")","v":""},{"$f":"IF('AVI Antenna (Desc)'!E138=\"\",\"\",'AVI Antenna (Desc)'!B138)","v":""},{"$f":"IF('AVI Antenna (Desc)'!C138=\"\",\"\",'AVI Antenna (Desc)'!C138)","v":""},{"$f":"IF('AVI Antenna (Desc)'!D138=\"\",\"\",INDEX([1]ASSET_ID_SOURCE!$A$2:$A$50,MATCH('AVI Antenna (Desc)'!D138,[1]!MASTER_ASSET_ID_SOURCE_DESC,0),0))","v":""},{"$f":"IF('AVI Antenna (Desc)'!F138=\"\",\"\",'AVI Antenna (Desc)'!E138)","v":""},{"$f":"IF('AVI Antenna (Desc)'!F138=\"\",\"\",INDEX([1]ANTENNA_TYPE!$A$2:$A$100,MATCH('AVI Antenna (Desc)'!$F138,[1]!MASTER_ANTENNA_TYPE_DESC[#Data],0),0))","v":""},{"$f":"IF('AVI Antenna (Desc)'!G138=\"\",\"\",INDEX([1]ANTENNA_MANUF!$A$2:$A$100,MATCH('AVI Antenna (Desc)'!$G138,[1]!MASTER_ANTENNA_MANUF_DESC[#Data],0),0))","v":""},{"$f":"IF('AVI Antenna (Desc)'!H138=\"\",\"\",INDEX([1]ANTENNA_MODEL!$A$2:$A$50,MATCH(1,([1]ANTENNA_MODEL!$C$2:$C$50='AVI Antenna (Desc)'!$G138)*([1]ANTENNA_MODEL!$D$2:$D$50='AVI Antenna (Desc)'!$H138),0),0))","v":""},{"$f":"IF('AVI Antenna (Desc)'!I138=\"\",\"\",INDEX([1]LANE_COVERAGE!$A$2:$A$100,MATCH('AVI Antenna (Desc)'!$I138,[1]!MASTER_LANE_COVERAGE_DESC[#Data],0),0))","v":""},{"$f":"IF('AVI Antenna (Desc)'!J138=\"\",\"\",INDEX([1]LANE_DIRECTION!$A$2:$A$100,MATCH('AVI Antenna (Desc)'!$J138,[1]!MASTER_LANE_DIRECTION_DESC[#Data],0),0))","v":""}]
[{"$f":"IF('AVI Antenna (Desc)'!B139=\"\",\"\",\"2007\")","v":""},{"$f":"IF('AVI Antenna (Desc)'!E139=\"\",\"\",'AVI Antenna (Desc)'!B139)","v":""},{"$f":"IF('AVI Antenna (Desc)'!C139=\"\",\"\",'AVI Antenna (Desc)'!C139)","v":""},{"$f":"IF('AVI Antenna (Desc)'!D139=\"\",\"\",INDEX([1]ASSET_ID_SOURCE!$A$2:$A$50,MATCH('AVI Antenna (Desc)'!D139,[1]!MASTER_ASSET_ID_SOURCE_DESC,0),0))","v":""},{"$f":"IF('AVI Antenna (Desc)'!F139=\"\",\"\",'AVI Antenna (Desc)'!E139)","v":""},{"$f":"IF('AVI Antenna (Desc)'!F139=\"\",\"\",INDEX([1]ANTENNA_TYPE!$A$2:$A$100,MATCH('AVI Antenna (Desc)'!$F139,[1]!MASTER_ANTENNA_TYPE_DESC[#Data],0),0))","v":""},{"$f":"IF('AVI Antenna (Desc)'!G139=\"\",\"\",INDEX([1]ANTENNA_MANUF!$A$2:$A$100,MATCH('AVI Antenna (Desc)'!$G139,[1]!MASTER_ANTENNA_MANUF_DESC[#Data],0),0))","v":""},{"$f":"IF('AVI Antenna (Desc)'!H139=\"\",\"\",INDEX([1]ANTENNA_MODEL!$A$2:$A$50,MATCH(1,([1]ANTENNA_MODEL!$C$2:$C$50='AVI Antenna (Desc)'!$G139)*([1]ANTENNA_MODEL!$D$2:$D$50='AVI Antenna (Desc)'!$H139),0),0))","v":""},{"$f":"IF('AVI Antenna (Desc)'!I139=\"\",\"\",INDEX([1]LANE_COVERAGE!$A$2:$A$100,MATCH('AVI Antenna (Desc)'!$I139,[1]!MASTER_LANE_COVERAGE_DESC[#Data],0),0))","v":""},{"$f":"IF('AVI Antenna (Desc)'!J139=\"\",\"\",INDEX([1]LANE_DIRECTION!$A$2:$A$100,MATCH('AVI Antenna (Desc)'!$J139,[1]!MASTER_LANE_DIRECTION_DESC[#Data],0),0))","v":""}]
[{"$f":"IF('AVI Antenna (Desc)'!B140=\"\",\"\",\"2007\")","v":""},{"$f":"IF('AVI Antenna (Desc)'!E140=\"\",\"\",'AVI Antenna (Desc)'!B140)","v":""},{"$f":"IF('AVI Antenna (Desc)'!C140=\"\",\"\",'AVI Antenna (Desc)'!C140)","v":""},{"$f":"IF('AVI Antenna (Desc)'!D140=\"\",\"\",INDEX([1]ASSET_ID_SOURCE!$A$2:$A$50,MATCH('AVI Antenna (Desc)'!D140,[1]!MASTER_ASSET_ID_SOURCE_DESC,0),0))","v":""},{"$f":"IF('AVI Antenna (Desc)'!F140=\"\",\"\",'AVI Antenna (Desc)'!E140)","v":""},{"$f":"IF('AVI Antenna (Desc)'!F140=\"\",\"\",INDEX([1]ANTENNA_TYPE!$A$2:$A$100,MATCH('AVI Antenna (Desc)'!$F140,[1]!MASTER_ANTENNA_TYPE_DESC[#Data],0),0))","v":""},{"$f":"IF('AVI Antenna (Desc)'!G140=\"\",\"\",INDEX([1]ANTENNA_MANUF!$A$2:$A$100,MATCH('AVI Antenna (Desc)'!$G140,[1]!MASTER_ANTENNA_MANUF_DESC[#Data],0),0))","v":""},{"$f":"IF('AVI Antenna (Desc)'!H140=\"\",\"\",INDEX([1]ANTENNA_MODEL!$A$2:$A$50,MATCH(1,([1]ANTENNA_MODEL!$C$2:$C$50='AVI Antenna (Desc)'!$G140)*([1]ANTENNA_MODEL!$D$2:$D$50='AVI Antenna (Desc)'!$H140),0),0))","v":""},{"$f":"IF('AVI Antenna (Desc)'!I140=\"\",\"\",INDEX([1]LANE_COVERAGE!$A$2:$A$100,MATCH('AVI Antenna (Desc)'!$I140,[1]!MASTER_LANE_COVERAGE_DESC[#Data],0),0))","v":""},{"$f":"IF('AVI Antenna (Desc)'!J140=\"\",\"\",INDEX([1]LANE_DIRECTION!$A$2:$A$100,MATCH('AVI Antenna (Desc)'!$J140,[1]!MASTER_LANE_DIRECTION_DESC[#Data],0),0))","v":""}]
[{"$f":"IF('AVI Antenna (Desc)'!B141=\"\",\"\",\"2007\")","v":""},{"$f":"IF('AVI Antenna (Desc)'!E141=\"\",\"\",'AVI Antenna (Desc)'!B141)","v":""},{"$f":"IF('AVI Antenna (Desc)'!C141=\"\",\"\",'AVI Antenna (Desc)'!C141)","v":""},{"$f":"IF('AVI Antenna (Desc)'!D141=\"\",\"\",INDEX([1]ASSET_ID_SOURCE!$A$2:$A$50,MATCH('AVI Antenna (Desc)'!D141,[1]!MASTER_ASSET_ID_SOURCE_DESC,0),0))","v":""},{"$f":"IF('AVI Antenna (Desc)'!F141=\"\",\"\",'AVI Antenna (Desc)'!E141)","v":""},{"$f":"IF('AVI Antenna (Desc)'!F141=\"\",\"\",INDEX([1]ANTENNA_TYPE!$A$2:$A$100,MATCH('AVI Antenna (Desc)'!$F141,[1]!MASTER_ANTENNA_TYPE_DESC[#Data],0),0))","v":""},{"$f":"IF('AVI Antenna (Desc)'!G141=\"\",\"\",INDEX([1]ANTENNA_MANUF!$A$2:$A$100,MATCH('AVI Antenna (Desc)'!$G141,[1]!MASTER_ANTENNA_MANUF_DESC[#Data],0),0))","v":""},{"$f":"IF('AVI Antenna (Desc)'!H141=\"\",\"\",INDEX([1]ANTENNA_MODEL!$A$2:$A$50,MATCH(1,([1]ANTENNA_MODEL!$C$2:$C$50='AVI Antenna (Desc)'!$G141)*([1]ANTENNA_MODEL!$D$2:$D$50='AVI Antenna (Desc)'!$H141),0),0))","v":""},{"$f":"IF('AVI Antenna (Desc)'!I141=\"\",\"\",INDEX([1]LANE_COVERAGE!$A$2:$A$100,MATCH('AVI Antenna (Desc)'!$I141,[1]!MASTER_LANE_COVERAGE_DESC[#Data],0),0))","v":""},{"$f":"IF('AVI Antenna (Desc)'!J141=\"\",\"\",INDEX([1]LANE_DIRECTION!$A$2:$A$100,MATCH('AVI Antenna (Desc)'!$J141,[1]!MASTER_LANE_DIRECTION_DESC[#Data],0),0))","v":""}]
[{"$f":"IF('AVI Antenna (Desc)'!B142=\"\",\"\",\"2007\")","v":""},{"$f":"IF('AVI Antenna (Desc)'!E142=\"\",\"\",'AVI Antenna (Desc)'!B142)","v":""},{"$f":"IF('AVI Antenna (Desc)'!C142=\"\",\"\",'AVI Antenna (Desc)'!C142)","v":""},{"$f":"IF('AVI Antenna (Desc)'!D142=\"\",\"\",INDEX([1]ASSET_ID_SOURCE!$A$2:$A$50,MATCH('AVI Antenna (Desc)'!D142,[1]!MASTER_ASSET_ID_SOURCE_DESC,0),0))","v":""},{"$f":"IF('AVI Antenna (Desc)'!F142=\"\",\"\",'AVI Antenna (Desc)'!E142)","v":""},{"$f":"IF('AVI Antenna (Desc)'!F142=\"\",\"\",INDEX([1]ANTENNA_TYPE!$A$2:$A$100,MATCH('AVI Antenna (Desc)'!$F142,[1]!MASTER_ANTENNA_TYPE_DESC[#Data],0),0))","v":""},{"$f":"IF('AVI Antenna (Desc)'!G142=\"\",\"\",INDEX([1]ANTENNA_MANUF!$A$2:$A$100,MATCH('AVI Antenna (Desc)'!$G142,[1]!MASTER_ANTENNA_MANUF_DESC[#Data],0),0))","v":""},{"$f":"IF('AVI Antenna (Desc)'!H142=\"\",\"\",INDEX([1]ANTENNA_MODEL!$A$2:$A$50,MATCH(1,([1]ANTENNA_MODEL!$C$2:$C$50='AVI Antenna (Desc)'!$G142)*([1]ANTENNA_MODEL!$D$2:$D$50='AVI Antenna (Desc)'!$H142),0),0))","v":""},{"$f":"IF('AVI Antenna (Desc)'!I142=\"\",\"\",INDEX([1]LANE_COVERAGE!$A$2:$A$100,MATCH('AVI Antenna (Desc)'!$I142,[1]!MASTER_LANE_COVERAGE_DESC[#Data],0),0))","v":""},{"$f":"IF('AVI Antenna (Desc)'!J142=\"\",\"\",INDEX([1]LANE_DIRECTION!$A$2:$A$100,MATCH('AVI Antenna (Desc)'!$J142,[1]!MASTER_LANE_DIRECTION_DESC[#Data],0),0))","v":""}]
[{"$f":"IF('AVI Antenna (Desc)'!B143=\"\",\"\",\"2007\")","v":""},{"$f":"IF('AVI Antenna (Desc)'!E143=\"\",\"\",'AVI Antenna (Desc)'!B143)","v":""},{"$f":"IF('AVI Antenna (Desc)'!C143=\"\",\"\",'AVI Antenna (Desc)'!C143)","v":""},{"$f":"IF('AVI Antenna (Desc)'!D143=\"\",\"\",INDEX([1]ASSET_ID_SOURCE!$A$2:$A$50,MATCH('AVI Antenna (Desc)'!D143,[1]!MASTER_ASSET_ID_SOURCE_DESC,0),0))","v":""},{"$f":"IF('AVI Antenna (Desc)'!F143=\"\",\"\",'AVI Antenna (Desc)'!E143)","v":""},{"$f":"IF('AVI Antenna (Desc)'!F143=\"\",\"\",INDEX([1]ANTENNA_TYPE!$A$2:$A$100,MATCH('AVI Antenna (Desc)'!$F143,[1]!MASTER_ANTENNA_TYPE_DESC[#Data],0),0))","v":""},{"$f":"IF('AVI Antenna (Desc)'!G143=\"\",\"\",INDEX([1]ANTENNA_MANUF!$A$2:$A$100,MATCH('AVI Antenna (Desc)'!$G143,[1]!MASTER_ANTENNA_MANUF_DESC[#Data],0),0))","v":""},{"$f":"IF('AVI Antenna (Desc)'!H143=\"\",\"\",INDEX([1]ANTENNA_MODEL!$A$2:$A$50,MATCH(1,([1]ANTENNA_MODEL!$C$2:$C$50='AVI Antenna (Desc)'!$G143)*([1]ANTENNA_MODEL!$D$2:$D$50='AVI Antenna (Desc)'!$H143),0),0))","v":""},{"$f":"IF('AVI Antenna (Desc)'!I143=\"\",\"\",INDEX([1]LANE_COVERAGE!$A$2:$A$100,MATCH('AVI Antenna (Desc)'!$I143,[1]!MASTER_LANE_COVERAGE_DESC[#Data],0),0))","v":""},{"$f":"IF('AVI Antenna (Desc)'!J143=\"\",\"\",INDEX([1]LANE_DIRECTION!$A$2:$A$100,MATCH('AVI Antenna (Desc)'!$J143,[1]!MASTER_LANE_DIRECTION_DESC[#Data],0),0))","v":""}]
[{"$f":"IF('AVI Antenna (Desc)'!B144=\"\",\"\",\"2007\")","v":""},{"$f":"IF('AVI Antenna (Desc)'!E144=\"\",\"\",'AVI Antenna (Desc)'!B144)","v":""},{"$f":"IF('AVI Antenna (Desc)'!C144=\"\",\"\",'AVI Antenna (Desc)'!C144)","v":""},{"$f":"IF('AVI Antenna (Desc)'!D144=\"\",\"\",INDEX([1]ASSET_ID_SOURCE!$A$2:$A$50,MATCH('AVI Antenna (Desc)'!D144,[1]!MASTER_ASSET_ID_SOURCE_DESC,0),0))","v":""},{"$f":"IF('AVI Antenna (Desc)'!F144=\"\",\"\",'AVI Antenna (Desc)'!E144)","v":""},{"$f":"IF('AVI Antenna (Desc)'!F144=\"\",\"\",INDEX([1]ANTENNA_TYPE!$A$2:$A$100,MATCH('AVI Antenna (Desc)'!$F144,[1]!MASTER_ANTENNA_TYPE_DESC[#Data],0),0))","v":""},{"$f":"IF('AVI Antenna (Desc)'!G144=\"\",\"\",INDEX([1]ANTENNA_MANUF!$A$2:$A$100,MATCH('AVI Antenna (Desc)'!$G144,[1]!MASTER_ANTENNA_MANUF_DESC[#Data],0),0))","v":""},{"$f":"IF('AVI Antenna (Desc)'!H144=\"\",\"\",INDEX([1]ANTENNA_MODEL!$A$2:$A$50,MATCH(1,([1]ANTENNA_MODEL!$C$2:$C$50='AVI Antenna (Desc)'!$G144)*([1]ANTENNA_MODEL!$D$2:$D$50='AVI Antenna (Desc)'!$H144),0),0))","v":""},{"$f":"IF('AVI Antenna (Desc)'!I144=\"\",\"\",INDEX([1]LANE_COVERAGE!$A$2:$A$100,MATCH('AVI Antenna (Desc)'!$I144,[1]!MASTER_LANE_COVERAGE_DESC[#Data],0),0))","v":""},{"$f":"IF('AVI Antenna (Desc)'!J144=\"\",\"\",INDEX([1]LANE_DIRECTION!$A$2:$A$100,MATCH('AVI Antenna (Desc)'!$J144,[1]!MASTER_LANE_DIRECTION_DESC[#Data],0),0))","v":""}]
[{"$f":"IF('AVI Antenna (Desc)'!B145=\"\",\"\",\"2007\")","v":""},{"$f":"IF('AVI Antenna (Desc)'!E145=\"\",\"\",'AVI Antenna (Desc)'!B145)","v":""},{"$f":"IF('AVI Antenna (Desc)'!C145=\"\",\"\",'AVI Antenna (Desc)'!C145)","v":""},{"$f":"IF('AVI Antenna (Desc)'!D145=\"\",\"\",INDEX([1]ASSET_ID_SOURCE!$A$2:$A$50,MATCH('AVI Antenna (Desc)'!D145,[1]!MASTER_ASSET_ID_SOURCE_DESC,0),0))","v":""},{"$f":"IF('AVI Antenna (Desc)'!F145=\"\",\"\",'AVI Antenna (Desc)'!E145)","v":""},{"$f":"IF('AVI Antenna (Desc)'!F145=\"\",\"\",INDEX([1]ANTENNA_TYPE!$A$2:$A$100,MATCH('AVI Antenna (Desc)'!$F145,[1]!MASTER_ANTENNA_TYPE_DESC[#Data],0),0))","v":""},{"$f":"IF('AVI Antenna (Desc)'!G145=\"\",\"\",INDEX([1]ANTENNA_MANUF!$A$2:$A$100,MATCH('AVI Antenna (Desc)'!$G145,[1]!MASTER_ANTENNA_MANUF_DESC[#Data],0),0))","v":""},{"$f":"IF('AVI Antenna (Desc)'!H145=\"\",\"\",INDEX([1]ANTENNA_MODEL!$A$2:$A$50,MATCH(1,([1]ANTENNA_MODEL!$C$2:$C$50='AVI Antenna (Desc)'!$G145)*([1]ANTENNA_MODEL!$D$2:$D$50='AVI Antenna (Desc)'!$H145),0),0))","v":""},{"$f":"IF('AVI Antenna (Desc)'!I145=\"\",\"\",INDEX([1]LANE_COVERAGE!$A$2:$A$100,MATCH('AVI Antenna (Desc)'!$I145,[1]!MASTER_LANE_COVERAGE_DESC[#Data],0),0))","v":""},{"$f":"IF('AVI Antenna (Desc)'!J145=\"\",\"\",INDEX([1]LANE_DIRECTION!$A$2:$A$100,MATCH('AVI Antenna (Desc)'!$J145,[1]!MASTER_LANE_DIRECTION_DESC[#Data],0),0))","v":""}]
[{"$f":"IF('AVI Antenna (Desc)'!B146=\"\",\"\",\"2007\")","v":""},{"$f":"IF('AVI Antenna (Desc)'!E146=\"\",\"\",'AVI Antenna (Desc)'!B146)","v":""},{"$f":"IF('AVI Antenna (Desc)'!C146=\"\",\"\",'AVI Antenna (Desc)'!C146)","v":""},{"$f":"IF('AVI Antenna (Desc)'!D146=\"\",\"\",INDEX([1]ASSET_ID_SOURCE!$A$2:$A$50,MATCH('AVI Antenna (Desc)'!D146,[1]!MASTER_ASSET_ID_SOURCE_DESC,0),0))","v":""},{"$f":"IF('AVI Antenna (Desc)'!F146=\"\",\"\",'AVI Antenna (Desc)'!E146)","v":""},{"$f":"IF('AVI Antenna (Desc)'!F146=\"\",\"\",INDEX([1]ANTENNA_TYPE!$A$2:$A$100,MATCH('AVI Antenna (Desc)'!$F146,[1]!MASTER_ANTENNA_TYPE_DESC[#Data],0),0))","v":""},{"$f":"IF('AVI Antenna (Desc)'!G146=\"\",\"\",INDEX([1]ANTENNA_MANUF!$A$2:$A$100,MATCH('AVI Antenna (Desc)'!$G146,[1]!MASTER_ANTENNA_MANUF_DESC[#Data],0),0))","v":""},{"$f":"IF('AVI Antenna (Desc)'!H146=\"\",\"\",INDEX([1]ANTENNA_MODEL!$A$2:$A$50,MATCH(1,([1]ANTENNA_MODEL!$C$2:$C$50='AVI Antenna (Desc)'!$G146)*([1]ANTENNA_MODEL!$D$2:$D$50='AVI Antenna (Desc)'!$H146),0),0))","v":""},{"$f":"IF('AVI Antenna (Desc)'!I146=\"\",\"\",INDEX([1]LANE_COVERAGE!$A$2:$A$100,MATCH('AVI Antenna (Desc)'!$I146,[1]!MASTER_LANE_COVERAGE_DESC[#Data],0),0))","v":""},{"$f":"IF('AVI Antenna (Desc)'!J146=\"\",\"\",INDEX([1]LANE_DIRECTION!$A$2:$A$100,MATCH('AVI Antenna (Desc)'!$J146,[1]!MASTER_LANE_DIRECTION_DESC[#Data],0),0))","v":""}]
[{"$f":"IF('AVI Antenna (Desc)'!B147=\"\",\"\",\"2007\")","v":""},{"$f":"IF('AVI Antenna (Desc)'!E147=\"\",\"\",'AVI Antenna (Desc)'!B147)","v":""},{"$f":"IF('AVI Antenna (Desc)'!C147=\"\",\"\",'AVI Antenna (Desc)'!C147)","v":""},{"$f":"IF('AVI Antenna (Desc)'!D147=\"\",\"\",INDEX([1]ASSET_ID_SOURCE!$A$2:$A$50,MATCH('AVI Antenna (Desc)'!D147,[1]!MASTER_ASSET_ID_SOURCE_DESC,0),0))","v":""},{"$f":"IF('AVI Antenna (Desc)'!F147=\"\",\"\",'AVI Antenna (Desc)'!E147)","v":""},{"$f":"IF('AVI Antenna (Desc)'!F147=\"\",\"\",INDEX([1]ANTENNA_TYPE!$A$2:$A$100,MATCH('AVI Antenna (Desc)'!$F147,[1]!MASTER_ANTENNA_TYPE_DESC[#Data],0),0))","v":""},{"$f":"IF('AVI Antenna (Desc)'!G147=\"\",\"\",INDEX([1]ANTENNA_MANUF!$A$2:$A$100,MATCH('AVI Antenna (Desc)'!$G147,[1]!MASTER_ANTENNA_MANUF_DESC[#Data],0),0))","v":""},{"$f":"IF('AVI Antenna (Desc)'!H147=\"\",\"\",INDEX([1]ANTENNA_MODEL!$A$2:$A$50,MATCH(1,([1]ANTENNA_MODEL!$C$2:$C$50='AVI Antenna (Desc)'!$G147)*([1]ANTENNA_MODEL!$D$2:$D$50='AVI Antenna (Desc)'!$H147),0),0))","v":""},{"$f":"IF('AVI Antenna (Desc)'!I147=\"\",\"\",INDEX([1]LANE_COVERAGE!$A$2:$A$100,MATCH('AVI Antenna (Desc)'!$I147,[1]!MASTER_LANE_COVERAGE_DESC[#Data],0),0))","v":""},{"$f":"IF('AVI Antenna (Desc)'!J147=\"\",\"\",INDEX([1]LANE_DIRECTION!$A$2:$A$100,MATCH('AVI Antenna (Desc)'!$J147,[1]!MASTER_LANE_DIRECTION_DESC[#Data],0),0))","v":""}]
[{"$f":"IF('AVI Antenna (Desc)'!B148=\"\",\"\",\"2007\")","v":""},{"$f":"IF('AVI Antenna (Desc)'!E148=\"\",\"\",'AVI Antenna (Desc)'!B148)","v":""},{"$f":"IF('AVI Antenna (Desc)'!C148=\"\",\"\",'AVI Antenna (Desc)'!C148)","v":""},{"$f":"IF('AVI Antenna (Desc)'!D148=\"\",\"\",INDEX([1]ASSET_ID_SOURCE!$A$2:$A$50,MATCH('AVI Antenna (Desc)'!D148,[1]!MASTER_ASSET_ID_SOURCE_DESC,0),0))","v":""},{"$f":"IF('AVI Antenna (Desc)'!F148=\"\",\"\",'AVI Antenna (Desc)'!E148)","v":""},{"$f":"IF('AVI Antenna (Desc)'!F148=\"\",\"\",INDEX([1]ANTENNA_TYPE!$A$2:$A$100,MATCH('AVI Antenna (Desc)'!$F148,[1]!MASTER_ANTENNA_TYPE_DESC[#Data],0),0))","v":""},{"$f":"IF('AVI Antenna (Desc)'!G148=\"\",\"\",INDEX([1]ANTENNA_MANUF!$A$2:$A$100,MATCH('AVI Antenna (Desc)'!$G148,[1]!MASTER_ANTENNA_MANUF_DESC[#Data],0),0))","v":""},{"$f":"IF('AVI Antenna (Desc)'!H148=\"\",\"\",INDEX([1]ANTENNA_MODEL!$A$2:$A$50,MATCH(1,([1]ANTENNA_MODEL!$C$2:$C$50='AVI Antenna (Desc)'!$G148)*([1]ANTENNA_MODEL!$D$2:$D$50='AVI Antenna (Desc)'!$H148),0),0))","v":""},{"$f":"IF('AVI Antenna (Desc)'!I148=\"\",\"\",INDEX([1]LANE_COVERAGE!$A$2:$A$100,MATCH('AVI Antenna (Desc)'!$I148,[1]!MASTER_LANE_COVERAGE_DESC[#Data],0),0))","v":""},{"$f":"IF('AVI Antenna (Desc)'!J148=\"\",\"\",INDEX([1]LANE_DIRECTION!$A$2:$A$100,MATCH('AVI Antenna (Desc)'!$J148,[1]!MASTER_LANE_DIRECTION_DESC[#Data],0),0))","v":""}]
[{"$f":"IF('AVI Antenna (Desc)'!B149=\"\",\"\",\"2007\")","v":""},{"$f":"IF('AVI Antenna (Desc)'!E149=\"\",\"\",'AVI Antenna (Desc)'!B149)","v":""},{"$f":"IF('AVI Antenna (Desc)'!C149=\"\",\"\",'AVI Antenna (Desc)'!C149)","v":""},{"$f":"IF('AVI Antenna (Desc)'!D149=\"\",\"\",INDEX([1]ASSET_ID_SOURCE!$A$2:$A$50,MATCH('AVI Antenna (Desc)'!D149,[1]!MASTER_ASSET_ID_SOURCE_DESC,0),0))","v":""},{"$f":"IF('AVI Antenna (Desc)'!F149=\"\",\"\",'AVI Antenna (Desc)'!E149)","v":""},{"$f":"IF('AVI Antenna (Desc)'!F149=\"\",\"\",INDEX([1]ANTENNA_TYPE!$A$2:$A$100,MATCH('AVI Antenna (Desc)'!$F149,[1]!MASTER_ANTENNA_TYPE_DESC[#Data],0),0))","v":""},{"$f":"IF('AVI Antenna (Desc)'!G149=\"\",\"\",INDEX([1]ANTENNA_MANUF!$A$2:$A$100,MATCH('AVI Antenna (Desc)'!$G149,[1]!MASTER_ANTENNA_MANUF_DESC[#Data],0),0))","v":""},{"$f":"IF('AVI Antenna (Desc)'!H149=\"\",\"\",INDEX([1]ANTENNA_MODEL!$A$2:$A$50,MATCH(1,([1]ANTENNA_MODEL!$C$2:$C$50='AVI Antenna (Desc)'!$G149)*([1]ANTENNA_MODEL!$D$2:$D$50='AVI Antenna (Desc)'!$H149),0),0))","v":""},{"$f":"IF('AVI Antenna (Desc)'!I149=\"\",\"\",INDEX([1]LANE_COVERAGE!$A$2:$A$100,MATCH('AVI Antenna (Desc)'!$I149,[1]!MASTER_LANE_COVERAGE_DESC[#Data],0),0))","v":""},{"$f":"IF('AVI Antenna (Desc)'!J149=\"\",\"\",INDEX([1]LANE_DIRECTION!$A$2:$A$100,MATCH('AVI Antenna (Desc)'!$J149,[1]!MASTER_LANE_DIRECTION_DESC[#Data],0),0))","v":""}]
[{"$f":"IF('AVI Antenna (Desc)'!B150=\"\",\"\",\"2007\")","v":""},{"$f":"IF('AVI Antenna (Desc)'!E150=\"\",\"\",'AVI Antenna (Desc)'!B150)","v":""},{"$f":"IF('AVI Antenna (Desc)'!C150=\"\",\"\",'AVI Antenna (Desc)'!C150)","v":""},{"$f":"IF('AVI Antenna (Desc)'!D150=\"\",\"\",INDEX([1]ASSET_ID_SOURCE!$A$2:$A$50,MATCH('AVI Antenna (Desc)'!D150,[1]!MASTER_ASSET_ID_SOURCE_DESC,0),0))","v":""},{"$f":"IF('AVI Antenna (Desc)'!F150=\"\",\"\",'AVI Antenna (Desc)'!E150)","v":""},{"$f":"IF('AVI Antenna (Desc)'!F150=\"\",\"\",INDEX([1]ANTENNA_TYPE!$A$2:$A$100,MATCH('AVI Antenna (Desc)'!$F150,[1]!MASTER_ANTENNA_TYPE_DESC[#Data],0),0))","v":""},{"$f":"IF('AVI Antenna (Desc)'!G150=\"\",\"\",INDEX([1]ANTENNA_MANUF!$A$2:$A$100,MATCH('AVI Antenna (Desc)'!$G150,[1]!MASTER_ANTENNA_MANUF_DESC[#Data],0),0))","v":""},{"$f":"IF('AVI Antenna (Desc)'!H150=\"\",\"\",INDEX([1]ANTENNA_MODEL!$A$2:$A$50,MATCH(1,([1]ANTENNA_MODEL!$C$2:$C$50='AVI Antenna (Desc)'!$G150)*([1]ANTENNA_MODEL!$D$2:$D$50='AVI Antenna (Desc)'!$H150),0),0))","v":""},{"$f":"IF('AVI Antenna (Desc)'!I150=\"\",\"\",INDEX([1]LANE_COVERAGE!$A$2:$A$100,MATCH('AVI Antenna (Desc)'!$I150,[1]!MASTER_LANE_COVERAGE_DESC[#Data],0),0))","v":""},{"$f":"IF('AVI Antenna (Desc)'!J150=\"\",\"\",INDEX([1]LANE_DIRECTION!$A$2:$A$100,MATCH('AVI Antenna (Desc)'!$J150,[1]!MASTER_LANE_DIRECTION_DESC[#Data],0),0))","v":""}]
[{"$f":"IF('AVI Antenna (Desc)'!B151=\"\",\"\",\"2007\")","v":""},{"$f":"IF('AVI Antenna (Desc)'!E151=\"\",\"\",'AVI Antenna (Desc)'!B151)","v":""},{"$f":"IF('AVI Antenna (Desc)'!C151=\"\",\"\",'AVI Antenna (Desc)'!C151)","v":""},{"$f":"IF('AVI Antenna (Desc)'!D151=\"\",\"\",INDEX([1]ASSET_ID_SOURCE!$A$2:$A$50,MATCH('AVI Antenna (Desc)'!D151,[1]!MASTER_ASSET_ID_SOURCE_DESC,0),0))","v":""},{"$f":"IF('AVI Antenna (Desc)'!F151=\"\",\"\",'AVI Antenna (Desc)'!E151)","v":""},{"$f":"IF('AVI Antenna (Desc)'!F151=\"\",\"\",INDEX([1]ANTENNA_TYPE!$A$2:$A$100,MATCH('AVI Antenna (Desc)'!$F151,[1]!MASTER_ANTENNA_TYPE_DESC[#Data],0),0))","v":""},{"$f":"IF('AVI Antenna (Desc)'!G151=\"\",\"\",INDEX([1]ANTENNA_MANUF!$A$2:$A$100,MATCH('AVI Antenna (Desc)'!$G151,[1]!MASTER_ANTENNA_MANUF_DESC[#Data],0),0))","v":""},{"$f":"IF('AVI Antenna (Desc)'!H151=\"\",\"\",INDEX([1]ANTENNA_MODEL!$A$2:$A$50,MATCH(1,([1]ANTENNA_MODEL!$C$2:$C$50='AVI Antenna (Desc)'!$G151)*([1]ANTENNA_MODEL!$D$2:$D$50='AVI Antenna (Desc)'!$H151),0),0))","v":""},{"$f":"IF('AVI Antenna (Desc)'!I151=\"\",\"\",INDEX([1]LANE_COVERAGE!$A$2:$A$100,MATCH('AVI Antenna (Desc)'!$I151,[1]!MASTER_LANE_COVERAGE_DESC[#Data],0),0))","v":""},{"$f":"IF('AVI Antenna (Desc)'!J151=\"\",\"\",INDEX([1]LANE_DIRECTION!$A$2:$A$100,MATCH('AVI Antenna (Desc)'!$J151,[1]!MASTER_LANE_DIRECTION_DESC[#Data],0),0))","v":""}]
[{"$f":"IF('AVI Antenna (Desc)'!B152=\"\",\"\",\"2007\")","v":""},{"$f":"IF('AVI Antenna (Desc)'!E152=\"\",\"\",'AVI Antenna (Desc)'!B152)","v":""},{"$f":"IF('AVI Antenna (Desc)'!C152=\"\",\"\",'AVI Antenna (Desc)'!C152)","v":""},{"$f":"IF('AVI Antenna (Desc)'!D152=\"\",\"\",INDEX([1]ASSET_ID_SOURCE!$A$2:$A$50,MATCH('AVI Antenna (Desc)'!D152,[1]!MASTER_ASSET_ID_SOURCE_DESC,0),0))","v":""},{"$f":"IF('AVI Antenna (Desc)'!F152=\"\",\"\",'AVI Antenna (Desc)'!E152)","v":""},{"$f":"IF('AVI Antenna (Desc)'!F152=\"\",\"\",INDEX([1]ANTENNA_TYPE!$A$2:$A$100,MATCH('AVI Antenna (Desc)'!$F152,[1]!MASTER_ANTENNA_TYPE_DESC[#Data],0),0))","v":""},{"$f":"IF('AVI Antenna (Desc)'!G152=\"\",\"\",INDEX([1]ANTENNA_MANUF!$A$2:$A$100,MATCH('AVI Antenna (Desc)'!$G152,[1]!MASTER_ANTENNA_MANUF_DESC[#Data],0),0))","v":""},{"$f":"IF('AVI Antenna (Desc)'!H152=\"\",\"\",INDEX([1]ANTENNA_MODEL!$A$2:$A$50,MATCH(1,([1]ANTENNA_MODEL!$C$2:$C$50='AVI Antenna (Desc)'!$G152)*([1]ANTENNA_MODEL!$D$2:$D$50='AVI Antenna (Desc)'!$H152),0),0))","v":""},{"$f":"IF('AVI Antenna (Desc)'!I152=\"\",\"\",INDEX([1]LANE_COVERAGE!$A$2:$A$100,MATCH('AVI Antenna (Desc)'!$I152,[1]!MASTER_LANE_COVERAGE_DESC[#Data],0),0))","v":""},{"$f":"IF('AVI Antenna (Desc)'!J152=\"\",\"\",INDEX([1]LANE_DIRECTION!$A$2:$A$100,MATCH('AVI Antenna (Desc)'!$J152,[1]!MASTER_LANE_DIRECTION_DESC[#Data],0),0))","v":""}]
[{"$f":"IF('AVI Antenna (Desc)'!B153=\"\",\"\",\"2007\")","v":""},{"$f":"IF('AVI Antenna (Desc)'!E153=\"\",\"\",'AVI Antenna (Desc)'!B153)","v":""},{"$f":"IF('AVI Antenna (Desc)'!C153=\"\",\"\",'AVI Antenna (Desc)'!C153)","v":""},{"$f":"IF('AVI Antenna (Desc)'!D153=\"\",\"\",INDEX([1]ASSET_ID_SOURCE!$A$2:$A$50,MATCH('AVI Antenna (Desc)'!D153,[1]!MASTER_ASSET_ID_SOURCE_DESC,0),0))","v":""},{"$f":"IF('AVI Antenna (Desc)'!F153=\"\",\"\",'AVI Antenna (Desc)'!E153)","v":""},{"$f":"IF('AVI Antenna (Desc)'!F153=\"\",\"\",INDEX([1]ANTENNA_TYPE!$A$2:$A$100,MATCH('AVI Antenna (Desc)'!$F153,[1]!MASTER_ANTENNA_TYPE_DESC[#Data],0),0))","v":""},{"$f":"IF('AVI Antenna (Desc)'!G153=\"\",\"\",INDEX([1]ANTENNA_MANUF!$A$2:$A$100,MATCH('AVI Antenna (Desc)'!$G153,[1]!MASTER_ANTENNA_MANUF_DESC[#Data],0),0))","v":""},{"$f":"IF('AVI Antenna (Desc)'!H153=\"\",\"\",INDEX([1]ANTENNA_MODEL!$A$2:$A$50,MATCH(1,([1]ANTENNA_MODEL!$C$2:$C$50='AVI Antenna (Desc)'!$G153)*([1]ANTENNA_MODEL!$D$2:$D$50='AVI Antenna (Desc)'!$H153),0),0))","v":""},{"$f":"IF('AVI Antenna (Desc)'!I153=\"\",\"\",INDEX([1]LANE_COVERAGE!$A$2:$A$100,MATCH('AVI Antenna (Desc)'!$I153,[1]!MASTER_LANE_COVERAGE_DESC[#Data],0),0))","v":""},{"$f":"IF('AVI Antenna (Desc)'!J153=\"\",\"\",INDEX([1]LANE_DIRECTION!$A$2:$A$100,MATCH('AVI Antenna (Desc)'!$J153,[1]!MASTER_LANE_DIRECTION_DESC[#Data],0),0))","v":""}]
[{"$f":"IF('AVI Antenna (Desc)'!B154=\"\",\"\",\"2007\")","v":""},{"$f":"IF('AVI Antenna (Desc)'!E154=\"\",\"\",'AVI Antenna (Desc)'!B154)","v":""},{"$f":"IF('AVI Antenna (Desc)'!C154=\"\",\"\",'AVI Antenna (Desc)'!C154)","v":""},{"$f":"IF('AVI Antenna (Desc)'!D154=\"\",\"\",INDEX([1]ASSET_ID_SOURCE!$A$2:$A$50,MATCH('AVI Antenna (Desc)'!D154,[1]!MASTER_ASSET_ID_SOURCE_DESC,0),0))","v":""},{"$f":"IF('AVI Antenna (Desc)'!F154=\"\",\"\",'AVI Antenna (Desc)'!E154)","v":""},{"$f":"IF('AVI Antenna (Desc)'!F154=\"\",\"\",INDEX([1]ANTENNA_TYPE!$A$2:$A$100,MATCH('AVI Antenna (Desc)'!$F154,[1]!MASTER_ANTENNA_TYPE_DESC[#Data],0),0))","v":""},{"$f":"IF('AVI Antenna (Desc)'!G154=\"\",\"\",INDEX([1]ANTENNA_MANUF!$A$2:$A$100,MATCH('AVI Antenna (Desc)'!$G154,[1]!MASTER_ANTENNA_MANUF_DESC[#Data],0),0))","v":""},{"$f":"IF('AVI Antenna (Desc)'!H154=\"\",\"\",INDEX([1]ANTENNA_MODEL!$A$2:$A$50,MATCH(1,([1]ANTENNA_MODEL!$C$2:$C$50='AVI Antenna (Desc)'!$G154)*([1]ANTENNA_MODEL!$D$2:$D$50='AVI Antenna (Desc)'!$H154),0),0))","v":""},{"$f":"IF('AVI Antenna (Desc)'!I154=\"\",\"\",INDEX([1]LANE_COVERAGE!$A$2:$A$100,MATCH('AVI Antenna (Desc)'!$I154,[1]!MASTER_LANE_COVERAGE_DESC[#Data],0),0))","v":""},{"$f":"IF('AVI Antenna (Desc)'!J154=\"\",\"\",INDEX([1]LANE_DIRECTION!$A$2:$A$100,MATCH('AVI Antenna (Desc)'!$J154,[1]!MASTER_LANE_DIRECTION_DESC[#Data],0),0))","v":""}]
[{"$f":"IF('AVI Antenna (Desc)'!B155=\"\",\"\",\"2007\")","v":""},{"$f":"IF('AVI Antenna (Desc)'!E155=\"\",\"\",'AVI Antenna (Desc)'!B155)","v":""},{"$f":"IF('AVI Antenna (Desc)'!C155=\"\",\"\",'AVI Antenna (Desc)'!C155)","v":""},{"$f":"IF('AVI Antenna (Desc)'!D155=\"\",\"\",INDEX([1]ASSET_ID_SOURCE!$A$2:$A$50,MATCH('AVI Antenna (Desc)'!D155,[1]!MASTER_ASSET_ID_SOURCE_DESC,0),0))","v":""},{"$f":"IF('AVI Antenna (Desc)'!F155=\"\",\"\",'AVI Antenna (Desc)'!E155)","v":""},{"$f":"IF('AVI Antenna (Desc)'!F155=\"\",\"\",INDEX([1]ANTENNA_TYPE!$A$2:$A$100,MATCH('AVI Antenna (Desc)'!$F155,[1]!MASTER_ANTENNA_TYPE_DESC[#Data],0),0))","v":""},{"$f":"IF('AVI Antenna (Desc)'!G155=\"\",\"\",INDEX([1]ANTENNA_MANUF!$A$2:$A$100,MATCH('AVI Antenna (Desc)'!$G155,[1]!MASTER_ANTENNA_MANUF_DESC[#Data],0),0))","v":""},{"$f":"IF('AVI Antenna (Desc)'!H155=\"\",\"\",INDEX([1]ANTENNA_MODEL!$A$2:$A$50,MATCH(1,([1]ANTENNA_MODEL!$C$2:$C$50='AVI Antenna (Desc)'!$G155)*([1]ANTENNA_MODEL!$D$2:$D$50='AVI Antenna (Desc)'!$H155),0),0))","v":""},{"$f":"IF('AVI Antenna (Desc)'!I155=\"\",\"\",INDEX([1]LANE_COVERAGE!$A$2:$A$100,MATCH('AVI Antenna (Desc)'!$I155,[1]!MASTER_LANE_COVERAGE_DESC[#Data],0),0))","v":""},{"$f":"IF('AVI Antenna (Desc)'!J155=\"\",\"\",INDEX([1]LANE_DIRECTION!$A$2:$A$100,MATCH('AVI Antenna (Desc)'!$J155,[1]!MASTER_LANE_DIRECTION_DESC[#Data],0),0))","v":""}]
[{"$f":"IF('AVI Antenna (Desc)'!B156=\"\",\"\",\"2007\")","v":""},{"$f":"IF('AVI Antenna (Desc)'!E156=\"\",\"\",'AVI Antenna (Desc)'!B156)","v":""},{"$f":"IF('AVI Antenna (Desc)'!C156=\"\",\"\",'AVI Antenna (Desc)'!C156)","v":""},{"$f":"IF('AVI Antenna (Desc)'!D156=\"\",\"\",INDEX([1]ASSET_ID_SOURCE!$A$2:$A$50,MATCH('AVI Antenna (Desc)'!D156,[1]!MASTER_ASSET_ID_SOURCE_DESC,0),0))","v":""},{"$f":"IF('AVI Antenna (Desc)'!F156=\"\",\"\",'AVI Antenna (Desc)'!E156)","v":""},{"$f":"IF('AVI Antenna (Desc)'!F156=\"\",\"\",INDEX([1]ANTENNA_TYPE!$A$2:$A$100,MATCH('AVI Antenna (Desc)'!$F156,[1]!MASTER_ANTENNA_TYPE_DESC[#Data],0),0))","v":""},{"$f":"IF('AVI Antenna (Desc)'!G156=\"\",\"\",INDEX([1]ANTENNA_MANUF!$A$2:$A$100,MATCH('AVI Antenna (Desc)'!$G156,[1]!MASTER_ANTENNA_MANUF_DESC[#Data],0),0))","v":""},{"$f":"IF('AVI Antenna (Desc)'!H156=\"\",\"\",INDEX([1]ANTENNA_MODEL!$A$2:$A$50,MATCH(1,([1]ANTENNA_MODEL!$C$2:$C$50='AVI Antenna (Desc)'!$G156)*([1]ANTENNA_MODEL!$D$2:$D$50='AVI Antenna (Desc)'!$H156),0),0))","v":""},{"$f":"IF('AVI Antenna (Desc)'!I156=\"\",\"\",INDEX([1]LANE_COVERAGE!$A$2:$A$100,MATCH('AVI Antenna (Desc)'!$I156,[1]!MASTER_LANE_COVERAGE_DESC[#Data],0),0))","v":""},{"$f":"IF('AVI Antenna (Desc)'!J156=\"\",\"\",INDEX([1]LANE_DIRECTION!$A$2:$A$100,MATCH('AVI Antenna (Desc)'!$J156,[1]!MASTER_LANE_DIRECTION_DESC[#Data],0),0))","v":""}]
[{"$f":"IF('AVI Antenna (Desc)'!B157=\"\",\"\",\"2007\")","v":""},{"$f":"IF('AVI Antenna (Desc)'!E157=\"\",\"\",'AVI Antenna (Desc)'!B157)","v":""},{"$f":"IF('AVI Antenna (Desc)'!C157=\"\",\"\",'AVI Antenna (Desc)'!C157)","v":""},{"$f":"IF('AVI Antenna (Desc)'!D157=\"\",\"\",INDEX([1]ASSET_ID_SOURCE!$A$2:$A$50,MATCH('AVI Antenna (Desc)'!D157,[1]!MASTER_ASSET_ID_SOURCE_DESC,0),0))","v":""},{"$f":"IF('AVI Antenna (Desc)'!F157=\"\",\"\",'AVI Antenna (Desc)'!E157)","v":""},{"$f":"IF('AVI Antenna (Desc)'!F157=\"\",\"\",INDEX([1]ANTENNA_TYPE!$A$2:$A$100,MATCH('AVI Antenna (Desc)'!$F157,[1]!MASTER_ANTENNA_TYPE_DESC[#Data],0),0))","v":""},{"$f":"IF('AVI Antenna (Desc)'!G157=\"\",\"\",INDEX([1]ANTENNA_MANUF!$A$2:$A$100,MATCH('AVI Antenna (Desc)'!$G157,[1]!MASTER_ANTENNA_MANUF_DESC[#Data],0),0))","v":""},{"$f":"IF('AVI Antenna (Desc)'!H157=\"\",\"\",INDEX([1]ANTENNA_MODEL!$A$2:$A$50,MATCH(1,([1]ANTENNA_MODEL!$C$2:$C$50='AVI Antenna (Desc)'!$G157)*([1]ANTENNA_MODEL!$D$2:$D$50='AVI Antenna (Desc)'!$H157),0),0))","v":""},{"$f":"IF('AVI Antenna (Desc)'!I157=\"\",\"\",INDEX([1]LANE_COVERAGE!$A$2:$A$100,MATCH('AVI Antenna (Desc)'!$I157,[1]!MASTER_LANE_COVERAGE_DESC[#Data],0),0))","v":""},{"$f":"IF('AVI Antenna (Desc)'!J157=\"\",\"\",INDEX([1]LANE_DIRECTION!$A$2:$A$100,MATCH('AVI Antenna (Desc)'!$J157,[1]!MASTER_LANE_DIRECTION_DESC[#Data],0),0))","v":""}]
[{"$f":"IF('AVI Antenna (Desc)'!B158=\"\",\"\",\"2007\")","v":""},{"$f":"IF('AVI Antenna (Desc)'!E158=\"\",\"\",'AVI Antenna (Desc)'!B158)","v":""},{"$f":"IF('AVI Antenna (Desc)'!C158=\"\",\"\",'AVI Antenna (Desc)'!C158)","v":""},{"$f":"IF('AVI Antenna (Desc)'!D158=\"\",\"\",INDEX([1]ASSET_ID_SOURCE!$A$2:$A$50,MATCH('AVI Antenna (Desc)'!D158,[1]!MASTER_ASSET_ID_SOURCE_DESC,0),0))","v":""},{"$f":"IF('AVI Antenna (Desc)'!F158=\"\",\"\",'AVI Antenna (Desc)'!E158)","v":""},{"$f":"IF('AVI Antenna (Desc)'!F158=\"\",\"\",INDEX([1]ANTENNA_TYPE!$A$2:$A$100,MATCH('AVI Antenna (Desc)'!$F158,[1]!MASTER_ANTENNA_TYPE_DESC[#Data],0),0))","v":""},{"$f":"IF('AVI Antenna (Desc)'!G158=\"\",\"\",INDEX([1]ANTENNA_MANUF!$A$2:$A$100,MATCH('AVI Antenna (Desc)'!$G158,[1]!MASTER_ANTENNA_MANUF_DESC[#Data],0),0))","v":""},{"$f":"IF('AVI Antenna (Desc)'!H158=\"\",\"\",INDEX([1]ANTENNA_MODEL!$A$2:$A$50,MATCH(1,([1]ANTENNA_MODEL!$C$2:$C$50='AVI Antenna (Desc)'!$G158)*([1]ANTENNA_MODEL!$D$2:$D$50='AVI Antenna (Desc)'!$H158),0),0))","v":""},{"$f":"IF('AVI Antenna (Desc)'!I158=\"\",\"\",INDEX([1]LANE_COVERAGE!$A$2:$A$100,MATCH('AVI Antenna (Desc)'!$I158,[1]!MASTER_LANE_COVERAGE_DESC[#Data],0),0))","v":""},{"$f":"IF('AVI Antenna (Desc)'!J158=\"\",\"\",INDEX([1]LANE_DIRECTION!$A$2:$A$100,MATCH('AVI Antenna (Desc)'!$J158,[1]!MASTER_LANE_DIRECTION_DESC[#Data],0),0))","v":""}]
[{"$f":"IF('AVI Antenna (Desc)'!B159=\"\",\"\",\"2007\")","v":""},{"$f":"IF('AVI Antenna (Desc)'!E159=\"\",\"\",'AVI Antenna (Desc)'!B159)","v":""},{"$f":"IF('AVI Antenna (Desc)'!C159=\"\",\"\",'AVI Antenna (Desc)'!C159)","v":""},{"$f":"IF('AVI Antenna (Desc)'!D159=\"\",\"\",INDEX([1]ASSET_ID_SOURCE!$A$2:$A$50,MATCH('AVI Antenna (Desc)'!D159,[1]!MASTER_ASSET_ID_SOURCE_DESC,0),0))","v":""},{"$f":"IF('AVI Antenna (Desc)'!F159=\"\",\"\",'AVI Antenna (Desc)'!E159)","v":""},{"$f":"IF('AVI Antenna (Desc)'!F159=\"\",\"\",INDEX([1]ANTENNA_TYPE!$A$2:$A$100,MATCH('AVI Antenna (Desc)'!$F159,[1]!MASTER_ANTENNA_TYPE_DESC[#Data],0),0))","v":""},{"$f":"IF('AVI Antenna (Desc)'!G159=\"\",\"\",INDEX([1]ANTENNA_MANUF!$A$2:$A$100,MATCH('AVI Antenna (Desc)'!$G159,[1]!MASTER_ANTENNA_MANUF_DESC[#Data],0),0))","v":""},{"$f":"IF('AVI Antenna (Desc)'!H159=\"\",\"\",INDEX([1]ANTENNA_MODEL!$A$2:$A$50,MATCH(1,([1]ANTENNA_MODEL!$C$2:$C$50='AVI Antenna (Desc)'!$G159)*([1]ANTENNA_MODEL!$D$2:$D$50='AVI Antenna (Desc)'!$H159),0),0))","v":""},{"$f":"IF('AVI Antenna (Desc)'!I159=\"\",\"\",INDEX([1]LANE_COVERAGE!$A$2:$A$100,MATCH('AVI Antenna (Desc)'!$I159,[1]!MASTER_LANE_COVERAGE_DESC[#Data],0),0))","v":""},{"$f":"IF('AVI Antenna (Desc)'!J159=\"\",\"\",INDEX([1]LANE_DIRECTION!$A$2:$A$100,MATCH('AVI Antenna (Desc)'!$J159,[1]!MASTER_LANE_DIRECTION_DESC[#Data],0),0))","v":""}]
[{"$f":"IF('AVI Antenna (Desc)'!B160=\"\",\"\",\"2007\")","v":""},{"$f":"IF('AVI Antenna (Desc)'!E160=\"\",\"\",'AVI Antenna (Desc)'!B160)","v":""},{"$f":"IF('AVI Antenna (Desc)'!C160=\"\",\"\",'AVI Antenna (Desc)'!C160)","v":""},{"$f":"IF('AVI Antenna (Desc)'!D160=\"\",\"\",INDEX([1]ASSET_ID_SOURCE!$A$2:$A$50,MATCH('AVI Antenna (Desc)'!D160,[1]!MASTER_ASSET_ID_SOURCE_DESC,0),0))","v":""},{"$f":"IF('AVI Antenna (Desc)'!F160=\"\",\"\",'AVI Antenna (Desc)'!E160)","v":""},{"$f":"IF('AVI Antenna (Desc)'!F160=\"\",\"\",INDEX([1]ANTENNA_TYPE!$A$2:$A$100,MATCH('AVI Antenna (Desc)'!$F160,[1]!MASTER_ANTENNA_TYPE_DESC[#Data],0),0))","v":""},{"$f":"IF('AVI Antenna (Desc)'!G160=\"\",\"\",INDEX([1]ANTENNA_MANUF!$A$2:$A$100,MATCH('AVI Antenna (Desc)'!$G160,[1]!MASTER_ANTENNA_MANUF_DESC[#Data],0),0))","v":""},{"$f":"IF('AVI Antenna (Desc)'!H160=\"\",\"\",INDEX([1]ANTENNA_MODEL!$A$2:$A$50,MATCH(1,([1]ANTENNA_MODEL!$C$2:$C$50='AVI Antenna (Desc)'!$G160)*([1]ANTENNA_MODEL!$D$2:$D$50='AVI Antenna (Desc)'!$H160),0),0))","v":""},{"$f":"IF('AVI Antenna (Desc)'!I160=\"\",\"\",INDEX([1]LANE_COVERAGE!$A$2:$A$100,MATCH('AVI Antenna (Desc)'!$I160,[1]!MASTER_LANE_COVERAGE_DESC[#Data],0),0))","v":""},{"$f":"IF('AVI Antenna (Desc)'!J160=\"\",\"\",INDEX([1]LANE_DIRECTION!$A$2:$A$100,MATCH('AVI Antenna (Desc)'!$J160,[1]!MASTER_LANE_DIRECTION_DESC[#Data],0),0))","v":""}]
[{"$f":"IF('AVI Antenna (Desc)'!B161=\"\",\"\",\"2007\")","v":""},{"$f":"IF('AVI Antenna (Desc)'!E161=\"\",\"\",'AVI Antenna (Desc)'!B161)","v":""},{"$f":"IF('AVI Antenna (Desc)'!C161=\"\",\"\",'AVI Antenna (Desc)'!C161)","v":""},{"$f":"IF('AVI Antenna (Desc)'!D161=\"\",\"\",INDEX([1]ASSET_ID_SOURCE!$A$2:$A$50,MATCH('AVI Antenna (Desc)'!D161,[1]!MASTER_ASSET_ID_SOURCE_DESC,0),0))","v":""},{"$f":"IF('AVI Antenna (Desc)'!F161=\"\",\"\",'AVI Antenna (Desc)'!E161)","v":""},{"$f":"IF('AVI Antenna (Desc)'!F161=\"\",\"\",INDEX([1]ANTENNA_TYPE!$A$2:$A$100,MATCH('AVI Antenna (Desc)'!$F161,[1]!MASTER_ANTENNA_TYPE_DESC[#Data],0),0))","v":""},{"$f":"IF('AVI Antenna (Desc)'!G161=\"\",\"\",INDEX([1]ANTENNA_MANUF!$A$2:$A$100,MATCH('AVI Antenna (Desc)'!$G161,[1]!MASTER_ANTENNA_MANUF_DESC[#Data],0),0))","v":""},{"$f":"IF('AVI Antenna (Desc)'!H161=\"\",\"\",INDEX([1]ANTENNA_MODEL!$A$2:$A$50,MATCH(1,([1]ANTENNA_MODEL!$C$2:$C$50='AVI Antenna (Desc)'!$G161)*([1]ANTENNA_MODEL!$D$2:$D$50='AVI Antenna (Desc)'!$H161),0),0))","v":""},{"$f":"IF('AVI Antenna (Desc)'!I161=\"\",\"\",INDEX([1]LANE_COVERAGE!$A$2:$A$100,MATCH('AVI Antenna (Desc)'!$I161,[1]!MASTER_LANE_COVERAGE_DESC[#Data],0),0))","v":""},{"$f":"IF('AVI Antenna (Desc)'!J161=\"\",\"\",INDEX([1]LANE_DIRECTION!$A$2:$A$100,MATCH('AVI Antenna (Desc)'!$J161,[1]!MASTER_LANE_DIRECTION_DESC[#Data],0),0))","v":""}]
[{"$f":"IF('AVI Antenna (Desc)'!B162=\"\",\"\",\"2007\")","v":""},{"$f":"IF('AVI Antenna (Desc)'!E162=\"\",\"\",'AVI Antenna (Desc)'!B162)","v":""},{"$f":"IF('AVI Antenna (Desc)'!C162=\"\",\"\",'AVI Antenna (Desc)'!C162)","v":""},{"$f":"IF('AVI Antenna (Desc)'!D162=\"\",\"\",INDEX([1]ASSET_ID_SOURCE!$A$2:$A$50,MATCH('AVI Antenna (Desc)'!D162,[1]!MASTER_ASSET_ID_SOURCE_DESC,0),0))","v":""},{"$f":"IF('AVI Antenna (Desc)'!F162=\"\",\"\",'AVI Antenna (Desc)'!E162)","v":""},{"$f":"IF('AVI Antenna (Desc)'!F162=\"\",\"\",INDEX([1]ANTENNA_TYPE!$A$2:$A$100,MATCH('AVI Antenna (Desc)'!$F162,[1]!MASTER_ANTENNA_TYPE_DESC[#Data],0),0))","v":""},{"$f":"IF('AVI Antenna (Desc)'!G162=\"\",\"\",INDEX([1]ANTENNA_MANUF!$A$2:$A$100,MATCH('AVI Antenna (Desc)'!$G162,[1]!MASTER_ANTENNA_MANUF_DESC[#Data],0),0))","v":""},{"$f":"IF('AVI Antenna (Desc)'!H162=\"\",\"\",INDEX([1]ANTENNA_MODEL!$A$2:$A$50,MATCH(1,([1]ANTENNA_MODEL!$C$2:$C$50='AVI Antenna (Desc)'!$G162)*([1]ANTENNA_MODEL!$D$2:$D$50='AVI Antenna (Desc)'!$H162),0),0))","v":""},{"$f":"IF('AVI Antenna (Desc)'!I162=\"\",\"\",INDEX([1]LANE_COVERAGE!$A$2:$A$100,MATCH('AVI Antenna (Desc)'!$I162,[1]!MASTER_LANE_COVERAGE_DESC[#Data],0),0))","v":""},{"$f":"IF('AVI Antenna (Desc)'!J162=\"\",\"\",INDEX([1]LANE_DIRECTION!$A$2:$A$100,MATCH('AVI Antenna (Desc)'!$J162,[1]!MASTER_LANE_DIRECTION_DESC[#Data],0),0))","v":""}]
[{"$f":"IF('AVI Antenna (Desc)'!B163=\"\",\"\",\"2007\")","v":""},{"$f":"IF('AVI Antenna (Desc)'!E163=\"\",\"\",'AVI Antenna (Desc)'!B163)","v":""},{"$f":"IF('AVI Antenna (Desc)'!C163=\"\",\"\",'AVI Antenna (Desc)'!C163)","v":""},{"$f":"IF('AVI Antenna (Desc)'!D163=\"\",\"\",INDEX([1]ASSET_ID_SOURCE!$A$2:$A$50,MATCH('AVI Antenna (Desc)'!D163,[1]!MASTER_ASSET_ID_SOURCE_DESC,0),0))","v":""},{"$f":"IF('AVI Antenna (Desc)'!F163=\"\",\"\",'AVI Antenna (Desc)'!E163)","v":""},{"$f":"IF('AVI Antenna (Desc)'!F163=\"\",\"\",INDEX([1]ANTENNA_TYPE!$A$2:$A$100,MATCH('AVI Antenna (Desc)'!$F163,[1]!MASTER_ANTENNA_TYPE_DESC[#Data],0),0))","v":""},{"$f":"IF('AVI Antenna (Desc)'!G163=\"\",\"\",INDEX([1]ANTENNA_MANUF!$A$2:$A$100,MATCH('AVI Antenna (Desc)'!$G163,[1]!MASTER_ANTENNA_MANUF_DESC[#Data],0),0))","v":""},{"$f":"IF('AVI Antenna (Desc)'!H163=\"\",\"\",INDEX([1]ANTENNA_MODEL!$A$2:$A$50,MATCH(1,([1]ANTENNA_MODEL!$C$2:$C$50='AVI Antenna (Desc)'!$G163)*([1]ANTENNA_MODEL!$D$2:$D$50='AVI Antenna (Desc)'!$H163),0),0))","v":""},{"$f":"IF('AVI Antenna (Desc)'!I163=\"\",\"\",INDEX([1]LANE_COVERAGE!$A$2:$A$100,MATCH('AVI Antenna (Desc)'!$I163,[1]!MASTER_LANE_COVERAGE_DESC[#Data],0),0))","v":""},{"$f":"IF('AVI Antenna (Desc)'!J163=\"\",\"\",INDEX([1]LANE_DIRECTION!$A$2:$A$100,MATCH('AVI Antenna (Desc)'!$J163,[1]!MASTER_LANE_DIRECTION_DESC[#Data],0),0))","v":""}]
[{"$f":"IF('AVI Antenna (Desc)'!B164=\"\",\"\",\"2007\")","v":""},{"$f":"IF('AVI Antenna (Desc)'!E164=\"\",\"\",'AVI Antenna (Desc)'!B164)","v":""},{"$f":"IF('AVI Antenna (Desc)'!C164=\"\",\"\",'AVI Antenna (Desc)'!C164)","v":""},{"$f":"IF('AVI Antenna (Desc)'!D164=\"\",\"\",INDEX([1]ASSET_ID_SOURCE!$A$2:$A$50,MATCH('AVI Antenna (Desc)'!D164,[1]!MASTER_ASSET_ID_SOURCE_DESC,0),0))","v":""},{"$f":"IF('AVI Antenna (Desc)'!F164=\"\",\"\",'AVI Antenna (Desc)'!E164)","v":""},{"$f":"IF('AVI Antenna (Desc)'!F164=\"\",\"\",INDEX([1]ANTENNA_TYPE!$A$2:$A$100,MATCH('AVI Antenna (Desc)'!$F164,[1]!MASTER_ANTENNA_TYPE_DESC[#Data],0),0))","v":""},{"$f":"IF('AVI Antenna (Desc)'!G164=\"\",\"\",INDEX([1]ANTENNA_MANUF!$A$2:$A$100,MATCH('AVI Antenna (Desc)'!$G164,[1]!MASTER_ANTENNA_MANUF_DESC[#Data],0),0))","v":""},{"$f":"IF('AVI Antenna (Desc)'!H164=\"\",\"\",INDEX([1]ANTENNA_MODEL!$A$2:$A$50,MATCH(1,([1]ANTENNA_MODEL!$C$2:$C$50='AVI Antenna (Desc)'!$G164)*([1]ANTENNA_MODEL!$D$2:$D$50='AVI Antenna (Desc)'!$H164),0),0))","v":""},{"$f":"IF('AVI Antenna (Desc)'!I164=\"\",\"\",INDEX([1]LANE_COVERAGE!$A$2:$A$100,MATCH('AVI Antenna (Desc)'!$I164,[1]!MASTER_LANE_COVERAGE_DESC[#Data],0),0))","v":""},{"$f":"IF('AVI Antenna (Desc)'!J164=\"\",\"\",INDEX([1]LANE_DIRECTION!$A$2:$A$100,MATCH('AVI Antenna (Desc)'!$J164,[1]!MASTER_LANE_DIRECTION_DESC[#Data],0),0))","v":""}]
[{"$f":"IF('AVI Antenna (Desc)'!B165=\"\",\"\",\"2007\")","v":""},{"$f":"IF('AVI Antenna (Desc)'!E165=\"\",\"\",'AVI Antenna (Desc)'!B165)","v":""},{"$f":"IF('AVI Antenna (Desc)'!C165=\"\",\"\",'AVI Antenna (Desc)'!C165)","v":""},{"$f":"IF('AVI Antenna (Desc)'!D165=\"\",\"\",INDEX([1]ASSET_ID_SOURCE!$A$2:$A$50,MATCH('AVI Antenna (Desc)'!D165,[1]!MASTER_ASSET_ID_SOURCE_DESC,0),0))","v":""},{"$f":"IF('AVI Antenna (Desc)'!F165=\"\",\"\",'AVI Antenna (Desc)'!E165)","v":""},{"$f":"IF('AVI Antenna (Desc)'!F165=\"\",\"\",INDEX([1]ANTENNA_TYPE!$A$2:$A$100,MATCH('AVI Antenna (Desc)'!$F165,[1]!MASTER_ANTENNA_TYPE_DESC[#Data],0),0))","v":""},{"$f":"IF('AVI Antenna (Desc)'!G165=\"\",\"\",INDEX([1]ANTENNA_MANUF!$A$2:$A$100,MATCH('AVI Antenna (Desc)'!$G165,[1]!MASTER_ANTENNA_MANUF_DESC[#Data],0),0))","v":""},{"$f":"IF('AVI Antenna (Desc)'!H165=\"\",\"\",INDEX([1]ANTENNA_MODEL!$A$2:$A$50,MATCH(1,([1]ANTENNA_MODEL!$C$2:$C$50='AVI Antenna (Desc)'!$G165)*([1]ANTENNA_MODEL!$D$2:$D$50='AVI Antenna (Desc)'!$H165),0),0))","v":""},{"$f":"IF('AVI Antenna (Desc)'!I165=\"\",\"\",INDEX([1]LANE_COVERAGE!$A$2:$A$100,MATCH('AVI Antenna (Desc)'!$I165,[1]!MASTER_LANE_COVERAGE_DESC[#Data],0),0))","v":""},{"$f":"IF('AVI Antenna (Desc)'!J165=\"\",\"\",INDEX([1]LANE_DIRECTION!$A$2:$A$100,MATCH('AVI Antenna (Desc)'!$J165,[1]!MASTER_LANE_DIRECTION_DESC[#Data],0),0))","v":""}]
[{"$f":"IF('AVI Antenna (Desc)'!B166=\"\",\"\",\"2007\")","v":""},{"$f":"IF('AVI Antenna (Desc)'!E166=\"\",\"\",'AVI Antenna (Desc)'!B166)","v":""},{"$f":"IF('AVI Antenna (Desc)'!C166=\"\",\"\",'AVI Antenna (Desc)'!C166)","v":""},{"$f":"IF('AVI Antenna (Desc)'!D166=\"\",\"\",INDEX([1]ASSET_ID_SOURCE!$A$2:$A$50,MATCH('AVI Antenna (Desc)'!D166,[1]!MASTER_ASSET_ID_SOURCE_DESC,0),0))","v":""},{"$f":"IF('AVI Antenna (Desc)'!F166=\"\",\"\",'AVI Antenna (Desc)'!E166)","v":""},{"$f":"IF('AVI Antenna (Desc)'!F166=\"\",\"\",INDEX([1]ANTENNA_TYPE!$A$2:$A$100,MATCH('AVI Antenna (Desc)'!$F166,[1]!MASTER_ANTENNA_TYPE_DESC[#Data],0),0))","v":""},{"$f":"IF('AVI Antenna (Desc)'!G166=\"\",\"\",INDEX([1]ANTENNA_MANUF!$A$2:$A$100,MATCH('AVI Antenna (Desc)'!$G166,[1]!MASTER_ANTENNA_MANUF_DESC[#Data],0),0))","v":""},{"$f":"IF('AVI Antenna (Desc)'!H166=\"\",\"\",INDEX([1]ANTENNA_MODEL!$A$2:$A$50,MATCH(1,([1]ANTENNA_MODEL!$C$2:$C$50='AVI Antenna (Desc)'!$G166)*([1]ANTENNA_MODEL!$D$2:$D$50='AVI Antenna (Desc)'!$H166),0),0))","v":""},{"$f":"IF('AVI Antenna (Desc)'!I166=\"\",\"\",INDEX([1]LANE_COVERAGE!$A$2:$A$100,MATCH('AVI Antenna (Desc)'!$I166,[1]!MASTER_LANE_COVERAGE_DESC[#Data],0),0))","v":""},{"$f":"IF('AVI Antenna (Desc)'!J166=\"\",\"\",INDEX([1]LANE_DIRECTION!$A$2:$A$100,MATCH('AVI Antenna (Desc)'!$J166,[1]!MASTER_LANE_DIRECTION_DESC[#Data],0),0))","v":""}]
[{"$f":"IF('AVI Antenna (Desc)'!B167=\"\",\"\",\"2007\")","v":""},{"$f":"IF('AVI Antenna (Desc)'!E167=\"\",\"\",'AVI Antenna (Desc)'!B167)","v":""},{"$f":"IF('AVI Antenna (Desc)'!C167=\"\",\"\",'AVI Antenna (Desc)'!C167)","v":""},{"$f":"IF('AVI Antenna (Desc)'!D167=\"\",\"\",INDEX([1]ASSET_ID_SOURCE!$A$2:$A$50,MATCH('AVI Antenna (Desc)'!D167,[1]!MASTER_ASSET_ID_SOURCE_DESC,0),0))","v":""},{"$f":"IF('AVI Antenna (Desc)'!F167=\"\",\"\",'AVI Antenna (Desc)'!E167)","v":""},{"$f":"IF('AVI Antenna (Desc)'!F167=\"\",\"\",INDEX([1]ANTENNA_TYPE!$A$2:$A$100,MATCH('AVI Antenna (Desc)'!$F167,[1]!MASTER_ANTENNA_TYPE_DESC[#Data],0),0))","v":""},{"$f":"IF('AVI Antenna (Desc)'!G167=\"\",\"\",INDEX([1]ANTENNA_MANUF!$A$2:$A$100,MATCH('AVI Antenna (Desc)'!$G167,[1]!MASTER_ANTENNA_MANUF_DESC[#Data],0),0))","v":""},{"$f":"IF('AVI Antenna (Desc)'!H167=\"\",\"\",INDEX([1]ANTENNA_MODEL!$A$2:$A$50,MATCH(1,([1]ANTENNA_MODEL!$C$2:$C$50='AVI Antenna (Desc)'!$G167)*([1]ANTENNA_MODEL!$D$2:$D$50='AVI Antenna (Desc)'!$H167),0),0))","v":""},{"$f":"IF('AVI Antenna (Desc)'!I167=\"\",\"\",INDEX([1]LANE_COVERAGE!$A$2:$A$100,MATCH('AVI Antenna (Desc)'!$I167,[1]!MASTER_LANE_COVERAGE_DESC[#Data],0),0))","v":""},{"$f":"IF('AVI Antenna (Desc)'!J167=\"\",\"\",INDEX([1]LANE_DIRECTION!$A$2:$A$100,MATCH('AVI Antenna (Desc)'!$J167,[1]!MASTER_LANE_DIRECTION_DESC[#Data],0),0))","v":""}]
[{"$f":"IF('AVI Antenna (Desc)'!B168=\"\",\"\",\"2007\")","v":""},{"$f":"IF('AVI Antenna (Desc)'!E168=\"\",\"\",'AVI Antenna (Desc)'!B168)","v":""},{"$f":"IF('AVI Antenna (Desc)'!C168=\"\",\"\",'AVI Antenna (Desc)'!C168)","v":""},{"$f":"IF('AVI Antenna (Desc)'!D168=\"\",\"\",INDEX([1]ASSET_ID_SOURCE!$A$2:$A$50,MATCH('AVI Antenna (Desc)'!D168,[1]!MASTER_ASSET_ID_SOURCE_DESC,0),0))","v":""},{"$f":"IF('AVI Antenna (Desc)'!F168=\"\",\"\",'AVI Antenna (Desc)'!E168)","v":""},{"$f":"IF('AVI Antenna (Desc)'!F168=\"\",\"\",INDEX([1]ANTENNA_TYPE!$A$2:$A$100,MATCH('AVI Antenna (Desc)'!$F168,[1]!MASTER_ANTENNA_TYPE_DESC[#Data],0),0))","v":""},{"$f":"IF('AVI Antenna (Desc)'!G168=\"\",\"\",INDEX([1]ANTENNA_MANUF!$A$2:$A$100,MATCH('AVI Antenna (Desc)'!$G168,[1]!MASTER_ANTENNA_MANUF_DESC[#Data],0),0))","v":""},{"$f":"IF('AVI Antenna (Desc)'!H168=\"\",\"\",INDEX([1]ANTENNA_MODEL!$A$2:$A$50,MATCH(1,([1]ANTENNA_MODEL!$C$2:$C$50='AVI Antenna (Desc)'!$G168)*([1]ANTENNA_MODEL!$D$2:$D$50='AVI Antenna (Desc)'!$H168),0),0))","v":""},{"$f":"IF('AVI Antenna (Desc)'!I168=\"\",\"\",INDEX([1]LANE_COVERAGE!$A$2:$A$100,MATCH('AVI Antenna (Desc)'!$I168,[1]!MASTER_LANE_COVERAGE_DESC[#Data],0),0))","v":""},{"$f":"IF('AVI Antenna (Desc)'!J168=\"\",\"\",INDEX([1]LANE_DIRECTION!$A$2:$A$100,MATCH('AVI Antenna (Desc)'!$J168,[1]!MASTER_LANE_DIRECTION_DESC[#Data],0),0))","v":""}]
[{"$f":"IF('AVI Antenna (Desc)'!B169=\"\",\"\",\"2007\")","v":""},{"$f":"IF('AVI Antenna (Desc)'!E169=\"\",\"\",'AVI Antenna (Desc)'!B169)","v":""},{"$f":"IF('AVI Antenna (Desc)'!C169=\"\",\"\",'AVI Antenna (Desc)'!C169)","v":""},{"$f":"IF('AVI Antenna (Desc)'!D169=\"\",\"\",INDEX([1]ASSET_ID_SOURCE!$A$2:$A$50,MATCH('AVI Antenna (Desc)'!D169,[1]!MASTER_ASSET_ID_SOURCE_DESC,0),0))","v":""},{"$f":"IF('AVI Antenna (Desc)'!F169=\"\",\"\",'AVI Antenna (Desc)'!E169)","v":""},{"$f":"IF('AVI Antenna (Desc)'!F169=\"\",\"\",INDEX([1]ANTENNA_TYPE!$A$2:$A$100,MATCH('AVI Antenna (Desc)'!$F169,[1]!MASTER_ANTENNA_TYPE_DESC[#Data],0),0))","v":""},{"$f":"IF('AVI Antenna (Desc)'!G169=\"\",\"\",INDEX([1]ANTENNA_MANUF!$A$2:$A$100,MATCH('AVI Antenna (Desc)'!$G169,[1]!MASTER_ANTENNA_MANUF_DESC[#Data],0),0))","v":""},{"$f":"IF('AVI Antenna (Desc)'!H169=\"\",\"\",INDEX([1]ANTENNA_MODEL!$A$2:$A$50,MATCH(1,([1]ANTENNA_MODEL!$C$2:$C$50='AVI Antenna (Desc)'!$G169)*([1]ANTENNA_MODEL!$D$2:$D$50='AVI Antenna (Desc)'!$H169),0),0))","v":""},{"$f":"IF('AVI Antenna (Desc)'!I169=\"\",\"\",INDEX([1]LANE_COVERAGE!$A$2:$A$100,MATCH('AVI Antenna (Desc)'!$I169,[1]!MASTER_LANE_COVERAGE_DESC[#Data],0),0))","v":""},{"$f":"IF('AVI Antenna (Desc)'!J169=\"\",\"\",INDEX([1]LANE_DIRECTION!$A$2:$A$100,MATCH('AVI Antenna (Desc)'!$J169,[1]!MASTER_LANE_DIRECTION_DESC[#Data],0),0))","v":""}]
[{"$f":"IF('AVI Antenna (Desc)'!B170=\"\",\"\",\"2007\")","v":""},{"$f":"IF('AVI Antenna (Desc)'!E170=\"\",\"\",'AVI Antenna (Desc)'!B170)","v":""},{"$f":"IF('AVI Antenna (Desc)'!C170=\"\",\"\",'AVI Antenna (Desc)'!C170)","v":""},{"$f":"IF('AVI Antenna (Desc)'!D170=\"\",\"\",INDEX([1]ASSET_ID_SOURCE!$A$2:$A$50,MATCH('AVI Antenna (Desc)'!D170,[1]!MASTER_ASSET_ID_SOURCE_DESC,0),0))","v":""},{"$f":"IF('AVI Antenna (Desc)'!F170=\"\",\"\",'AVI Antenna (Desc)'!E170)","v":""},{"$f":"IF('AVI Antenna (Desc)'!F170=\"\",\"\",INDEX([1]ANTENNA_TYPE!$A$2:$A$100,MATCH('AVI Antenna (Desc)'!$F170,[1]!MASTER_ANTENNA_TYPE_DESC[#Data],0),0))","v":""},{"$f":"IF('AVI Antenna (Desc)'!G170=\"\",\"\",INDEX([1]ANTENNA_MANUF!$A$2:$A$100,MATCH('AVI Antenna (Desc)'!$G170,[1]!MASTER_ANTENNA_MANUF_DESC[#Data],0),0))","v":""},{"$f":"IF('AVI Antenna (Desc)'!H170=\"\",\"\",INDEX([1]ANTENNA_MODEL!$A$2:$A$50,MATCH(1,([1]ANTENNA_MODEL!$C$2:$C$50='AVI Antenna (Desc)'!$G170)*([1]ANTENNA_MODEL!$D$2:$D$50='AVI Antenna (Desc)'!$H170),0),0))","v":""},{"$f":"IF('AVI Antenna (Desc)'!I170=\"\",\"\",INDEX([1]LANE_COVERAGE!$A$2:$A$100,MATCH('AVI Antenna (Desc)'!$I170,[1]!MASTER_LANE_COVERAGE_DESC[#Data],0),0))","v":""},{"$f":"IF('AVI Antenna (Desc)'!J170=\"\",\"\",INDEX([1]LANE_DIRECTION!$A$2:$A$100,MATCH('AVI Antenna (Desc)'!$J170,[1]!MASTER_LANE_DIRECTION_DESC[#Data],0),0))","v":""}]
[{"$f":"IF('AVI Antenna (Desc)'!B171=\"\",\"\",\"2007\")","v":""},{"$f":"IF('AVI Antenna (Desc)'!E171=\"\",\"\",'AVI Antenna (Desc)'!B171)","v":""},{"$f":"IF('AVI Antenna (Desc)'!C171=\"\",\"\",'AVI Antenna (Desc)'!C171)","v":""},{"$f":"IF('AVI Antenna (Desc)'!D171=\"\",\"\",INDEX([1]ASSET_ID_SOURCE!$A$2:$A$50,MATCH('AVI Antenna (Desc)'!D171,[1]!MASTER_ASSET_ID_SOURCE_DESC,0),0))","v":""},{"$f":"IF('AVI Antenna (Desc)'!F171=\"\",\"\",'AVI Antenna (Desc)'!E171)","v":""},{"$f":"IF('AVI Antenna (Desc)'!F171=\"\",\"\",INDEX([1]ANTENNA_TYPE!$A$2:$A$100,MATCH('AVI Antenna (Desc)'!$F171,[1]!MASTER_ANTENNA_TYPE_DESC[#Data],0),0))","v":""},{"$f":"IF('AVI Antenna (Desc)'!G171=\"\",\"\",INDEX([1]ANTENNA_MANUF!$A$2:$A$100,MATCH('AVI Antenna (Desc)'!$G171,[1]!MASTER_ANTENNA_MANUF_DESC[#Data],0),0))","v":""},{"$f":"IF('AVI Antenna (Desc)'!H171=\"\",\"\",INDEX([1]ANTENNA_MODEL!$A$2:$A$50,MATCH(1,([1]ANTENNA_MODEL!$C$2:$C$50='AVI Antenna (Desc)'!$G171)*([1]ANTENNA_MODEL!$D$2:$D$50='AVI Antenna (Desc)'!$H171),0),0))","v":""},{"$f":"IF('AVI Antenna (Desc)'!I171=\"\",\"\",INDEX([1]LANE_COVERAGE!$A$2:$A$100,MATCH('AVI Antenna (Desc)'!$I171,[1]!MASTER_LANE_COVERAGE_DESC[#Data],0),0))","v":""},{"$f":"IF('AVI Antenna (Desc)'!J171=\"\",\"\",INDEX([1]LANE_DIRECTION!$A$2:$A$100,MATCH('AVI Antenna (Desc)'!$J171,[1]!MASTER_LANE_DIRECTION_DESC[#Data],0),0))","v":""}]
[{"$f":"IF('AVI Antenna (Desc)'!B172=\"\",\"\",\"2007\")","v":""},{"$f":"IF('AVI Antenna (Desc)'!E172=\"\",\"\",'AVI Antenna (Desc)'!B172)","v":""},{"$f":"IF('AVI Antenna (Desc)'!C172=\"\",\"\",'AVI Antenna (Desc)'!C172)","v":""},{"$f":"IF('AVI Antenna (Desc)'!D172=\"\",\"\",INDEX([1]ASSET_ID_SOURCE!$A$2:$A$50,MATCH('AVI Antenna (Desc)'!D172,[1]!MASTER_ASSET_ID_SOURCE_DESC,0),0))","v":""},{"$f":"IF('AVI Antenna (Desc)'!F172=\"\",\"\",'AVI Antenna (Desc)'!E172)","v":""},{"$f":"IF('AVI Antenna (Desc)'!F172=\"\",\"\",INDEX([1]ANTENNA_TYPE!$A$2:$A$100,MATCH('AVI Antenna (Desc)'!$F172,[1]!MASTER_ANTENNA_TYPE_DESC[#Data],0),0))","v":""},{"$f":"IF('AVI Antenna (Desc)'!G172=\"\",\"\",INDEX([1]ANTENNA_MANUF!$A$2:$A$100,MATCH('AVI Antenna (Desc)'!$G172,[1]!MASTER_ANTENNA_MANUF_DESC[#Data],0),0))","v":""},{"$f":"IF('AVI Antenna (Desc)'!H172=\"\",\"\",INDEX([1]ANTENNA_MODEL!$A$2:$A$50,MATCH(1,([1]ANTENNA_MODEL!$C$2:$C$50='AVI Antenna (Desc)'!$G172)*([1]ANTENNA_MODEL!$D$2:$D$50='AVI Antenna (Desc)'!$H172),0),0))","v":""},{"$f":"IF('AVI Antenna (Desc)'!I172=\"\",\"\",INDEX([1]LANE_COVERAGE!$A$2:$A$100,MATCH('AVI Antenna (Desc)'!$I172,[1]!MASTER_LANE_COVERAGE_DESC[#Data],0),0))","v":""},{"$f":"IF('AVI Antenna (Desc)'!J172=\"\",\"\",INDEX([1]LANE_DIRECTION!$A$2:$A$100,MATCH('AVI Antenna (Desc)'!$J172,[1]!MASTER_LANE_DIRECTION_DESC[#Data],0),0))","v":""}]
[{"$f":"IF('AVI Antenna (Desc)'!B173=\"\",\"\",\"2007\")","v":""},{"$f":"IF('AVI Antenna (Desc)'!E173=\"\",\"\",'AVI Antenna (Desc)'!B173)","v":""},{"$f":"IF('AVI Antenna (Desc)'!C173=\"\",\"\",'AVI Antenna (Desc)'!C173)","v":""},{"$f":"IF('AVI Antenna (Desc)'!D173=\"\",\"\",INDEX([1]ASSET_ID_SOURCE!$A$2:$A$50,MATCH('AVI Antenna (Desc)'!D173,[1]!MASTER_ASSET_ID_SOURCE_DESC,0),0))","v":""},{"$f":"IF('AVI Antenna (Desc)'!F173=\"\",\"\",'AVI Antenna (Desc)'!E173)","v":""},{"$f":"IF('AVI Antenna (Desc)'!F173=\"\",\"\",INDEX([1]ANTENNA_TYPE!$A$2:$A$100,MATCH('AVI Antenna (Desc)'!$F173,[1]!MASTER_ANTENNA_TYPE_DESC[#Data],0),0))","v":""},{"$f":"IF('AVI Antenna (Desc)'!G173=\"\",\"\",INDEX([1]ANTENNA_MANUF!$A$2:$A$100,MATCH('AVI Antenna (Desc)'!$G173,[1]!MASTER_ANTENNA_MANUF_DESC[#Data],0),0))","v":""},{"$f":"IF('AVI Antenna (Desc)'!H173=\"\",\"\",INDEX([1]ANTENNA_MODEL!$A$2:$A$50,MATCH(1,([1]ANTENNA_MODEL!$C$2:$C$50='AVI Antenna (Desc)'!$G173)*([1]ANTENNA_MODEL!$D$2:$D$50='AVI Antenna (Desc)'!$H173),0),0))","v":""},{"$f":"IF('AVI Antenna (Desc)'!I173=\"\",\"\",INDEX([1]LANE_COVERAGE!$A$2:$A$100,MATCH('AVI Antenna (Desc)'!$I173,[1]!MASTER_LANE_COVERAGE_DESC[#Data],0),0))","v":""},{"$f":"IF('AVI Antenna (Desc)'!J173=\"\",\"\",INDEX([1]LANE_DIRECTION!$A$2:$A$100,MATCH('AVI Antenna (Desc)'!$J173,[1]!MASTER_LANE_DIRECTION_DESC[#Data],0),0))","v":""}]
[{"$f":"IF('AVI Antenna (Desc)'!B174=\"\",\"\",\"2007\")","v":""},{"$f":"IF('AVI Antenna (Desc)'!E174=\"\",\"\",'AVI Antenna (Desc)'!B174)","v":""},{"$f":"IF('AVI Antenna (Desc)'!C174=\"\",\"\",'AVI Antenna (Desc)'!C174)","v":""},{"$f":"IF('AVI Antenna (Desc)'!D174=\"\",\"\",INDEX([1]ASSET_ID_SOURCE!$A$2:$A$50,MATCH('AVI Antenna (Desc)'!D174,[1]!MASTER_ASSET_ID_SOURCE_DESC,0),0))","v":""},{"$f":"IF('AVI Antenna (Desc)'!F174=\"\",\"\",'AVI Antenna (Desc)'!E174)","v":""},{"$f":"IF('AVI Antenna (Desc)'!F174=\"\",\"\",INDEX([1]ANTENNA_TYPE!$A$2:$A$100,MATCH('AVI Antenna (Desc)'!$F174,[1]!MASTER_ANTENNA_TYPE_DESC[#Data],0),0))","v":""},{"$f":"IF('AVI Antenna (Desc)'!G174=\"\",\"\",INDEX([1]ANTENNA_MANUF!$A$2:$A$100,MATCH('AVI Antenna (Desc)'!$G174,[1]!MASTER_ANTENNA_MANUF_DESC[#Data],0),0))","v":""},{"$f":"IF('AVI Antenna (Desc)'!H174=\"\",\"\",INDEX([1]ANTENNA_MODEL!$A$2:$A$50,MATCH(1,([1]ANTENNA_MODEL!$C$2:$C$50='AVI Antenna (Desc)'!$G174)*([1]ANTENNA_MODEL!$D$2:$D$50='AVI Antenna (Desc)'!$H174),0),0))","v":""},{"$f":"IF('AVI Antenna (Desc)'!I174=\"\",\"\",INDEX([1]LANE_COVERAGE!$A$2:$A$100,MATCH('AVI Antenna (Desc)'!$I174,[1]!MASTER_LANE_COVERAGE_DESC[#Data],0),0))","v":""},{"$f":"IF('AVI Antenna (Desc)'!J174=\"\",\"\",INDEX([1]LANE_DIRECTION!$A$2:$A$100,MATCH('AVI Antenna (Desc)'!$J174,[1]!MASTER_LANE_DIRECTION_DESC[#Data],0),0))","v":""}]
[{"$f":"IF('AVI Antenna (Desc)'!B175=\"\",\"\",\"2007\")","v":""},{"$f":"IF('AVI Antenna (Desc)'!E175=\"\",\"\",'AVI Antenna (Desc)'!B175)","v":""},{"$f":"IF('AVI Antenna (Desc)'!C175=\"\",\"\",'AVI Antenna (Desc)'!C175)","v":""},{"$f":"IF('AVI Antenna (Desc)'!D175=\"\",\"\",INDEX([1]ASSET_ID_SOURCE!$A$2:$A$50,MATCH('AVI Antenna (Desc)'!D175,[1]!MASTER_ASSET_ID_SOURCE_DESC,0),0))","v":""},{"$f":"IF('AVI Antenna (Desc)'!F175=\"\",\"\",'AVI Antenna (Desc)'!E175)","v":""},{"$f":"IF('AVI Antenna (Desc)'!F175=\"\",\"\",INDEX([1]ANTENNA_TYPE!$A$2:$A$100,MATCH('AVI Antenna (Desc)'!$F175,[1]!MASTER_ANTENNA_TYPE_DESC[#Data],0),0))","v":""},{"$f":"IF('AVI Antenna (Desc)'!G175=\"\",\"\",INDEX([1]ANTENNA_MANUF!$A$2:$A$100,MATCH('AVI Antenna (Desc)'!$G175,[1]!MASTER_ANTENNA_MANUF_DESC[#Data],0),0))","v":""},{"$f":"IF('AVI Antenna (Desc)'!H175=\"\",\"\",INDEX([1]ANTENNA_MODEL!$A$2:$A$50,MATCH(1,([1]ANTENNA_MODEL!$C$2:$C$50='AVI Antenna (Desc)'!$G175)*([1]ANTENNA_MODEL!$D$2:$D$50='AVI Antenna (Desc)'!$H175),0),0))","v":""},{"$f":"IF('AVI Antenna (Desc)'!I175=\"\",\"\",INDEX([1]LANE_COVERAGE!$A$2:$A$100,MATCH('AVI Antenna (Desc)'!$I175,[1]!MASTER_LANE_COVERAGE_DESC[#Data],0),0))","v":""},{"$f":"IF('AVI Antenna (Desc)'!J175=\"\",\"\",INDEX([1]LANE_DIRECTION!$A$2:$A$100,MATCH('AVI Antenna (Desc)'!$J175,[1]!MASTER_LANE_DIRECTION_DESC[#Data],0),0))","v":""}]
[{"$f":"IF('AVI Antenna (Desc)'!B176=\"\",\"\",\"2007\")","v":""},{"$f":"IF('AVI Antenna (Desc)'!E176=\"\",\"\",'AVI Antenna (Desc)'!B176)","v":""},{"$f":"IF('AVI Antenna (Desc)'!C176=\"\",\"\",'AVI Antenna (Desc)'!C176)","v":""},{"$f":"IF('AVI Antenna (Desc)'!D176=\"\",\"\",INDEX([1]ASSET_ID_SOURCE!$A$2:$A$50,MATCH('AVI Antenna (Desc)'!D176,[1]!MASTER_ASSET_ID_SOURCE_DESC,0),0))","v":""},{"$f":"IF('AVI Antenna (Desc)'!F176=\"\",\"\",'AVI Antenna (Desc)'!E176)","v":""},{"$f":"IF('AVI Antenna (Desc)'!F176=\"\",\"\",INDEX([1]ANTENNA_TYPE!$A$2:$A$100,MATCH('AVI Antenna (Desc)'!$F176,[1]!MASTER_ANTENNA_TYPE_DESC[#Data],0),0))","v":""},{"$f":"IF('AVI Antenna (Desc)'!G176=\"\",\"\",INDEX([1]ANTENNA_MANUF!$A$2:$A$100,MATCH('AVI Antenna (Desc)'!$G176,[1]!MASTER_ANTENNA_MANUF_DESC[#Data],0),0))","v":""},{"$f":"IF('AVI Antenna (Desc)'!H176=\"\",\"\",INDEX([1]ANTENNA_MODEL!$A$2:$A$50,MATCH(1,([1]ANTENNA_MODEL!$C$2:$C$50='AVI Antenna (Desc)'!$G176)*([1]ANTENNA_MODEL!$D$2:$D$50='AVI Antenna (Desc)'!$H176),0),0))","v":""},{"$f":"IF('AVI Antenna (Desc)'!I176=\"\",\"\",INDEX([1]LANE_COVERAGE!$A$2:$A$100,MATCH('AVI Antenna (Desc)'!$I176,[1]!MASTER_LANE_COVERAGE_DESC[#Data],0),0))","v":""},{"$f":"IF('AVI Antenna (Desc)'!J176=\"\",\"\",INDEX([1]LANE_DIRECTION!$A$2:$A$100,MATCH('AVI Antenna (Desc)'!$J176,[1]!MASTER_LANE_DIRECTION_DESC[#Data],0),0))","v":""}]
[{"$f":"IF('AVI Antenna (Desc)'!B177=\"\",\"\",\"2007\")","v":""},{"$f":"IF('AVI Antenna (Desc)'!E177=\"\",\"\",'AVI Antenna (Desc)'!B177)","v":""},{"$f":"IF('AVI Antenna (Desc)'!C177=\"\",\"\",'AVI Antenna (Desc)'!C177)","v":""},{"$f":"IF('AVI Antenna (Desc)'!D177=\"\",\"\",INDEX([1]ASSET_ID_SOURCE!$A$2:$A$50,MATCH('AVI Antenna (Desc)'!D177,[1]!MASTER_ASSET_ID_SOURCE_DESC,0),0))","v":""},{"$f":"IF('AVI Antenna (Desc)'!F177=\"\",\"\",'AVI Antenna (Desc)'!E177)","v":""},{"$f":"IF('AVI Antenna (Desc)'!F177=\"\",\"\",INDEX([1]ANTENNA_TYPE!$A$2:$A$100,MATCH('AVI Antenna (Desc)'!$F177,[1]!MASTER_ANTENNA_TYPE_DESC[#Data],0),0))","v":""},{"$f":"IF('AVI Antenna (Desc)'!G177=\"\",\"\",INDEX([1]ANTENNA_MANUF!$A$2:$A$100,MATCH('AVI Antenna (Desc)'!$G177,[1]!MASTER_ANTENNA_MANUF_DESC[#Data],0),0))","v":""},{"$f":"IF('AVI Antenna (Desc)'!H177=\"\",\"\",INDEX([1]ANTENNA_MODEL!$A$2:$A$50,MATCH(1,([1]ANTENNA_MODEL!$C$2:$C$50='AVI Antenna (Desc)'!$G177)*([1]ANTENNA_MODEL!$D$2:$D$50='AVI Antenna (Desc)'!$H177),0),0))","v":""},{"$f":"IF('AVI Antenna (Desc)'!I177=\"\",\"\",INDEX([1]LANE_COVERAGE!$A$2:$A$100,MATCH('AVI Antenna (Desc)'!$I177,[1]!MASTER_LANE_COVERAGE_DESC[#Data],0),0))","v":""},{"$f":"IF('AVI Antenna (Desc)'!J177=\"\",\"\",INDEX([1]LANE_DIRECTION!$A$2:$A$100,MATCH('AVI Antenna (Desc)'!$J177,[1]!MASTER_LANE_DIRECTION_DESC[#Data],0),0))","v":""}]
[{"$f":"IF('AVI Antenna (Desc)'!B178=\"\",\"\",\"2007\")","v":""},{"$f":"IF('AVI Antenna (Desc)'!E178=\"\",\"\",'AVI Antenna (Desc)'!B178)","v":""},{"$f":"IF('AVI Antenna (Desc)'!C178=\"\",\"\",'AVI Antenna (Desc)'!C178)","v":""},{"$f":"IF('AVI Antenna (Desc)'!D178=\"\",\"\",INDEX([1]ASSET_ID_SOURCE!$A$2:$A$50,MATCH('AVI Antenna (Desc)'!D178,[1]!MASTER_ASSET_ID_SOURCE_DESC,0),0))","v":""},{"$f":"IF('AVI Antenna (Desc)'!F178=\"\",\"\",'AVI Antenna (Desc)'!E178)","v":""},{"$f":"IF('AVI Antenna (Desc)'!F178=\"\",\"\",INDEX([1]ANTENNA_TYPE!$A$2:$A$100,MATCH('AVI Antenna (Desc)'!$F178,[1]!MASTER_ANTENNA_TYPE_DESC[#Data],0),0))","v":""},{"$f":"IF('AVI Antenna (Desc)'!G178=\"\",\"\",INDEX([1]ANTENNA_MANUF!$A$2:$A$100,MATCH('AVI Antenna (Desc)'!$G178,[1]!MASTER_ANTENNA_MANUF_DESC[#Data],0),0))","v":""},{"$f":"IF('AVI Antenna (Desc)'!H178=\"\",\"\",INDEX([1]ANTENNA_MODEL!$A$2:$A$50,MATCH(1,([1]ANTENNA_MODEL!$C$2:$C$50='AVI Antenna (Desc)'!$G178)*([1]ANTENNA_MODEL!$D$2:$D$50='AVI Antenna (Desc)'!$H178),0),0))","v":""},{"$f":"IF('AVI Antenna (Desc)'!I178=\"\",\"\",INDEX([1]LANE_COVERAGE!$A$2:$A$100,MATCH('AVI Antenna (Desc)'!$I178,[1]!MASTER_LANE_COVERAGE_DESC[#Data],0),0))","v":""},{"$f":"IF('AVI Antenna (Desc)'!J178=\"\",\"\",INDEX([1]LANE_DIRECTION!$A$2:$A$100,MATCH('AVI Antenna (Desc)'!$J178,[1]!MASTER_LANE_DIRECTION_DESC[#Data],0),0))","v":""}]
[{"$f":"IF('AVI Antenna (Desc)'!B179=\"\",\"\",\"2007\")","v":""},{"$f":"IF('AVI Antenna (Desc)'!E179=\"\",\"\",'AVI Antenna (Desc)'!B179)","v":""},{"$f":"IF('AVI Antenna (Desc)'!C179=\"\",\"\",'AVI Antenna (Desc)'!C179)","v":""},{"$f":"IF('AVI Antenna (Desc)'!D179=\"\",\"\",INDEX([1]ASSET_ID_SOURCE!$A$2:$A$50,MATCH('AVI Antenna (Desc)'!D179,[1]!MASTER_ASSET_ID_SOURCE_DESC,0),0))","v":""},{"$f":"IF('AVI Antenna (Desc)'!F179=\"\",\"\",'AVI Antenna (Desc)'!E179)","v":""},{"$f":"IF('AVI Antenna (Desc)'!F179=\"\",\"\",INDEX([1]ANTENNA_TYPE!$A$2:$A$100,MATCH('AVI Antenna (Desc)'!$F179,[1]!MASTER_ANTENNA_TYPE_DESC[#Data],0),0))","v":""},{"$f":"IF('AVI Antenna (Desc)'!G179=\"\",\"\",INDEX([1]ANTENNA_MANUF!$A$2:$A$100,MATCH('AVI Antenna (Desc)'!$G179,[1]!MASTER_ANTENNA_MANUF_DESC[#Data],0),0))","v":""},{"$f":"IF('AVI Antenna (Desc)'!H179=\"\",\"\",INDEX([1]ANTENNA_MODEL!$A$2:$A$50,MATCH(1,([1]ANTENNA_MODEL!$C$2:$C$50='AVI Antenna (Desc)'!$G179)*([1]ANTENNA_MODEL!$D$2:$D$50='AVI Antenna (Desc)'!$H179),0),0))","v":""},{"$f":"IF('AVI Antenna (Desc)'!I179=\"\",\"\",INDEX([1]LANE_COVERAGE!$A$2:$A$100,MATCH('AVI Antenna (Desc)'!$I179,[1]!MASTER_LANE_COVERAGE_DESC[#Data],0),0))","v":""},{"$f":"IF('AVI Antenna (Desc)'!J179=\"\",\"\",INDEX([1]LANE_DIRECTION!$A$2:$A$100,MATCH('AVI Antenna (Desc)'!$J179,[1]!MASTER_LANE_DIRECTION_DESC[#Data],0),0))","v":""}]
[{"$f":"IF('AVI Antenna (Desc)'!B180=\"\",\"\",\"2007\")","v":""},{"$f":"IF('AVI Antenna (Desc)'!E180=\"\",\"\",'AVI Antenna (Desc)'!B180)","v":""},{"$f":"IF('AVI Antenna (Desc)'!C180=\"\",\"\",'AVI Antenna (Desc)'!C180)","v":""},{"$f":"IF('AVI Antenna (Desc)'!D180=\"\",\"\",INDEX([1]ASSET_ID_SOURCE!$A$2:$A$50,MATCH('AVI Antenna (Desc)'!D180,[1]!MASTER_ASSET_ID_SOURCE_DESC,0),0))","v":""},{"$f":"IF('AVI Antenna (Desc)'!F180=\"\",\"\",'AVI Antenna (Desc)'!E180)","v":""},{"$f":"IF('AVI Antenna (Desc)'!F180=\"\",\"\",INDEX([1]ANTENNA_TYPE!$A$2:$A$100,MATCH('AVI Antenna (Desc)'!$F180,[1]!MASTER_ANTENNA_TYPE_DESC[#Data],0),0))","v":""},{"$f":"IF('AVI Antenna (Desc)'!G180=\"\",\"\",INDEX([1]ANTENNA_MANUF!$A$2:$A$100,MATCH('AVI Antenna (Desc)'!$G180,[1]!MASTER_ANTENNA_MANUF_DESC[#Data],0),0))","v":""},{"$f":"IF('AVI Antenna (Desc)'!H180=\"\",\"\",INDEX([1]ANTENNA_MODEL!$A$2:$A$50,MATCH(1,([1]ANTENNA_MODEL!$C$2:$C$50='AVI Antenna (Desc)'!$G180)*([1]ANTENNA_MODEL!$D$2:$D$50='AVI Antenna (Desc)'!$H180),0),0))","v":""},{"$f":"IF('AVI Antenna (Desc)'!I180=\"\",\"\",INDEX([1]LANE_COVERAGE!$A$2:$A$100,MATCH('AVI Antenna (Desc)'!$I180,[1]!MASTER_LANE_COVERAGE_DESC[#Data],0),0))","v":""},{"$f":"IF('AVI Antenna (Desc)'!J180=\"\",\"\",INDEX([1]LANE_DIRECTION!$A$2:$A$100,MATCH('AVI Antenna (Desc)'!$J180,[1]!MASTER_LANE_DIRECTION_DESC[#Data],0),0))","v":""}]
[{"$f":"IF('AVI Antenna (Desc)'!B181=\"\",\"\",\"2007\")","v":""},{"$f":"IF('AVI Antenna (Desc)'!E181=\"\",\"\",'AVI Antenna (Desc)'!B181)","v":""},{"$f":"IF('AVI Antenna (Desc)'!C181=\"\",\"\",'AVI Antenna (Desc)'!C181)","v":""},{"$f":"IF('AVI Antenna (Desc)'!D181=\"\",\"\",INDEX([1]ASSET_ID_SOURCE!$A$2:$A$50,MATCH('AVI Antenna (Desc)'!D181,[1]!MASTER_ASSET_ID_SOURCE_DESC,0),0))","v":""},{"$f":"IF('AVI Antenna (Desc)'!F181=\"\",\"\",'AVI Antenna (Desc)'!E181)","v":""},{"$f":"IF('AVI Antenna (Desc)'!F181=\"\",\"\",INDEX([1]ANTENNA_TYPE!$A$2:$A$100,MATCH('AVI Antenna (Desc)'!$F181,[1]!MASTER_ANTENNA_TYPE_DESC[#Data],0),0))","v":""},{"$f":"IF('AVI Antenna (Desc)'!G181=\"\",\"\",INDEX([1]ANTENNA_MANUF!$A$2:$A$100,MATCH('AVI Antenna (Desc)'!$G181,[1]!MASTER_ANTENNA_MANUF_DESC[#Data],0),0))","v":""},{"$f":"IF('AVI Antenna (Desc)'!H181=\"\",\"\",INDEX([1]ANTENNA_MODEL!$A$2:$A$50,MATCH(1,([1]ANTENNA_MODEL!$C$2:$C$50='AVI Antenna (Desc)'!$G181)*([1]ANTENNA_MODEL!$D$2:$D$50='AVI Antenna (Desc)'!$H181),0),0))","v":""},{"$f":"IF('AVI Antenna (Desc)'!I181=\"\",\"\",INDEX([1]LANE_COVERAGE!$A$2:$A$100,MATCH('AVI Antenna (Desc)'!$I181,[1]!MASTER_LANE_COVERAGE_DESC[#Data],0),0))","v":""},{"$f":"IF('AVI Antenna (Desc)'!J181=\"\",\"\",INDEX([1]LANE_DIRECTION!$A$2:$A$100,MATCH('AVI Antenna (Desc)'!$J181,[1]!MASTER_LANE_DIRECTION_DESC[#Data],0),0))","v":""}]
[{"$f":"IF('AVI Antenna (Desc)'!B182=\"\",\"\",\"2007\")","v":""},{"$f":"IF('AVI Antenna (Desc)'!E182=\"\",\"\",'AVI Antenna (Desc)'!B182)","v":""},{"$f":"IF('AVI Antenna (Desc)'!C182=\"\",\"\",'AVI Antenna (Desc)'!C182)","v":""},{"$f":"IF('AVI Antenna (Desc)'!D182=\"\",\"\",INDEX([1]ASSET_ID_SOURCE!$A$2:$A$50,MATCH('AVI Antenna (Desc)'!D182,[1]!MASTER_ASSET_ID_SOURCE_DESC,0),0))","v":""},{"$f":"IF('AVI Antenna (Desc)'!F182=\"\",\"\",'AVI Antenna (Desc)'!E182)","v":""},{"$f":"IF('AVI Antenna (Desc)'!F182=\"\",\"\",INDEX([1]ANTENNA_TYPE!$A$2:$A$100,MATCH('AVI Antenna (Desc)'!$F182,[1]!MASTER_ANTENNA_TYPE_DESC[#Data],0),0))","v":""},{"$f":"IF('AVI Antenna (Desc)'!G182=\"\",\"\",INDEX([1]ANTENNA_MANUF!$A$2:$A$100,MATCH('AVI Antenna (Desc)'!$G182,[1]!MASTER_ANTENNA_MANUF_DESC[#Data],0),0))","v":""},{"$f":"IF('AVI Antenna (Desc)'!H182=\"\",\"\",INDEX([1]ANTENNA_MODEL!$A$2:$A$50,MATCH(1,([1]ANTENNA_MODEL!$C$2:$C$50='AVI Antenna (Desc)'!$G182)*([1]ANTENNA_MODEL!$D$2:$D$50='AVI Antenna (Desc)'!$H182),0),0))","v":""},{"$f":"IF('AVI Antenna (Desc)'!I182=\"\",\"\",INDEX([1]LANE_COVERAGE!$A$2:$A$100,MATCH('AVI Antenna (Desc)'!$I182,[1]!MASTER_LANE_COVERAGE_DESC[#Data],0),0))","v":""},{"$f":"IF('AVI Antenna (Desc)'!J182=\"\",\"\",INDEX([1]LANE_DIRECTION!$A$2:$A$100,MATCH('AVI Antenna (Desc)'!$J182,[1]!MASTER_LANE_DIRECTION_DESC[#Data],0),0))","v":""}]
[{"$f":"IF('AVI Antenna (Desc)'!B183=\"\",\"\",\"2007\")","v":""},{"$f":"IF('AVI Antenna (Desc)'!E183=\"\",\"\",'AVI Antenna (Desc)'!B183)","v":""},{"$f":"IF('AVI Antenna (Desc)'!C183=\"\",\"\",'AVI Antenna (Desc)'!C183)","v":""},{"$f":"IF('AVI Antenna (Desc)'!D183=\"\",\"\",INDEX([1]ASSET_ID_SOURCE!$A$2:$A$50,MATCH('AVI Antenna (Desc)'!D183,[1]!MASTER_ASSET_ID_SOURCE_DESC,0),0))","v":""},{"$f":"IF('AVI Antenna (Desc)'!F183=\"\",\"\",'AVI Antenna (Desc)'!E183)","v":""},{"$f":"IF('AVI Antenna (Desc)'!F183=\"\",\"\",INDEX([1]ANTENNA_TYPE!$A$2:$A$100,MATCH('AVI Antenna (Desc)'!$F183,[1]!MASTER_ANTENNA_TYPE_DESC[#Data],0),0))","v":""},{"$f":"IF('AVI Antenna (Desc)'!G183=\"\",\"\",INDEX([1]ANTENNA_MANUF!$A$2:$A$100,MATCH('AVI Antenna (Desc)'!$G183,[1]!MASTER_ANTENNA_MANUF_DESC[#Data],0),0))","v":""},{"$f":"IF('AVI Antenna (Desc)'!H183=\"\",\"\",INDEX([1]ANTENNA_MODEL!$A$2:$A$50,MATCH(1,([1]ANTENNA_MODEL!$C$2:$C$50='AVI Antenna (Desc)'!$G183)*([1]ANTENNA_MODEL!$D$2:$D$50='AVI Antenna (Desc)'!$H183),0),0))","v":""},{"$f":"IF('AVI Antenna (Desc)'!I183=\"\",\"\",INDEX([1]LANE_COVERAGE!$A$2:$A$100,MATCH('AVI Antenna (Desc)'!$I183,[1]!MASTER_LANE_COVERAGE_DESC[#Data],0),0))","v":""},{"$f":"IF('AVI Antenna (Desc)'!J183=\"\",\"\",INDEX([1]LANE_DIRECTION!$A$2:$A$100,MATCH('AVI Antenna (Desc)'!$J183,[1]!MASTER_LANE_DIRECTION_DESC[#Data],0),0))","v":""}]
[{"$f":"IF('AVI Antenna (Desc)'!B184=\"\",\"\",\"2007\")","v":""},{"$f":"IF('AVI Antenna (Desc)'!E184=\"\",\"\",'AVI Antenna (Desc)'!B184)","v":""},{"$f":"IF('AVI Antenna (Desc)'!C184=\"\",\"\",'AVI Antenna (Desc)'!C184)","v":""},{"$f":"IF('AVI Antenna (Desc)'!D184=\"\",\"\",INDEX([1]ASSET_ID_SOURCE!$A$2:$A$50,MATCH('AVI Antenna (Desc)'!D184,[1]!MASTER_ASSET_ID_SOURCE_DESC,0),0))","v":""},{"$f":"IF('AVI Antenna (Desc)'!F184=\"\",\"\",'AVI Antenna (Desc)'!E184)","v":""},{"$f":"IF('AVI Antenna (Desc)'!F184=\"\",\"\",INDEX([1]ANTENNA_TYPE!$A$2:$A$100,MATCH('AVI Antenna (Desc)'!$F184,[1]!MASTER_ANTENNA_TYPE_DESC[#Data],0),0))","v":""},{"$f":"IF('AVI Antenna (Desc)'!G184=\"\",\"\",INDEX([1]ANTENNA_MANUF!$A$2:$A$100,MATCH('AVI Antenna (Desc)'!$G184,[1]!MASTER_ANTENNA_MANUF_DESC[#Data],0),0))","v":""},{"$f":"IF('AVI Antenna (Desc)'!H184=\"\",\"\",INDEX([1]ANTENNA_MODEL!$A$2:$A$50,MATCH(1,([1]ANTENNA_MODEL!$C$2:$C$50='AVI Antenna (Desc)'!$G184)*([1]ANTENNA_MODEL!$D$2:$D$50='AVI Antenna (Desc)'!$H184),0),0))","v":""},{"$f":"IF('AVI Antenna (Desc)'!I184=\"\",\"\",INDEX([1]LANE_COVERAGE!$A$2:$A$100,MATCH('AVI Antenna (Desc)'!$I184,[1]!MASTER_LANE_COVERAGE_DESC[#Data],0),0))","v":""},{"$f":"IF('AVI Antenna (Desc)'!J184=\"\",\"\",INDEX([1]LANE_DIRECTION!$A$2:$A$100,MATCH('AVI Antenna (Desc)'!$J184,[1]!MASTER_LANE_DIRECTION_DESC[#Data],0),0))","v":""}]
[{"$f":"IF('AVI Antenna (Desc)'!B185=\"\",\"\",\"2007\")","v":""},{"$f":"IF('AVI Antenna (Desc)'!E185=\"\",\"\",'AVI Antenna (Desc)'!B185)","v":""},{"$f":"IF('AVI Antenna (Desc)'!C185=\"\",\"\",'AVI Antenna (Desc)'!C185)","v":""},{"$f":"IF('AVI Antenna (Desc)'!D185=\"\",\"\",INDEX([1]ASSET_ID_SOURCE!$A$2:$A$50,MATCH('AVI Antenna (Desc)'!D185,[1]!MASTER_ASSET_ID_SOURCE_DESC,0),0))","v":""},{"$f":"IF('AVI Antenna (Desc)'!F185=\"\",\"\",'AVI Antenna (Desc)'!E185)","v":""},{"$f":"IF('AVI Antenna (Desc)'!F185=\"\",\"\",INDEX([1]ANTENNA_TYPE!$A$2:$A$100,MATCH('AVI Antenna (Desc)'!$F185,[1]!MASTER_ANTENNA_TYPE_DESC[#Data],0),0))","v":""},{"$f":"IF('AVI Antenna (Desc)'!G185=\"\",\"\",INDEX([1]ANTENNA_MANUF!$A$2:$A$100,MATCH('AVI Antenna (Desc)'!$G185,[1]!MASTER_ANTENNA_MANUF_DESC[#Data],0),0))","v":""},{"$f":"IF('AVI Antenna (Desc)'!H185=\"\",\"\",INDEX([1]ANTENNA_MODEL!$A$2:$A$50,MATCH(1,([1]ANTENNA_MODEL!$C$2:$C$50='AVI Antenna (Desc)'!$G185)*([1]ANTENNA_MODEL!$D$2:$D$50='AVI Antenna (Desc)'!$H185),0),0))","v":""},{"$f":"IF('AVI Antenna (Desc)'!I185=\"\",\"\",INDEX([1]LANE_COVERAGE!$A$2:$A$100,MATCH('AVI Antenna (Desc)'!$I185,[1]!MASTER_LANE_COVERAGE_DESC[#Data],0),0))","v":""},{"$f":"IF('AVI Antenna (Desc)'!J185=\"\",\"\",INDEX([1]LANE_DIRECTION!$A$2:$A$100,MATCH('AVI Antenna (Desc)'!$J185,[1]!MASTER_LANE_DIRECTION_DESC[#Data],0),0))","v":""}]
[{"$f":"IF('AVI Antenna (Desc)'!B186=\"\",\"\",\"2007\")","v":""},{"$f":"IF('AVI Antenna (Desc)'!E186=\"\",\"\",'AVI Antenna (Desc)'!B186)","v":""},{"$f":"IF('AVI Antenna (Desc)'!C186=\"\",\"\",'AVI Antenna (Desc)'!C186)","v":""},{"$f":"IF('AVI Antenna (Desc)'!D186=\"\",\"\",INDEX([1]ASSET_ID_SOURCE!$A$2:$A$50,MATCH('AVI Antenna (Desc)'!D186,[1]!MASTER_ASSET_ID_SOURCE_DESC,0),0))","v":""},{"$f":"IF('AVI Antenna (Desc)'!F186=\"\",\"\",'AVI Antenna (Desc)'!E186)","v":""},{"$f":"IF('AVI Antenna (Desc)'!F186=\"\",\"\",INDEX([1]ANTENNA_TYPE!$A$2:$A$100,MATCH('AVI Antenna (Desc)'!$F186,[1]!MASTER_ANTENNA_TYPE_DESC[#Data],0),0))","v":""},{"$f":"IF('AVI Antenna (Desc)'!G186=\"\",\"\",INDEX([1]ANTENNA_MANUF!$A$2:$A$100,MATCH('AVI Antenna (Desc)'!$G186,[1]!MASTER_ANTENNA_MANUF_DESC[#Data],0),0))","v":""},{"$f":"IF('AVI Antenna (Desc)'!H186=\"\",\"\",INDEX([1]ANTENNA_MODEL!$A$2:$A$50,MATCH(1,([1]ANTENNA_MODEL!$C$2:$C$50='AVI Antenna (Desc)'!$G186)*([1]ANTENNA_MODEL!$D$2:$D$50='AVI Antenna (Desc)'!$H186),0),0))","v":""},{"$f":"IF('AVI Antenna (Desc)'!I186=\"\",\"\",INDEX([1]LANE_COVERAGE!$A$2:$A$100,MATCH('AVI Antenna (Desc)'!$I186,[1]!MASTER_LANE_COVERAGE_DESC[#Data],0),0))","v":""},{"$f":"IF('AVI Antenna (Desc)'!J186=\"\",\"\",INDEX([1]LANE_DIRECTION!$A$2:$A$100,MATCH('AVI Antenna (Desc)'!$J186,[1]!MASTER_LANE_DIRECTION_DESC[#Data],0),0))","v":""}]
[{"$f":"IF('AVI Antenna (Desc)'!B187=\"\",\"\",\"2007\")","v":""},{"$f":"IF('AVI Antenna (Desc)'!E187=\"\",\"\",'AVI Antenna (Desc)'!B187)","v":""},{"$f":"IF('AVI Antenna (Desc)'!C187=\"\",\"\",'AVI Antenna (Desc)'!C187)","v":""},{"$f":"IF('AVI Antenna (Desc)'!D187=\"\",\"\",INDEX([1]ASSET_ID_SOURCE!$A$2:$A$50,MATCH('AVI Antenna (Desc)'!D187,[1]!MASTER_ASSET_ID_SOURCE_DESC,0),0))","v":""},{"$f":"IF('AVI Antenna (Desc)'!F187=\"\",\"\",'AVI Antenna (Desc)'!E187)","v":""},{"$f":"IF('AVI Antenna (Desc)'!F187=\"\",\"\",INDEX([1]ANTENNA_TYPE!$A$2:$A$100,MATCH('AVI Antenna (Desc)'!$F187,[1]!MASTER_ANTENNA_TYPE_DESC[#Data],0),0))","v":""},{"$f":"IF('AVI Antenna (Desc)'!G187=\"\",\"\",INDEX([1]ANTENNA_MANUF!$A$2:$A$100,MATCH('AVI Antenna (Desc)'!$G187,[1]!MASTER_ANTENNA_MANUF_DESC[#Data],0),0))","v":""},{"$f":"IF('AVI Antenna (Desc)'!H187=\"\",\"\",INDEX([1]ANTENNA_MODEL!$A$2:$A$50,MATCH(1,([1]ANTENNA_MODEL!$C$2:$C$50='AVI Antenna (Desc)'!$G187)*([1]ANTENNA_MODEL!$D$2:$D$50='AVI Antenna (Desc)'!$H187),0),0))","v":""},{"$f":"IF('AVI Antenna (Desc)'!I187=\"\",\"\",INDEX([1]LANE_COVERAGE!$A$2:$A$100,MATCH('AVI Antenna (Desc)'!$I187,[1]!MASTER_LANE_COVERAGE_DESC[#Data],0),0))","v":""},{"$f":"IF('AVI Antenna (Desc)'!J187=\"\",\"\",INDEX([1]LANE_DIRECTION!$A$2:$A$100,MATCH('AVI Antenna (Desc)'!$J187,[1]!MASTER_LANE_DIRECTION_DESC[#Data],0),0))","v":""}]
[{"$f":"IF('AVI Antenna (Desc)'!B188=\"\",\"\",\"2007\")","v":""},{"$f":"IF('AVI Antenna (Desc)'!E188=\"\",\"\",'AVI Antenna (Desc)'!B188)","v":""},{"$f":"IF('AVI Antenna (Desc)'!C188=\"\",\"\",'AVI Antenna (Desc)'!C188)","v":""},{"$f":"IF('AVI Antenna (Desc)'!D188=\"\",\"\",INDEX([1]ASSET_ID_SOURCE!$A$2:$A$50,MATCH('AVI Antenna (Desc)'!D188,[1]!MASTER_ASSET_ID_SOURCE_DESC,0),0))","v":""},{"$f":"IF('AVI Antenna (Desc)'!F188=\"\",\"\",'AVI Antenna (Desc)'!E188)","v":""},{"$f":"IF('AVI Antenna (Desc)'!F188=\"\",\"\",INDEX([1]ANTENNA_TYPE!$A$2:$A$100,MATCH('AVI Antenna (Desc)'!$F188,[1]!MASTER_ANTENNA_TYPE_DESC[#Data],0),0))","v":""},{"$f":"IF('AVI Antenna (Desc)'!G188=\"\",\"\",INDEX([1]ANTENNA_MANUF!$A$2:$A$100,MATCH('AVI Antenna (Desc)'!$G188,[1]!MASTER_ANTENNA_MANUF_DESC[#Data],0),0))","v":""},{"$f":"IF('AVI Antenna (Desc)'!H188=\"\",\"\",INDEX([1]ANTENNA_MODEL!$A$2:$A$50,MATCH(1,([1]ANTENNA_MODEL!$C$2:$C$50='AVI Antenna (Desc)'!$G188)*([1]ANTENNA_MODEL!$D$2:$D$50='AVI Antenna (Desc)'!$H188),0),0))","v":""},{"$f":"IF('AVI Antenna (Desc)'!I188=\"\",\"\",INDEX([1]LANE_COVERAGE!$A$2:$A$100,MATCH('AVI Antenna (Desc)'!$I188,[1]!MASTER_LANE_COVERAGE_DESC[#Data],0),0))","v":""},{"$f":"IF('AVI Antenna (Desc)'!J188=\"\",\"\",INDEX([1]LANE_DIRECTION!$A$2:$A$100,MATCH('AVI Antenna (Desc)'!$J188,[1]!MASTER_LANE_DIRECTION_DESC[#Data],0),0))","v":""}]
[{"$f":"IF('AVI Antenna (Desc)'!B189=\"\",\"\",\"2007\")","v":""},{"$f":"IF('AVI Antenna (Desc)'!E189=\"\",\"\",'AVI Antenna (Desc)'!B189)","v":""},{"$f":"IF('AVI Antenna (Desc)'!C189=\"\",\"\",'AVI Antenna (Desc)'!C189)","v":""},{"$f":"IF('AVI Antenna (Desc)'!D189=\"\",\"\",INDEX([1]ASSET_ID_SOURCE!$A$2:$A$50,MATCH('AVI Antenna (Desc)'!D189,[1]!MASTER_ASSET_ID_SOURCE_DESC,0),0))","v":""},{"$f":"IF('AVI Antenna (Desc)'!F189=\"\",\"\",'AVI Antenna (Desc)'!E189)","v":""},{"$f":"IF('AVI Antenna (Desc)'!F189=\"\",\"\",INDEX([1]ANTENNA_TYPE!$A$2:$A$100,MATCH('AVI Antenna (Desc)'!$F189,[1]!MASTER_ANTENNA_TYPE_DESC[#Data],0),0))","v":""},{"$f":"IF('AVI Antenna (Desc)'!G189=\"\",\"\",INDEX([1]ANTENNA_MANUF!$A$2:$A$100,MATCH('AVI Antenna (Desc)'!$G189,[1]!MASTER_ANTENNA_MANUF_DESC[#Data],0),0))","v":""},{"$f":"IF('AVI Antenna (Desc)'!H189=\"\",\"\",INDEX([1]ANTENNA_MODEL!$A$2:$A$50,MATCH(1,([1]ANTENNA_MODEL!$C$2:$C$50='AVI Antenna (Desc)'!$G189)*([1]ANTENNA_MODEL!$D$2:$D$50='AVI Antenna (Desc)'!$H189),0),0))","v":""},{"$f":"IF('AVI Antenna (Desc)'!I189=\"\",\"\",INDEX([1]LANE_COVERAGE!$A$2:$A$100,MATCH('AVI Antenna (Desc)'!$I189,[1]!MASTER_LANE_COVERAGE_DESC[#Data],0),0))","v":""},{"$f":"IF('AVI Antenna (Desc)'!J189=\"\",\"\",INDEX([1]LANE_DIRECTION!$A$2:$A$100,MATCH('AVI Antenna (Desc)'!$J189,[1]!MASTER_LANE_DIRECTION_DESC[#Data],0),0))","v":""}]
[{"$f":"IF('AVI Antenna (Desc)'!B190=\"\",\"\",\"2007\")","v":""},{"$f":"IF('AVI Antenna (Desc)'!E190=\"\",\"\",'AVI Antenna (Desc)'!B190)","v":""},{"$f":"IF('AVI Antenna (Desc)'!C190=\"\",\"\",'AVI Antenna (Desc)'!C190)","v":""},{"$f":"IF('AVI Antenna (Desc)'!D190=\"\",\"\",INDEX([1]ASSET_ID_SOURCE!$A$2:$A$50,MATCH('AVI Antenna (Desc)'!D190,[1]!MASTER_ASSET_ID_SOURCE_DESC,0),0))","v":""},{"$f":"IF('AVI Antenna (Desc)'!F190=\"\",\"\",'AVI Antenna (Desc)'!E190)","v":""},{"$f":"IF('AVI Antenna (Desc)'!F190=\"\",\"\",INDEX([1]ANTENNA_TYPE!$A$2:$A$100,MATCH('AVI Antenna (Desc)'!$F190,[1]!MASTER_ANTENNA_TYPE_DESC[#Data],0),0))","v":""},{"$f":"IF('AVI Antenna (Desc)'!G190=\"\",\"\",INDEX([1]ANTENNA_MANUF!$A$2:$A$100,MATCH('AVI Antenna (Desc)'!$G190,[1]!MASTER_ANTENNA_MANUF_DESC[#Data],0),0))","v":""},{"$f":"IF('AVI Antenna (Desc)'!H190=\"\",\"\",INDEX([1]ANTENNA_MODEL!$A$2:$A$50,MATCH(1,([1]ANTENNA_MODEL!$C$2:$C$50='AVI Antenna (Desc)'!$G190)*([1]ANTENNA_MODEL!$D$2:$D$50='AVI Antenna (Desc)'!$H190),0),0))","v":""},{"$f":"IF('AVI Antenna (Desc)'!I190=\"\",\"\",INDEX([1]LANE_COVERAGE!$A$2:$A$100,MATCH('AVI Antenna (Desc)'!$I190,[1]!MASTER_LANE_COVERAGE_DESC[#Data],0),0))","v":""},{"$f":"IF('AVI Antenna (Desc)'!J190=\"\",\"\",INDEX([1]LANE_DIRECTION!$A$2:$A$100,MATCH('AVI Antenna (Desc)'!$J190,[1]!MASTER_LANE_DIRECTION_DESC[#Data],0),0))","v":""}]
[{"$f":"IF('AVI Antenna (Desc)'!B191=\"\",\"\",\"2007\")","v":""},{"$f":"IF('AVI Antenna (Desc)'!E191=\"\",\"\",'AVI Antenna (Desc)'!B191)","v":""},{"$f":"IF('AVI Antenna (Desc)'!C191=\"\",\"\",'AVI Antenna (Desc)'!C191)","v":""},{"$f":"IF('AVI Antenna (Desc)'!D191=\"\",\"\",INDEX([1]ASSET_ID_SOURCE!$A$2:$A$50,MATCH('AVI Antenna (Desc)'!D191,[1]!MASTER_ASSET_ID_SOURCE_DESC,0),0))","v":""},{"$f":"IF('AVI Antenna (Desc)'!F191=\"\",\"\",'AVI Antenna (Desc)'!E191)","v":""},{"$f":"IF('AVI Antenna (Desc)'!F191=\"\",\"\",INDEX([1]ANTENNA_TYPE!$A$2:$A$100,MATCH('AVI Antenna (Desc)'!$F191,[1]!MASTER_ANTENNA_TYPE_DESC[#Data],0),0))","v":""},{"$f":"IF('AVI Antenna (Desc)'!G191=\"\",\"\",INDEX([1]ANTENNA_MANUF!$A$2:$A$100,MATCH('AVI Antenna (Desc)'!$G191,[1]!MASTER_ANTENNA_MANUF_DESC[#Data],0),0))","v":""},{"$f":"IF('AVI Antenna (Desc)'!H191=\"\",\"\",INDEX([1]ANTENNA_MODEL!$A$2:$A$50,MATCH(1,([1]ANTENNA_MODEL!$C$2:$C$50='AVI Antenna (Desc)'!$G191)*([1]ANTENNA_MODEL!$D$2:$D$50='AVI Antenna (Desc)'!$H191),0),0))","v":""},{"$f":"IF('AVI Antenna (Desc)'!I191=\"\",\"\",INDEX([1]LANE_COVERAGE!$A$2:$A$100,MATCH('AVI Antenna (Desc)'!$I191,[1]!MASTER_LANE_COVERAGE_DESC[#Data],0),0))","v":""},{"$f":"IF('AVI Antenna (Desc)'!J191=\"\",\"\",INDEX([1]LANE_DIRECTION!$A$2:$A$100,MATCH('AVI Antenna (Desc)'!$J191,[1]!MASTER_LANE_DIRECTION_DESC[#Data],0),0))","v":""}]
[{"$f":"IF('AVI Antenna (Desc)'!B192=\"\",\"\",\"2007\")","v":""},{"$f":"IF('AVI Antenna (Desc)'!E192=\"\",\"\",'AVI Antenna (Desc)'!B192)","v":""},{"$f":"IF('AVI Antenna (Desc)'!C192=\"\",\"\",'AVI Antenna (Desc)'!C192)","v":""},{"$f":"IF('AVI Antenna (Desc)'!D192=\"\",\"\",INDEX([1]ASSET_ID_SOURCE!$A$2:$A$50,MATCH('AVI Antenna (Desc)'!D192,[1]!MASTER_ASSET_ID_SOURCE_DESC,0),0))","v":""},{"$f":"IF('AVI Antenna (Desc)'!F192=\"\",\"\",'AVI Antenna (Desc)'!E192)","v":""},{"$f":"IF('AVI Antenna (Desc)'!F192=\"\",\"\",INDEX([1]ANTENNA_TYPE!$A$2:$A$100,MATCH('AVI Antenna (Desc)'!$F192,[1]!MASTER_ANTENNA_TYPE_DESC[#Data],0),0))","v":""},{"$f":"IF('AVI Antenna (Desc)'!G192=\"\",\"\",INDEX([1]ANTENNA_MANUF!$A$2:$A$100,MATCH('AVI Antenna (Desc)'!$G192,[1]!MASTER_ANTENNA_MANUF_DESC[#Data],0),0))","v":""},{"$f":"IF('AVI Antenna (Desc)'!H192=\"\",\"\",INDEX([1]ANTENNA_MODEL!$A$2:$A$50,MATCH(1,([1]ANTENNA_MODEL!$C$2:$C$50='AVI Antenna (Desc)'!$G192)*([1]ANTENNA_MODEL!$D$2:$D$50='AVI Antenna (Desc)'!$H192),0),0))","v":""},{"$f":"IF('AVI Antenna (Desc)'!I192=\"\",\"\",INDEX([1]LANE_COVERAGE!$A$2:$A$100,MATCH('AVI Antenna (Desc)'!$I192,[1]!MASTER_LANE_COVERAGE_DESC[#Data],0),0))","v":""},{"$f":"IF('AVI Antenna (Desc)'!J192=\"\",\"\",INDEX([1]LANE_DIRECTION!$A$2:$A$100,MATCH('AVI Antenna (Desc)'!$J192,[1]!MASTER_LANE_DIRECTION_DESC[#Data],0),0))","v":""}]
[{"$f":"IF('AVI Antenna (Desc)'!B193=\"\",\"\",\"2007\")","v":""},{"$f":"IF('AVI Antenna (Desc)'!E193=\"\",\"\",'AVI Antenna (Desc)'!B193)","v":""},{"$f":"IF('AVI Antenna (Desc)'!C193=\"\",\"\",'AVI Antenna (Desc)'!C193)","v":""},{"$f":"IF('AVI Antenna (Desc)'!D193=\"\",\"\",INDEX([1]ASSET_ID_SOURCE!$A$2:$A$50,MATCH('AVI Antenna (Desc)'!D193,[1]!MASTER_ASSET_ID_SOURCE_DESC,0),0))","v":""},{"$f":"IF('AVI Antenna (Desc)'!F193=\"\",\"\",'AVI Antenna (Desc)'!E193)","v":""},{"$f":"IF('AVI Antenna (Desc)'!F193=\"\",\"\",INDEX([1]ANTENNA_TYPE!$A$2:$A$100,MATCH('AVI Antenna (Desc)'!$F193,[1]!MASTER_ANTENNA_TYPE_DESC[#Data],0),0))","v":""},{"$f":"IF('AVI Antenna (Desc)'!G193=\"\",\"\",INDEX([1]ANTENNA_MANUF!$A$2:$A$100,MATCH('AVI Antenna (Desc)'!$G193,[1]!MASTER_ANTENNA_MANUF_DESC[#Data],0),0))","v":""},{"$f":"IF('AVI Antenna (Desc)'!H193=\"\",\"\",INDEX([1]ANTENNA_MODEL!$A$2:$A$50,MATCH(1,([1]ANTENNA_MODEL!$C$2:$C$50='AVI Antenna (Desc)'!$G193)*([1]ANTENNA_MODEL!$D$2:$D$50='AVI Antenna (Desc)'!$H193),0),0))","v":""},{"$f":"IF('AVI Antenna (Desc)'!I193=\"\",\"\",INDEX([1]LANE_COVERAGE!$A$2:$A$100,MATCH('AVI Antenna (Desc)'!$I193,[1]!MASTER_LANE_COVERAGE_DESC[#Data],0),0))","v":""},{"$f":"IF('AVI Antenna (Desc)'!J193=\"\",\"\",INDEX([1]LANE_DIRECTION!$A$2:$A$100,MATCH('AVI Antenna (Desc)'!$J193,[1]!MASTER_LANE_DIRECTION_DESC[#Data],0),0))","v":""}]
[{"$f":"IF('AVI Antenna (Desc)'!B194=\"\",\"\",\"2007\")","v":""},{"$f":"IF('AVI Antenna (Desc)'!E194=\"\",\"\",'AVI Antenna (Desc)'!B194)","v":""},{"$f":"IF('AVI Antenna (Desc)'!C194=\"\",\"\",'AVI Antenna (Desc)'!C194)","v":""},{"$f":"IF('AVI Antenna (Desc)'!D194=\"\",\"\",INDEX([1]ASSET_ID_SOURCE!$A$2:$A$50,MATCH('AVI Antenna (Desc)'!D194,[1]!MASTER_ASSET_ID_SOURCE_DESC,0),0))","v":""},{"$f":"IF('AVI Antenna (Desc)'!F194=\"\",\"\",'AVI Antenna (Desc)'!E194)","v":""},{"$f":"IF('AVI Antenna (Desc)'!F194=\"\",\"\",INDEX([1]ANTENNA_TYPE!$A$2:$A$100,MATCH('AVI Antenna (Desc)'!$F194,[1]!MASTER_ANTENNA_TYPE_DESC[#Data],0),0))","v":""},{"$f":"IF('AVI Antenna (Desc)'!G194=\"\",\"\",INDEX([1]ANTENNA_MANUF!$A$2:$A$100,MATCH('AVI Antenna (Desc)'!$G194,[1]!MASTER_ANTENNA_MANUF_DESC[#Data],0),0))","v":""},{"$f":"IF('AVI Antenna (Desc)'!H194=\"\",\"\",INDEX([1]ANTENNA_MODEL!$A$2:$A$50,MATCH(1,([1]ANTENNA_MODEL!$C$2:$C$50='AVI Antenna (Desc)'!$G194)*([1]ANTENNA_MODEL!$D$2:$D$50='AVI Antenna (Desc)'!$H194),0),0))","v":""},{"$f":"IF('AVI Antenna (Desc)'!I194=\"\",\"\",INDEX([1]LANE_COVERAGE!$A$2:$A$100,MATCH('AVI Antenna (Desc)'!$I194,[1]!MASTER_LANE_COVERAGE_DESC[#Data],0),0))","v":""},{"$f":"IF('AVI Antenna (Desc)'!J194=\"\",\"\",INDEX([1]LANE_DIRECTION!$A$2:$A$100,MATCH('AVI Antenna (Desc)'!$J194,[1]!MASTER_LANE_DIRECTION_DESC[#Data],0),0))","v":""}]
[{"$f":"IF('AVI Antenna (Desc)'!B195=\"\",\"\",\"2007\")","v":""},{"$f":"IF('AVI Antenna (Desc)'!E195=\"\",\"\",'AVI Antenna (Desc)'!B195)","v":""},{"$f":"IF('AVI Antenna (Desc)'!C195=\"\",\"\",'AVI Antenna (Desc)'!C195)","v":""},{"$f":"IF('AVI Antenna (Desc)'!D195=\"\",\"\",INDEX([1]ASSET_ID_SOURCE!$A$2:$A$50,MATCH('AVI Antenna (Desc)'!D195,[1]!MASTER_ASSET_ID_SOURCE_DESC,0),0))","v":""},{"$f":"IF('AVI Antenna (Desc)'!F195=\"\",\"\",'AVI Antenna (Desc)'!E195)","v":""},{"$f":"IF('AVI Antenna (Desc)'!F195=\"\",\"\",INDEX([1]ANTENNA_TYPE!$A$2:$A$100,MATCH('AVI Antenna (Desc)'!$F195,[1]!MASTER_ANTENNA_TYPE_DESC[#Data],0),0))","v":""},{"$f":"IF('AVI Antenna (Desc)'!G195=\"\",\"\",INDEX([1]ANTENNA_MANUF!$A$2:$A$100,MATCH('AVI Antenna (Desc)'!$G195,[1]!MASTER_ANTENNA_MANUF_DESC[#Data],0),0))","v":""},{"$f":"IF('AVI Antenna (Desc)'!H195=\"\",\"\",INDEX([1]ANTENNA_MODEL!$A$2:$A$50,MATCH(1,([1]ANTENNA_MODEL!$C$2:$C$50='AVI Antenna (Desc)'!$G195)*([1]ANTENNA_MODEL!$D$2:$D$50='AVI Antenna (Desc)'!$H195),0),0))","v":""},{"$f":"IF('AVI Antenna (Desc)'!I195=\"\",\"\",INDEX([1]LANE_COVERAGE!$A$2:$A$100,MATCH('AVI Antenna (Desc)'!$I195,[1]!MASTER_LANE_COVERAGE_DESC[#Data],0),0))","v":""},{"$f":"IF('AVI Antenna (Desc)'!J195=\"\",\"\",INDEX([1]LANE_DIRECTION!$A$2:$A$100,MATCH('AVI Antenna (Desc)'!$J195,[1]!MASTER_LANE_DIRECTION_DESC[#Data],0),0))","v":""}]
[{"$f":"IF('AVI Antenna (Desc)'!B196=\"\",\"\",\"2007\")","v":""},{"$f":"IF('AVI Antenna (Desc)'!E196=\"\",\"\",'AVI Antenna (Desc)'!B196)","v":""},{"$f":"IF('AVI Antenna (Desc)'!C196=\"\",\"\",'AVI Antenna (Desc)'!C196)","v":""},{"$f":"IF('AVI Antenna (Desc)'!D196=\"\",\"\",INDEX([1]ASSET_ID_SOURCE!$A$2:$A$50,MATCH('AVI Antenna (Desc)'!D196,[1]!MASTER_ASSET_ID_SOURCE_DESC,0),0))","v":""},{"$f":"IF('AVI Antenna (Desc)'!F196=\"\",\"\",'AVI Antenna (Desc)'!E196)","v":""},{"$f":"IF('AVI Antenna (Desc)'!F196=\"\",\"\",INDEX([1]ANTENNA_TYPE!$A$2:$A$100,MATCH('AVI Antenna (Desc)'!$F196,[1]!MASTER_ANTENNA_TYPE_DESC[#Data],0),0))","v":""},{"$f":"IF('AVI Antenna (Desc)'!G196=\"\",\"\",INDEX([1]ANTENNA_MANUF!$A$2:$A$100,MATCH('AVI Antenna (Desc)'!$G196,[1]!MASTER_ANTENNA_MANUF_DESC[#Data],0),0))","v":""},{"$f":"IF('AVI Antenna (Desc)'!H196=\"\",\"\",INDEX([1]ANTENNA_MODEL!$A$2:$A$50,MATCH(1,([1]ANTENNA_MODEL!$C$2:$C$50='AVI Antenna (Desc)'!$G196)*([1]ANTENNA_MODEL!$D$2:$D$50='AVI Antenna (Desc)'!$H196),0),0))","v":""},{"$f":"IF('AVI Antenna (Desc)'!I196=\"\",\"\",INDEX([1]LANE_COVERAGE!$A$2:$A$100,MATCH('AVI Antenna (Desc)'!$I196,[1]!MASTER_LANE_COVERAGE_DESC[#Data],0),0))","v":""},{"$f":"IF('AVI Antenna (Desc)'!J196=\"\",\"\",INDEX([1]LANE_DIRECTION!$A$2:$A$100,MATCH('AVI Antenna (Desc)'!$J196,[1]!MASTER_LANE_DIRECTION_DESC[#Data],0),0))","v":""}]
[{"$f":"IF('AVI Antenna (Desc)'!B197=\"\",\"\",\"2007\")","v":""},{"$f":"IF('AVI Antenna (Desc)'!E197=\"\",\"\",'AVI Antenna (Desc)'!B197)","v":""},{"$f":"IF('AVI Antenna (Desc)'!C197=\"\",\"\",'AVI Antenna (Desc)'!C197)","v":""},{"$f":"IF('AVI Antenna (Desc)'!D197=\"\",\"\",INDEX([1]ASSET_ID_SOURCE!$A$2:$A$50,MATCH('AVI Antenna (Desc)'!D197,[1]!MASTER_ASSET_ID_SOURCE_DESC,0),0))","v":""},{"$f":"IF('AVI Antenna (Desc)'!F197=\"\",\"\",'AVI Antenna (Desc)'!E197)","v":""},{"$f":"IF('AVI Antenna (Desc)'!F197=\"\",\"\",INDEX([1]ANTENNA_TYPE!$A$2:$A$100,MATCH('AVI Antenna (Desc)'!$F197,[1]!MASTER_ANTENNA_TYPE_DESC[#Data],0),0))","v":""},{"$f":"IF('AVI Antenna (Desc)'!G197=\"\",\"\",INDEX([1]ANTENNA_MANUF!$A$2:$A$100,MATCH('AVI Antenna (Desc)'!$G197,[1]!MASTER_ANTENNA_MANUF_DESC[#Data],0),0))","v":""},{"$f":"IF('AVI Antenna (Desc)'!H197=\"\",\"\",INDEX([1]ANTENNA_MODEL!$A$2:$A$50,MATCH(1,([1]ANTENNA_MODEL!$C$2:$C$50='AVI Antenna (Desc)'!$G197)*([1]ANTENNA_MODEL!$D$2:$D$50='AVI Antenna (Desc)'!$H197),0),0))","v":""},{"$f":"IF('AVI Antenna (Desc)'!I197=\"\",\"\",INDEX([1]LANE_COVERAGE!$A$2:$A$100,MATCH('AVI Antenna (Desc)'!$I197,[1]!MASTER_LANE_COVERAGE_DESC[#Data],0),0))","v":""},{"$f":"IF('AVI Antenna (Desc)'!J197=\"\",\"\",INDEX([1]LANE_DIRECTION!$A$2:$A$100,MATCH('AVI Antenna (Desc)'!$J197,[1]!MASTER_LANE_DIRECTION_DESC[#Data],0),0))","v":""}]
[{"$f":"IF('AVI Antenna (Desc)'!B198=\"\",\"\",\"2007\")","v":""},{"$f":"IF('AVI Antenna (Desc)'!E198=\"\",\"\",'AVI Antenna (Desc)'!B198)","v":""},{"$f":"IF('AVI Antenna (Desc)'!C198=\"\",\"\",'AVI Antenna (Desc)'!C198)","v":""},{"$f":"IF('AVI Antenna (Desc)'!D198=\"\",\"\",INDEX([1]ASSET_ID_SOURCE!$A$2:$A$50,MATCH('AVI Antenna (Desc)'!D198,[1]!MASTER_ASSET_ID_SOURCE_DESC,0),0))","v":""},{"$f":"IF('AVI Antenna (Desc)'!F198=\"\",\"\",'AVI Antenna (Desc)'!E198)","v":""},{"$f":"IF('AVI Antenna (Desc)'!F198=\"\",\"\",INDEX([1]ANTENNA_TYPE!$A$2:$A$100,MATCH('AVI Antenna (Desc)'!$F198,[1]!MASTER_ANTENNA_TYPE_DESC[#Data],0),0))","v":""},{"$f":"IF('AVI Antenna (Desc)'!G198=\"\",\"\",INDEX([1]ANTENNA_MANUF!$A$2:$A$100,MATCH('AVI Antenna (Desc)'!$G198,[1]!MASTER_ANTENNA_MANUF_DESC[#Data],0),0))","v":""},{"$f":"IF('AVI Antenna (Desc)'!H198=\"\",\"\",INDEX([1]ANTENNA_MODEL!$A$2:$A$50,MATCH(1,([1]ANTENNA_MODEL!$C$2:$C$50='AVI Antenna (Desc)'!$G198)*([1]ANTENNA_MODEL!$D$2:$D$50='AVI Antenna (Desc)'!$H198),0),0))","v":""},{"$f":"IF('AVI Antenna (Desc)'!I198=\"\",\"\",INDEX([1]LANE_COVERAGE!$A$2:$A$100,MATCH('AVI Antenna (Desc)'!$I198,[1]!MASTER_LANE_COVERAGE_DESC[#Data],0),0))","v":""},{"$f":"IF('AVI Antenna (Desc)'!J198=\"\",\"\",INDEX([1]LANE_DIRECTION!$A$2:$A$100,MATCH('AVI Antenna (Desc)'!$J198,[1]!MASTER_LANE_DIRECTION_DESC[#Data],0),0))","v":""}]
[{"$f":"IF('AVI Antenna (Desc)'!B199=\"\",\"\",\"2007\")","v":""},{"$f":"IF('AVI Antenna (Desc)'!E199=\"\",\"\",'AVI Antenna (Desc)'!B199)","v":""},{"$f":"IF('AVI Antenna (Desc)'!C199=\"\",\"\",'AVI Antenna (Desc)'!C199)","v":""},{"$f":"IF('AVI Antenna (Desc)'!D199=\"\",\"\",INDEX([1]ASSET_ID_SOURCE!$A$2:$A$50,MATCH('AVI Antenna (Desc)'!D199,[1]!MASTER_ASSET_ID_SOURCE_DESC,0),0))","v":""},{"$f":"IF('AVI Antenna (Desc)'!F199=\"\",\"\",'AVI Antenna (Desc)'!E199)","v":""},{"$f":"IF('AVI Antenna (Desc)'!F199=\"\",\"\",INDEX([1]ANTENNA_TYPE!$A$2:$A$100,MATCH('AVI Antenna (Desc)'!$F199,[1]!MASTER_ANTENNA_TYPE_DESC[#Data],0),0))","v":""},{"$f":"IF('AVI Antenna (Desc)'!G199=\"\",\"\",INDEX([1]ANTENNA_MANUF!$A$2:$A$100,MATCH('AVI Antenna (Desc)'!$G199,[1]!MASTER_ANTENNA_MANUF_DESC[#Data],0),0))","v":""},{"$f":"IF('AVI Antenna (Desc)'!H199=\"\",\"\",INDEX([1]ANTENNA_MODEL!$A$2:$A$50,MATCH(1,([1]ANTENNA_MODEL!$C$2:$C$50='AVI Antenna (Desc)'!$G199)*([1]ANTENNA_MODEL!$D$2:$D$50='AVI Antenna (Desc)'!$H199),0),0))","v":""},{"$f":"IF('AVI Antenna (Desc)'!I199=\"\",\"\",INDEX([1]LANE_COVERAGE!$A$2:$A$100,MATCH('AVI Antenna (Desc)'!$I199,[1]!MASTER_LANE_COVERAGE_DESC[#Data],0),0))","v":""},{"$f":"IF('AVI Antenna (Desc)'!J199=\"\",\"\",INDEX([1]LANE_DIRECTION!$A$2:$A$100,MATCH('AVI Antenna (Desc)'!$J199,[1]!MASTER_LANE_DIRECTION_DESC[#Data],0),0))","v":""}]
[{"$f":"IF('AVI Antenna (Desc)'!B200=\"\",\"\",\"2007\")","v":""},{"$f":"IF('AVI Antenna (Desc)'!E200=\"\",\"\",'AVI Antenna (Desc)'!B200)","v":""},{"$f":"IF('AVI Antenna (Desc)'!C200=\"\",\"\",'AVI Antenna (Desc)'!C200)","v":""},{"$f":"IF('AVI Antenna (Desc)'!D200=\"\",\"\",INDEX([1]ASSET_ID_SOURCE!$A$2:$A$50,MATCH('AVI Antenna (Desc)'!D200,[1]!MASTER_ASSET_ID_SOURCE_DESC,0),0))","v":""},{"$f":"IF('AVI Antenna (Desc)'!F200=\"\",\"\",'AVI Antenna (Desc)'!E200)","v":""},{"$f":"IF('AVI Antenna (Desc)'!F200=\"\",\"\",INDEX([1]ANTENNA_TYPE!$A$2:$A$100,MATCH('AVI Antenna (Desc)'!$F200,[1]!MASTER_ANTENNA_TYPE_DESC[#Data],0),0))","v":""},{"$f":"IF('AVI Antenna (Desc)'!G200=\"\",\"\",INDEX([1]ANTENNA_MANUF!$A$2:$A$100,MATCH('AVI Antenna (Desc)'!$G200,[1]!MASTER_ANTENNA_MANUF_DESC[#Data],0),0))","v":""},{"$f":"IF('AVI Antenna (Desc)'!H200=\"\",\"\",INDEX([1]ANTENNA_MODEL!$A$2:$A$50,MATCH(1,([1]ANTENNA_MODEL!$C$2:$C$50='AVI Antenna (Desc)'!$G200)*([1]ANTENNA_MODEL!$D$2:$D$50='AVI Antenna (Desc)'!$H200),0),0))","v":""},{"$f":"IF('AVI Antenna (Desc)'!I200=\"\",\"\",INDEX([1]LANE_COVERAGE!$A$2:$A$100,MATCH('AVI Antenna (Desc)'!$I200,[1]!MASTER_LANE_COVERAGE_DESC[#Data],0),0))","v":""},{"$f":"IF('AVI Antenna (Desc)'!J200=\"\",\"\",INDEX([1]LANE_DIRECTION!$A$2:$A$100,MATCH('AVI Antenna (Desc)'!$J200,[1]!MASTER_LANE_DIRECTION_DESC[#Data],0),0))","v":""}]
[{"$f":"IF('AVI Antenna (Desc)'!B201=\"\",\"\",\"2007\")","v":""},{"$f":"IF('AVI Antenna (Desc)'!E201=\"\",\"\",'AVI Antenna (Desc)'!B201)","v":""},{"$f":"IF('AVI Antenna (Desc)'!C201=\"\",\"\",'AVI Antenna (Desc)'!C201)","v":""},{"$f":"IF('AVI Antenna (Desc)'!D201=\"\",\"\",INDEX([1]ASSET_ID_SOURCE!$A$2:$A$50,MATCH('AVI Antenna (Desc)'!D201,[1]!MASTER_ASSET_ID_SOURCE_DESC,0),0))","v":""},{"$f":"IF('AVI Antenna (Desc)'!F201=\"\",\"\",'AVI Antenna (Desc)'!E201)","v":""},{"$f":"IF('AVI Antenna (Desc)'!F201=\"\",\"\",INDEX([1]ANTENNA_TYPE!$A$2:$A$100,MATCH('AVI Antenna (Desc)'!$F201,[1]!MASTER_ANTENNA_TYPE_DESC[#Data],0),0))","v":""},{"$f":"IF('AVI Antenna (Desc)'!G201=\"\",\"\",INDEX([1]ANTENNA_MANUF!$A$2:$A$100,MATCH('AVI Antenna (Desc)'!$G201,[1]!MASTER_ANTENNA_MANUF_DESC[#Data],0),0))","v":""},{"$f":"IF('AVI Antenna (Desc)'!H201=\"\",\"\",INDEX([1]ANTENNA_MODEL!$A$2:$A$50,MATCH(1,([1]ANTENNA_MODEL!$C$2:$C$50='AVI Antenna (Desc)'!$G201)*([1]ANTENNA_MODEL!$D$2:$D$50='AVI Antenna (Desc)'!$H201),0),0))","v":""},{"$f":"IF('AVI Antenna (Desc)'!I201=\"\",\"\",INDEX([1]LANE_COVERAGE!$A$2:$A$100,MATCH('AVI Antenna (Desc)'!$I201,[1]!MASTER_LANE_COVERAGE_DESC[#Data],0),0))","v":""},{"$f":"IF('AVI Antenna (Desc)'!J201=\"\",\"\",INDEX([1]LANE_DIRECTION!$A$2:$A$100,MATCH('AVI Antenna (Desc)'!$J201,[1]!MASTER_LANE_DIRECTION_DESC[#Data],0),0))","v":""}]
[{"$f":"IF('AVI Antenna (Desc)'!B202=\"\",\"\",\"2007\")","v":""},{"$f":"IF('AVI Antenna (Desc)'!E202=\"\",\"\",'AVI Antenna (Desc)'!B202)","v":""},{"$f":"IF('AVI Antenna (Desc)'!C202=\"\",\"\",'AVI Antenna (Desc)'!C202)","v":""},{"$f":"IF('AVI Antenna (Desc)'!D202=\"\",\"\",INDEX([1]ASSET_ID_SOURCE!$A$2:$A$50,MATCH('AVI Antenna (Desc)'!D202,[1]!MASTER_ASSET_ID_SOURCE_DESC,0),0))","v":""},{"$f":"IF('AVI Antenna (Desc)'!F202=\"\",\"\",'AVI Antenna (Desc)'!E202)","v":""},{"$f":"IF('AVI Antenna (Desc)'!F202=\"\",\"\",INDEX([1]ANTENNA_TYPE!$A$2:$A$100,MATCH('AVI Antenna (Desc)'!$F202,[1]!MASTER_ANTENNA_TYPE_DESC[#Data],0),0))","v":""},{"$f":"IF('AVI Antenna (Desc)'!G202=\"\",\"\",INDEX([1]ANTENNA_MANUF!$A$2:$A$100,MATCH('AVI Antenna (Desc)'!$G202,[1]!MASTER_ANTENNA_MANUF_DESC[#Data],0),0))","v":""},{"$f":"IF('AVI Antenna (Desc)'!H202=\"\",\"\",INDEX([1]ANTENNA_MODEL!$A$2:$A$50,MATCH(1,([1]ANTENNA_MODEL!$C$2:$C$50='AVI Antenna (Desc)'!$G202)*([1]ANTENNA_MODEL!$D$2:$D$50='AVI Antenna (Desc)'!$H202),0),0))","v":""},{"$f":"IF('AVI Antenna (Desc)'!I202=\"\",\"\",INDEX([1]LANE_COVERAGE!$A$2:$A$100,MATCH('AVI Antenna (Desc)'!$I202,[1]!MASTER_LANE_COVERAGE_DESC[#Data],0),0))","v":""},{"$f":"IF('AVI Antenna (Desc)'!J202=\"\",\"\",INDEX([1]LANE_DIRECTION!$A$2:$A$100,MATCH('AVI Antenna (Desc)'!$J202,[1]!MASTER_LANE_DIRECTION_DESC[#Data],0),0))","v":""}]